{"id":29811,"date":"2024-12-04T14:33:24","date_gmt":"2024-12-04T12:33:24","guid":{"rendered":"https:\/\/alleegalerii.ee\/?post_type=product&#038;p=29811"},"modified":"2024-12-06T20:34:11","modified_gmt":"2024-12-06T18:34:11","slug":"andro-koop-umber-maailma-2024","status":"publish","type":"product","link":"https:\/\/alleegalerii.ee\/en\/shop\/andro-koop-umber-maailma-2024\/","title":{"rendered":"Andro K\u00f6\u00f6p &#8220;\u00dcmber maailma&#8221;, 2024"},"content":{"rendered":"","protected":false},"excerpt":{"rendered":"<p>\u00d5li belgia linasel l\u00f5uendil. Raamitud.<\/p>\n<p>M\u00f5\u00f5dud: 64 x 37 cm.<\/p>\n<p class=\"p1\">Teos on eksponeeritud Andro K\u00f6\u00f6bi isikun\u00e4itusel \u201cR\u00f5\u00f5m\u201d Allee galeriis 5.12-21.12.<\/p>\n","protected":false},"featured_media":29969,"template":"","meta":{"_acf_changed":false},"product_brand":[],"product_cat":[415,56,59],"product_tag":[60],"class_list":{"0":"post-29811","1":"product","2":"type-product","3":"status-publish","4":"has-post-thumbnail","6":"product_cat-maal","7":"product_cat-olimaal","8":"product_cat-e-pood","9":"product_tag-e-pood","11":"first","12":"instock","13":"sold-individually","14":"shipping-taxable","15":"purchasable","16":"product-type-simple"},"acf":[],"_links":{"self":[{"href":"https:\/\/alleegalerii.ee\/en\/wp-json\/wp\/v2\/product\/29811","targetHints":{"allow":["GET"]}}],"collection":[{"href":"https:\/\/alleegalerii.ee\/en\/wp-json\/wp\/v2\/product"}],"about":[{"href":"https:\/\/alleegalerii.ee\/en\/wp-json\/wp\/v2\/types\/product"}],"wp:featuredmedia":[{"embeddable":true,"href":"https:\/\/alleegalerii.ee\/en\/wp-json\/wp\/v2\/media\/29969"}],"wp:attachment":[{"href":"https:\/\/alleegalerii.ee\/en\/wp-json\/wp\/v2\/media?parent=29811"}],"wp:term":[{"taxonomy":"product_brand","embeddable":true,"href":"https:\/\/alleegalerii.ee\/en\/wp-json\/wp\/v2\/product_brand?post=29811"},{"taxonomy":"product_cat","embeddable":true,"href":"https:\/\/alleegalerii.ee\/en\/wp-json\/wp\/v2\/product_cat?post=29811"},{"taxonomy":"product_tag","embeddable":true,"href":"https:\/\/alleegalerii.ee\/en\/wp-json\/wp\/v2\/product_tag?post=29811"}],"curies":[{"name":"wp","href":"https:\/\/api.w.org\/{rel}","templated":true}]}}

Andro Kööp &#8220;Ümber maailma&#8221;, 2024

<p>Õli belgia linasel lõuendil. Raamitud.</p>
<p>Mõõdud: 64 x 37 cm.</p>
<p class="p1">Teos on eksponeeritud Andro Kööbi isikunäitusel “Rõõm” Allee galeriis 5.12-21.12.</p>
