{"id":8876,"date":"2022-10-06T23:52:17","date_gmt":"2022-10-06T20:52:17","guid":{"rendered":"https:\/\/alleegalerii.ee\/?post_type=portfolio&#038;p=8876"},"modified":"2022-11-05T19:31:31","modified_gmt":"2022-11-05T17:31:31","slug":"kristjan-teder-daaliad-aknal-1947-821-x-1002-cm","status":"publish","type":"portfolio","link":"https:\/\/alleegalerii.ee\/en\/art-auctions\/kristjan-teder-daaliad-aknal-1947-821-x-1002-cm\/","title":{"rendered":"Kristjan Teder &#8220;Daaliad aknal&#8221;, 1947. 82,1 x 100,2 cm."},"content":{"rendered":"<div class=\"wpb-content-wrapper\"><p>[vc_row equal_height=&#8221;yes&#8221; mobile_bg_img_hidden=&#8221;no&#8221; tablet_bg_img_hidden=&#8221;no&#8221; woodmart_parallax=&#8221;0&#8243; woodmart_gradient_switch=&#8221;no&#8221; row_reverse_mobile=&#8221;0&#8243; row_reverse_tablet=&#8221;0&#8243; woodmart_disable_overflow=&#8221;0&#8243;][vc_column width=&#8221;2\/3&#8243;][vc_video link=&#8221;https:\/\/www.youtube.com\/watch?v=4gevpQn965A&#8221; image_poster_switch=&#8221;no&#8221;][vc_single_image image=&#8221;8877&#8243; img_size=&#8221;full&#8221; woodmart_inline=&#8221;no&#8221; parallax_scroll=&#8221;no&#8221;][vc_single_image image=&#8221;8875&#8243; img_size=&#8221;full&#8221; woodmart_inline=&#8221;no&#8221; parallax_scroll=&#8221;no&#8221;][vc_single_image image=&#8221;8878&#8243; img_size=&#8221;full&#8221; woodmart_inline=&#8221;no&#8221; parallax_scroll=&#8221;no&#8221;][vc_single_image image=&#8221;8879&#8243; img_size=&#8221;full&#8221; woodmart_inline=&#8221;no&#8221; parallax_scroll=&#8221;no&#8221;][vc_single_image image=&#8221;8880&#8243; img_size=&#8221;full&#8221; woodmart_inline=&#8221;no&#8221; parallax_scroll=&#8221;no&#8221;][\/vc_column][vc_column width=&#8221;1\/3&#8243; mobile_bg_img_hidden=&#8221;no&#8221; tablet_bg_img_hidden=&#8221;no&#8221; woodmart_parallax=&#8221;0&#8243; woodmart_sticky_column=&#8221;true&#8221; parallax_scroll=&#8221;no&#8221; mobile_reset_margin=&#8221;no&#8221; tablet_reset_margin=&#8221;no&#8221;][vc_column_text text_larger=&#8221;yes&#8221; css=&#8221;.vc_custom_1665089114315{margin-bottom: 0px !important;}&#8221; woodmart_inline=&#8221;no&#8221;]<\/p>\n<h2 style=\"font-size: 35px;\">Kristjan Teder &#8220;Daaliad aknal&#8221;<\/h2>\n<p>[\/vc_column_text][vc_custom_heading text=&#8221;S\u00dcGISOKSJON 2022<\/p>\n<p>\u00d5li l\u00f5uendil. 1947<br \/>\nAll paremal: Kristjan Teder, 1947.&#8221; font_container=&#8221;tag:h5|text_align:left&#8221; use_theme_fonts=&#8221;yes&#8221;][vc_column_text text_larger=&#8221;no&#8221;][\/vc_column_text][vc_column_text text_larger=&#8221;no&#8221; woodmart_inline=&#8221;no&#8221;]<\/p>\n<table>\n<tbody>\n<tr>\n<th>M\u00f5\u00f5dud<\/th>\n<td style=\"text-align: right;\">82,1 x 100,2 cm<\/td>\n<\/tr>\n<tr>\n<th>Alghind<\/th>\n<td style=\"text-align: right;\">12 600 EUR<\/td>\n<\/tr>\n<\/tbody>\n<\/table>\n<p>[\/vc_column_text][vc_column_text text_larger=&#8221;no&#8221; woodmart_inline=&#8221;no&#8221;]Kui Johannes V\u00f5erahansu ja Elmar Kitse jaoks oli suurimaks kireks lisaks kunstile muusika, siis Kristjan Tedre (1901-1960) armastus botaanika ja aianduse vastu v\u00e4ljendus s\u00fcnergilistes, v\u00e4rvide looduslikku s\u00fcmfooniat \u00fclistavais maalides. 1930-ndate keskel lisandus Tedre k\u00e4ekirja \u00f5hulisust ja valgust ning nii polnud sugugi juhuslik, et kunstnik oma s\u00e4rava kolorismi t\u00f5ttu silma j\u00e4i. Seet\u00f5ttu \u00f5nnestus tal osaleda ka kuulsal kuue kunstniku n\u00e4itusel Kunstihoones 1939. aastal Adamson-Ericu, Aleksander Vardi, Jaan Gr\u00fcnbergi, Karl P\u00e4rsim\u00e4e ja Kaarel Liimandi k\u00f5rval.<\/p>\n<p>Eesti kliimasse h\u00e4sti sobivaid daaliaid on Konrad M\u00e4e k\u00e4e all kunstiteadmisi ammutanud ja end hiljem Euroopas t\u00e4iendanud Teder maalinud varemgi. Enamus neist olid tema enda kasvatatud ja seel\u00e4bi kajastavad need v\u00f5imsad taimed korraga nii s\u00fcvenemist taimede kasvatamisse kui nende ilu nautimise hingeellu.[\/vc_column_text][\/vc_column][\/vc_row]<\/p>\n<\/div>","protected":false},"excerpt":{"rendered":"<p>[vc_row equal_height=&#8221;yes&#8221; mobile_bg_img_hidden=&#8221;no&#8221; tablet_bg_img_hidden=&#8221;no&#8221; woodmart_parallax=&#8221;0&#8243; woodmart_gradient_switch=&#8221;no&#8221; row_reverse_mobile=&#8221;0&#8243; row_reverse_tablet=&#8221;0&#8243; woodmart_disable_overflow=&#8221;0&#8243;][vc_column width=&#8221;2\/3&#8243;][vc_video link=&#8221;https:\/\/www.youtube.com\/watch?v=4gevpQn965A&#8221; image_poster_switch=&#8221;no&#8221;][vc_single_image image=&#8221;8877&#8243; img_size=&#8221;full&#8221; woodmart_inline=&#8221;no&#8221; parallax_scroll=&#8221;no&#8221;][vc_single_image image=&#8221;8875&#8243; img_size=&#8221;full&#8221; woodmart_inline=&#8221;no&#8221; parallax_scroll=&#8221;no&#8221;][vc_single_image<\/p>\n","protected":false},"featured_media":8877,"menu_order":1497,"comment_status":"closed","ping_status":"closed","template":"","project-cat":[83],"class_list":["post-8876","portfolio","type-portfolio","status-publish","has-post-thumbnail","hentry","project-cat-sugisoksjon-2022"],"acf":[],"_links":{"self":[{"href":"https:\/\/alleegalerii.ee\/en\/wp-json\/wp\/v2\/portfolio\/8876","targetHints":{"allow":["GET"]}}],"collection":[{"href":"https:\/\/alleegalerii.ee\/en\/wp-json\/wp\/v2\/portfolio"}],"about":[{"href":"https:\/\/alleegalerii.ee\/en\/wp-json\/wp\/v2\/types\/portfolio"}],"replies":[{"embeddable":true,"href":"https:\/\/alleegalerii.ee\/en\/wp-json\/wp\/v2\/comments?post=8876"}],"wp:featuredmedia":[{"embeddable":true,"href":"https:\/\/alleegalerii.ee\/en\/wp-json\/wp\/v2\/media\/8877"}],"wp:attachment":[{"href":"https:\/\/alleegalerii.ee\/en\/wp-json\/wp\/v2\/media?parent=8876"}],"wp:term":[{"taxonomy":"project-cat","embeddable":true,"href":"https:\/\/alleegalerii.ee\/en\/wp-json\/wp\/v2\/project-cat?post=8876"}],"curies":[{"name":"wp","href":"https:\/\/api.w.org\/{rel}","templated":true}]}}

<div class="wpb-content-wrapper"><p>[vc_row equal_height=&#8221;yes&#8221; mobile_bg_img_hidden=&#8221;no&#8221; tablet_bg_img_hidden=&#8221;no&#8221; woodmart_parallax=&#8221;0&#8243; woodmart_gradient_switch=&#8221;no&#8221; row_reverse_mobile=&#8221;0&#8243; row_reverse_tablet=&#8221;0&#8243; woodmart_disable_overflow=&#8221;0&#8243;][vc_column width=&#8221;2/3&#8243;][vc_video link=&#8221;https://www.youtube.com/watch?v=4gevpQn965A&#8221; image_poster_switch=&#8221;no&#8221;][vc_single_image image=&#8221;8877&#8243; img_size=&#8221;full&#8221; woodmart_inline=&#8221;no&#8221; parallax_scroll=&#8221;no&#8221;][vc_single_image image=&#8221;8875&#8243; img_size=&#8221;full&#8221; woodmart_inline=&#8221;no&#8221; parallax_scroll=&#8221;no&#8221;][vc_single_image image=&#8221;8878&#8243; img_size=&#8221;full&#8221; woodmart_inline=&#8221;no&#8221; parallax_scroll=&#8221;no&#8221;][vc_single_image image=&#8221;8879&#8243; img_size=&#8221;full&#8221; woodmart_inline=&#8221;no&#8221; parallax_scroll=&#8221;no&#8221;][vc_single_image image=&#8221;8880&#8243; img_size=&#8221;full&#8221; woodmart_inline=&#8221;no&#8221; parallax_scroll=&#8221;no&#8221;][/vc_column][vc_column width=&#8221;1/3&#8243; mobile_bg_img_hidden=&#8221;no&#8221; tablet_bg_img_hidden=&#8221;no&#8221; woodmart_parallax=&#8221;0&#8243; woodmart_sticky_column=&#8221;true&#8221; parallax_scroll=&#8221;no&#8221; mobile_reset_margin=&#8221;no&#8221; tablet_reset_margin=&#8221;no&#8221;][vc_column_text text_larger=&#8221;yes&#8221; css=&#8221;.vc_custom_1665089114315{margin-bottom: 0px !important;}&#8221; woodmart_inline=&#8221;no&#8221;]</p>
<h2 style="font-size: 35px;">Kristjan Teder &#8220;Daaliad aknal&#8221;</h2>
<p>[/vc_column_text][vc_custom_heading text=&#8221;SÜGISOKSJON 2022</p>
<p>Õli lõuendil. 1947<br />
All paremal: Kristjan Teder, 1947.&#8221; font_container=&#8221;tag:h5|text_align:left&#8221; use_theme_fonts=&#8221;yes&#8221;][vc_column_text text_larger=&#8221;no&#8221;][/vc_column_text][vc_column_text text_larger=&#8221;no&#8221; woodmart_inline=&#8221;no&#8221;]</p>
<table>
<tbody>
<tr>
<th>Mõõdud</th>
<td style="text-align: right;">82,1 x 100,2 cm</td>
</tr>
<tr>
<th>Alghind</th>
<td style="text-align: right;">12 600 EUR</td>
</tr>
</tbody>
</table>
<p>[/vc_column_text][vc_column_text text_larger=&#8221;no&#8221; woodmart_inline=&#8221;no&#8221;]Kui Johannes Võerahansu ja Elmar Kitse jaoks oli suurimaks kireks lisaks kunstile muusika, siis Kristjan Tedre (1901-1960) armastus botaanika ja aianduse vastu väljendus sünergilistes, värvide looduslikku sümfooniat ülistavais maalides. 1930-ndate keskel lisandus Tedre käekirja õhulisust ja valgust ning nii polnud sugugi juhuslik, et kunstnik oma särava kolorismi tõttu silma jäi. Seetõttu õnnestus tal osaleda ka kuulsal kuue kunstniku näitusel Kunstihoones 1939. aastal Adamson-Ericu, Aleksander Vardi, Jaan Grünbergi, Karl Pärsimäe ja Kaarel Liimandi kõrval.</p>
<p>Eesti kliimasse hästi sobivaid daaliaid on Konrad Mäe käe all kunstiteadmisi ammutanud ja end hiljem Euroopas täiendanud Teder maalinud varemgi. Enamus neist olid tema enda kasvatatud ja seeläbi kajastavad need võimsad taimed korraga nii süvenemist taimede kasvatamisse kui nende ilu nautimise hingeellu.[/vc_column_text][/vc_column][/vc_row]</p>
</div>
