{"id":8617,"date":"2022-09-29T23:12:22","date_gmt":"2022-09-29T20:12:22","guid":{"rendered":"https:\/\/alleegalerii.ee\/?post_type=portfolio&#038;p=8617"},"modified":"2022-10-15T20:09:45","modified_gmt":"2022-10-15T17:09:45","slug":"marje-uksine-asjad-hommage-a-giorgio-morandi-1983-plm-46-x-505-cm","status":"publish","type":"portfolio","link":"https:\/\/alleegalerii.ee\/en\/art-auctions\/marje-uksine-asjad-hommage-a-giorgio-morandi-1983-plm-46-x-505-cm\/","title":{"rendered":"Marje \u00dcksine &#8220;Asjad. Hommage a Giorgio Morandi&#8221;, 1983. Plm 46 x 50,5 cm."},"content":{"rendered":"<div class=\"wpb-content-wrapper\"><p>[vc_row equal_height=&#8221;yes&#8221; mobile_bg_img_hidden=&#8221;no&#8221; tablet_bg_img_hidden=&#8221;no&#8221; woodmart_parallax=&#8221;0&#8243; woodmart_gradient_switch=&#8221;no&#8221; row_reverse_mobile=&#8221;0&#8243; row_reverse_tablet=&#8221;0&#8243; woodmart_disable_overflow=&#8221;0&#8243;][vc_column width=&#8221;2\/3&#8243;][vc_single_image image=&#8221;8418&#8243; img_size=&#8221;full&#8221; woodmart_inline=&#8221;no&#8221; parallax_scroll=&#8221;no&#8221;][vc_single_image image=&#8221;8419&#8243; img_size=&#8221;full&#8221; woodmart_inline=&#8221;no&#8221; parallax_scroll=&#8221;no&#8221;][vc_single_image image=&#8221;8666&#8243; img_size=&#8221;full&#8221; woodmart_inline=&#8221;no&#8221; parallax_scroll=&#8221;no&#8221;][\/vc_column][vc_column width=&#8221;1\/3&#8243; mobile_bg_img_hidden=&#8221;no&#8221; tablet_bg_img_hidden=&#8221;no&#8221; woodmart_parallax=&#8221;0&#8243; woodmart_sticky_column=&#8221;true&#8221; parallax_scroll=&#8221;no&#8221; mobile_reset_margin=&#8221;no&#8221; tablet_reset_margin=&#8221;no&#8221;][vc_column_text text_larger=&#8221;yes&#8221; css=&#8221;.vc_custom_1664402702853{margin-bottom: 0px !important;}&#8221; woodmart_inline=&#8221;no&#8221;]<\/p>\n<h2 style=\"font-size: 35px;\">Marje \u00dcksine &#8220;Asjad. Hommage a Giorgio Morandi&#8221;<\/h2>\n<p>[\/vc_column_text][vc_custom_heading text=&#8221;GRAAFIKA S\u00dcGISOKSJON 2022<\/p>\n<p>Kuivn\u00f5el, akvatinta. 1983.<br \/>\nAll vasakul: &#8220;Asjad. Hommage a Giorgio Morandi&#8220;<br \/>\nAll keskel: (kuivn\u00f5el, akvatinta) 15\/20<br \/>\nAll paremal: M. \u00dcksine 1983&#8243; font_container=&#8221;tag:h5|text_align:left&#8221; use_theme_fonts=&#8221;yes&#8221;][vc_column_text text_larger=&#8221;no&#8221;][\/vc_column_text][vc_column_text text_larger=&#8221;no&#8221; woodmart_inline=&#8221;no&#8221;]<\/p>\n<table>\n<tbody>\n<tr>\n<th>M\u00f5\u00f5dud<\/th>\n<td style=\"text-align: right;\">Plm 45,2 x 49,6 cm<\/td>\n<\/tr>\n<tr>\n<th>Alghind<\/th>\n<td style=\"text-align: right;\">\u00a0700 EUR<\/td>\n<\/tr>\n<\/tbody>\n<\/table>\n<p>[\/vc_column_text][vc_column_text text_larger=&#8221;no&#8221; woodmart_inline=&#8221;no&#8221;]<\/p>\n<table>\n<tbody>\n<tr>\n<th style=\"text-align: left;\">Pakkumisi<\/th>\n<td style=\"text-align: right;\">4<\/td>\n<\/tr>\n<tr>\n<th>Haamrihind<\/th>\n<td style=\"text-align: right;\">850 EUR<\/td>\n<\/tr>\n<\/tbody>\n<\/table>\n<p>[\/vc_column_text][vc_column_text text_larger=&#8221;no&#8221; woodmart_inline=&#8221;no&#8221;]<span style=\"font-weight: 400;\">Marje \u00dcksine (s 1945) poetiseerib teoses \u201eAsjad. Hommage a Giorgio Morandi\u201c armastatud Tallinna vanalinna, lisades \u00fchtlasi austusavalduse kuulsale Itaalia kunstnikule, nat\u00fc\u00fcrmortide meistrile Morandile. Tuues sarnaselt itaallasele v\u00e4lja lihtsavormiliste vaaside puhta ilu ning komponeerides neid supermatismile viitavate mustade pindadega, loob kunstnik dialoogi realismi ja abstraktsionismi vahel.\u00a0<\/span><\/p>\n<p><span style=\"font-weight: 400;\">Teos kuulub Eesti Kunstimuuseumi graafikakollektsiooni.<\/span>[\/vc_column_text][\/vc_column][\/vc_row]<\/p>\n<\/div>","protected":false},"excerpt":{"rendered":"<p>[vc_row equal_height=&#8221;yes&#8221; mobile_bg_img_hidden=&#8221;no&#8221; tablet_bg_img_hidden=&#8221;no&#8221; woodmart_parallax=&#8221;0&#8243; woodmart_gradient_switch=&#8221;no&#8221; row_reverse_mobile=&#8221;0&#8243; row_reverse_tablet=&#8221;0&#8243; woodmart_disable_overflow=&#8221;0&#8243;][vc_column width=&#8221;2\/3&#8243;][vc_single_image image=&#8221;8418&#8243; img_size=&#8221;full&#8221; woodmart_inline=&#8221;no&#8221; parallax_scroll=&#8221;no&#8221;][vc_single_image image=&#8221;8419&#8243; img_size=&#8221;full&#8221; woodmart_inline=&#8221;no&#8221; parallax_scroll=&#8221;no&#8221;][vc_single_image image=&#8221;8666&#8243; img_size=&#8221;full&#8221;<\/p>\n","protected":false},"featured_media":8419,"menu_order":1620,"comment_status":"closed","ping_status":"closed","template":"","project-cat":[86],"class_list":["post-8617","portfolio","type-portfolio","status-publish","has-post-thumbnail","hentry","project-cat-graafika-sugisoksjon-2022"],"acf":[],"_links":{"self":[{"href":"https:\/\/alleegalerii.ee\/en\/wp-json\/wp\/v2\/portfolio\/8617","targetHints":{"allow":["GET"]}}],"collection":[{"href":"https:\/\/alleegalerii.ee\/en\/wp-json\/wp\/v2\/portfolio"}],"about":[{"href":"https:\/\/alleegalerii.ee\/en\/wp-json\/wp\/v2\/types\/portfolio"}],"replies":[{"embeddable":true,"href":"https:\/\/alleegalerii.ee\/en\/wp-json\/wp\/v2\/comments?post=8617"}],"wp:featuredmedia":[{"embeddable":true,"href":"https:\/\/alleegalerii.ee\/en\/wp-json\/wp\/v2\/media\/8419"}],"wp:attachment":[{"href":"https:\/\/alleegalerii.ee\/en\/wp-json\/wp\/v2\/media?parent=8617"}],"wp:term":[{"taxonomy":"project-cat","embeddable":true,"href":"https:\/\/alleegalerii.ee\/en\/wp-json\/wp\/v2\/project-cat?post=8617"}],"curies":[{"name":"wp","href":"https:\/\/api.w.org\/{rel}","templated":true}]}}

Marje Üksine &#8220;Asjad. Hommage a Giorgio Morandi&#8221;, 1983. Plm 46 x 50,5 cm.

<div class="wpb-content-wrapper"><p>[vc_row equal_height=&#8221;yes&#8221; mobile_bg_img_hidden=&#8221;no&#8221; tablet_bg_img_hidden=&#8221;no&#8221; woodmart_parallax=&#8221;0&#8243; woodmart_gradient_switch=&#8221;no&#8221; row_reverse_mobile=&#8221;0&#8243; row_reverse_tablet=&#8221;0&#8243; woodmart_disable_overflow=&#8221;0&#8243;][vc_column width=&#8221;2/3&#8243;][vc_single_image image=&#8221;8418&#8243; img_size=&#8221;full&#8221; woodmart_inline=&#8221;no&#8221; parallax_scroll=&#8221;no&#8221;][vc_single_image image=&#8221;8419&#8243; img_size=&#8221;full&#8221; woodmart_inline=&#8221;no&#8221; parallax_scroll=&#8221;no&#8221;][vc_single_image image=&#8221;8666&#8243; img_size=&#8221;full&#8221; woodmart_inline=&#8221;no&#8221; parallax_scroll=&#8221;no&#8221;][/vc_column][vc_column width=&#8221;1/3&#8243; mobile_bg_img_hidden=&#8221;no&#8221; tablet_bg_img_hidden=&#8221;no&#8221; woodmart_parallax=&#8221;0&#8243; woodmart_sticky_column=&#8221;true&#8221; parallax_scroll=&#8221;no&#8221; mobile_reset_margin=&#8221;no&#8221; tablet_reset_margin=&#8221;no&#8221;][vc_column_text text_larger=&#8221;yes&#8221; css=&#8221;.vc_custom_1664402702853{margin-bottom: 0px !important;}&#8221; woodmart_inline=&#8221;no&#8221;]</p>
<h2 style="font-size: 35px;">Marje Üksine &#8220;Asjad. Hommage a Giorgio Morandi&#8221;</h2>
<p>[/vc_column_text][vc_custom_heading text=&#8221;GRAAFIKA SÜGISOKSJON 2022</p>
<p>Kuivnõel, akvatinta. 1983.<br />
All vasakul: &#8220;Asjad. Hommage a Giorgio Morandi&#8220;<br />
All keskel: (kuivnõel, akvatinta) 15/20<br />
All paremal: M. Üksine 1983&#8243; font_container=&#8221;tag:h5|text_align:left&#8221; use_theme_fonts=&#8221;yes&#8221;][vc_column_text text_larger=&#8221;no&#8221;][/vc_column_text][vc_column_text text_larger=&#8221;no&#8221; woodmart_inline=&#8221;no&#8221;]</p>
<table>
<tbody>
<tr>
<th>Mõõdud</th>
<td style="text-align: right;">Plm 45,2 x 49,6 cm</td>
</tr>
<tr>
<th>Alghind</th>
<td style="text-align: right;"> 700 EUR</td>
</tr>
</tbody>
</table>
<p>[/vc_column_text][vc_column_text text_larger=&#8221;no&#8221; woodmart_inline=&#8221;no&#8221;]</p>
<table>
<tbody>
<tr>
<th style="text-align: left;">Pakkumisi</th>
<td style="text-align: right;">4</td>
</tr>
<tr>
<th>Haamrihind</th>
<td style="text-align: right;">850 EUR</td>
</tr>
</tbody>
</table>
<p>[/vc_column_text][vc_column_text text_larger=&#8221;no&#8221; woodmart_inline=&#8221;no&#8221;]<span style="font-weight: 400;">Marje Üksine (s 1945) poetiseerib teoses „Asjad. Hommage a Giorgio Morandi“ armastatud Tallinna vanalinna, lisades ühtlasi austusavalduse kuulsale Itaalia kunstnikule, natüürmortide meistrile Morandile. Tuues sarnaselt itaallasele välja lihtsavormiliste vaaside puhta ilu ning komponeerides neid supermatismile viitavate mustade pindadega, loob kunstnik dialoogi realismi ja abstraktsionismi vahel. </span></p>
<p><span style="font-weight: 400;">Teos kuulub Eesti Kunstimuuseumi graafikakollektsiooni.</span>[/vc_column_text][/vc_column][/vc_row]</p>
</div>
