{"id":6419,"date":"2022-03-30T10:42:05","date_gmt":"2022-03-30T07:42:05","guid":{"rendered":"https:\/\/alleegalerii.ee\/?post_type=portfolio&#038;p=6419"},"modified":"2022-04-16T13:17:45","modified_gmt":"2022-04-16T10:17:45","slug":"richard-kaljo-tartu-viljasilo-1945-plm-181-x-261-cm","status":"publish","type":"portfolio","link":"https:\/\/alleegalerii.ee\/en\/art-auctions\/richard-kaljo-tartu-viljasilo-1945-plm-181-x-261-cm\/","title":{"rendered":"Richard Kaljo &#8220;Tartu viljasilo&#8221;, 1945. Plm 18,1 x 26,1 cm."},"content":{"rendered":"<div class=\"wpb-content-wrapper\"><p>[vc_row equal_height=&#8221;yes&#8221; mobile_bg_img_hidden=&#8221;no&#8221; tablet_bg_img_hidden=&#8221;no&#8221; woodmart_parallax=&#8221;0&#8243; woodmart_gradient_switch=&#8221;no&#8221; row_reverse_mobile=&#8221;0&#8243; row_reverse_tablet=&#8221;0&#8243; woodmart_disable_overflow=&#8221;0&#8243;][vc_column width=&#8221;2\/3&#8243;][vc_single_image image=&#8221;6421&#8243; img_size=&#8221;full&#8221; woodmart_inline=&#8221;no&#8221; parallax_scroll=&#8221;no&#8221;][vc_single_image image=&#8221;6420&#8243; img_size=&#8221;full&#8221; woodmart_inline=&#8221;no&#8221; parallax_scroll=&#8221;no&#8221;][vc_single_image image=&#8221;6422&#8243; img_size=&#8221;full&#8221; woodmart_inline=&#8221;no&#8221; parallax_scroll=&#8221;no&#8221;][vc_single_image image=&#8221;6423&#8243; img_size=&#8221;full&#8221; woodmart_inline=&#8221;no&#8221; parallax_scroll=&#8221;no&#8221;][vc_single_image image=&#8221;6424&#8243; img_size=&#8221;full&#8221; woodmart_inline=&#8221;no&#8221; parallax_scroll=&#8221;no&#8221;][vc_single_image image=&#8221;6425&#8243; img_size=&#8221;full&#8221; woodmart_inline=&#8221;no&#8221; parallax_scroll=&#8221;no&#8221;][vc_single_image image=&#8221;6426&#8243; img_size=&#8221;full&#8221; woodmart_inline=&#8221;no&#8221; parallax_scroll=&#8221;no&#8221;][\/vc_column][vc_column width=&#8221;1\/3&#8243; mobile_bg_img_hidden=&#8221;no&#8221; tablet_bg_img_hidden=&#8221;no&#8221; woodmart_parallax=&#8221;0&#8243; woodmart_sticky_column=&#8221;true&#8221; parallax_scroll=&#8221;no&#8221; mobile_reset_margin=&#8221;no&#8221; tablet_reset_margin=&#8221;no&#8221;][vc_column_text text_larger=&#8221;yes&#8221; css=&#8221;.vc_custom_1648616679265{margin-bottom: 0px !important;}&#8221; woodmart_inline=&#8221;no&#8221;]<\/p>\n<h2 style=\"font-size: 35px;\">Richard Kaljo &#8220;Tartu viljasilo&#8221;<\/h2>\n<p>[\/vc_column_text][vc_custom_heading text=&#8221;GRAAFIKA KEVADOKSJON 2022<\/p>\n<p>Puugrav\u00fc\u00fcr. 1945.<br \/>\nAll vasakul: &#8220;Tartu viljasilo&#8220; puugrav\u00fc\u00fcr 1945<br \/>\nAll paremal: RichKaljo&#8221; font_container=&#8221;tag:h5|text_align:left&#8221; use_theme_fonts=&#8221;yes&#8221;][vc_column_text text_larger=&#8221;no&#8221;][\/vc_column_text][vc_column_text text_larger=&#8221;no&#8221; woodmart_inline=&#8221;no&#8221;]<\/p>\n<table>\n<tbody>\n<tr>\n<th>M\u00f5\u00f5dud<\/th>\n<td style=\"text-align: right;\">\u00a0 Plm 18,1 x 26,1 cm<\/td>\n<\/tr>\n<tr>\n<th>Alghind<\/th>\n<td style=\"text-align: right;\">500 EUR<\/td>\n<\/tr>\n<\/tbody>\n<\/table>\n<p>[\/vc_column_text][vc_column_text text_larger=&#8221;no&#8221; woodmart_inline=&#8221;no&#8221;]<\/p>\n<table>\n<tbody>\n<tr>\n<th style=\"text-align: left;\">Pakkumisi<\/th>\n<td style=\"text-align: right;\">\u00a0 1<\/td>\n<\/tr>\n<tr>\n<th style=\"text-align: left;\">Haamrihind<\/th>\n<td style=\"text-align: right;\">500 EUR<\/td>\n<\/tr>\n<\/tbody>\n<\/table>\n<p>[\/vc_column_text][vc_column_text text_larger=&#8221;no&#8221; woodmart_inline=&#8221;no&#8221;]1941. aastal Tartu kesklinna ehitatud viljaelevaatori sambad \u00f5hiti sakslaste poolt 1945. aasta p\u00f5genemise ajal. Tugev ehitis j\u00e4i aga pommitamisele vaatamata 45-kraadise nurga all seisma ning ajaloolise hetke praeguse Aparaaditehase l\u00e4histel j\u00e4\u00e4dvustas graafik Richard Kaljo (1914-1978).<\/p>\n<p>Samal aastal valmis Kaljol kodulinnast Tartust teisigi teoseid (nt \u201eMotiiv Tartu s\u00fcdalinnast\u201c, \u201eTartu \u00f5lletehase keldrites\u201c) ning need moodustavad tema loomingus eraldi episoodi. K\u00e4esoleva teose puhul v\u00f5ib kujutluslaadis t\u00e4heldada teatud m\u00f5jutusi \u201ePallase\u201c \u00f5ppej\u00f5ult Arkadio Laigolt, kes meisterliku ks\u00fclograafina oli Kaljole eeskujuks tehnilise meisterlikkuse osas. Kunstnikule omaselt on ta lisaks p\u00f5himotiivile k\u00fclvanud teosele hulgaliselt k\u00f5rvallugusid, mis orgaaniliselt sulanduvad ebamaisena tunduvasse kompositsiooni: uudishimulikult viltust elevaatorit uurivad m\u00f6\u00f6dak\u00e4ijad, naaberkrundil aedviljap\u00f5lluga askeldavad linnakodanikud, tossavad tehasekorstnad. P\u00f5nevalt on kunstnik lahendanud pilvesagarad, tekitades neis paralleeljoonte ja varjudega m\u00e4ngides kihilise ja m\u00e4ssava struktuuri.<\/p>\n<p>Teos on reprodutseeritud Kumu 2014.-2015. aasta n\u00e4itusega \u201cRichard Kaljo. Lood graafikas ja kirjades\u201c kaasnenud raamatus lk 20 ja lk 90.[\/vc_column_text][\/vc_column][\/vc_row]<\/p>\n<\/div>","protected":false},"excerpt":{"rendered":"<p>[vc_row equal_height=&#8221;yes&#8221; mobile_bg_img_hidden=&#8221;no&#8221; tablet_bg_img_hidden=&#8221;no&#8221; woodmart_parallax=&#8221;0&#8243; woodmart_gradient_switch=&#8221;no&#8221; row_reverse_mobile=&#8221;0&#8243; row_reverse_tablet=&#8221;0&#8243; woodmart_disable_overflow=&#8221;0&#8243;][vc_column width=&#8221;2\/3&#8243;][vc_single_image image=&#8221;6421&#8243; img_size=&#8221;full&#8221; woodmart_inline=&#8221;no&#8221; parallax_scroll=&#8221;no&#8221;][vc_single_image image=&#8221;6420&#8243; img_size=&#8221;full&#8221; woodmart_inline=&#8221;no&#8221; parallax_scroll=&#8221;no&#8221;][vc_single_image image=&#8221;6422&#8243; img_size=&#8221;full&#8221;<\/p>\n","protected":false},"featured_media":6420,"menu_order":1858,"comment_status":"closed","ping_status":"closed","template":"","project-cat":[80],"class_list":["post-6419","portfolio","type-portfolio","status-publish","has-post-thumbnail","hentry","project-cat-graafika-kevadoksjon-2022"],"acf":[],"_links":{"self":[{"href":"https:\/\/alleegalerii.ee\/en\/wp-json\/wp\/v2\/portfolio\/6419","targetHints":{"allow":["GET"]}}],"collection":[{"href":"https:\/\/alleegalerii.ee\/en\/wp-json\/wp\/v2\/portfolio"}],"about":[{"href":"https:\/\/alleegalerii.ee\/en\/wp-json\/wp\/v2\/types\/portfolio"}],"replies":[{"embeddable":true,"href":"https:\/\/alleegalerii.ee\/en\/wp-json\/wp\/v2\/comments?post=6419"}],"wp:featuredmedia":[{"embeddable":true,"href":"https:\/\/alleegalerii.ee\/en\/wp-json\/wp\/v2\/media\/6420"}],"wp:attachment":[{"href":"https:\/\/alleegalerii.ee\/en\/wp-json\/wp\/v2\/media?parent=6419"}],"wp:term":[{"taxonomy":"project-cat","embeddable":true,"href":"https:\/\/alleegalerii.ee\/en\/wp-json\/wp\/v2\/project-cat?post=6419"}],"curies":[{"name":"wp","href":"https:\/\/api.w.org\/{rel}","templated":true}]}}

<div class="wpb-content-wrapper"><p>[vc_row equal_height=&#8221;yes&#8221; mobile_bg_img_hidden=&#8221;no&#8221; tablet_bg_img_hidden=&#8221;no&#8221; woodmart_parallax=&#8221;0&#8243; woodmart_gradient_switch=&#8221;no&#8221; row_reverse_mobile=&#8221;0&#8243; row_reverse_tablet=&#8221;0&#8243; woodmart_disable_overflow=&#8221;0&#8243;][vc_column width=&#8221;2/3&#8243;][vc_single_image image=&#8221;6421&#8243; img_size=&#8221;full&#8221; woodmart_inline=&#8221;no&#8221; parallax_scroll=&#8221;no&#8221;][vc_single_image image=&#8221;6420&#8243; img_size=&#8221;full&#8221; woodmart_inline=&#8221;no&#8221; parallax_scroll=&#8221;no&#8221;][vc_single_image image=&#8221;6422&#8243; img_size=&#8221;full&#8221; woodmart_inline=&#8221;no&#8221; parallax_scroll=&#8221;no&#8221;][vc_single_image image=&#8221;6423&#8243; img_size=&#8221;full&#8221; woodmart_inline=&#8221;no&#8221; parallax_scroll=&#8221;no&#8221;][vc_single_image image=&#8221;6424&#8243; img_size=&#8221;full&#8221; woodmart_inline=&#8221;no&#8221; parallax_scroll=&#8221;no&#8221;][vc_single_image image=&#8221;6425&#8243; img_size=&#8221;full&#8221; woodmart_inline=&#8221;no&#8221; parallax_scroll=&#8221;no&#8221;][vc_single_image image=&#8221;6426&#8243; img_size=&#8221;full&#8221; woodmart_inline=&#8221;no&#8221; parallax_scroll=&#8221;no&#8221;][/vc_column][vc_column width=&#8221;1/3&#8243; mobile_bg_img_hidden=&#8221;no&#8221; tablet_bg_img_hidden=&#8221;no&#8221; woodmart_parallax=&#8221;0&#8243; woodmart_sticky_column=&#8221;true&#8221; parallax_scroll=&#8221;no&#8221; mobile_reset_margin=&#8221;no&#8221; tablet_reset_margin=&#8221;no&#8221;][vc_column_text text_larger=&#8221;yes&#8221; css=&#8221;.vc_custom_1648616679265{margin-bottom: 0px !important;}&#8221; woodmart_inline=&#8221;no&#8221;]</p>
<h2 style="font-size: 35px;">Richard Kaljo &#8220;Tartu viljasilo&#8221;</h2>
<p>[/vc_column_text][vc_custom_heading text=&#8221;GRAAFIKA KEVADOKSJON 2022</p>
<p>Puugravüür. 1945.<br />
All vasakul: &#8220;Tartu viljasilo&#8220; puugravüür 1945<br />
All paremal: RichKaljo&#8221; font_container=&#8221;tag:h5|text_align:left&#8221; use_theme_fonts=&#8221;yes&#8221;][vc_column_text text_larger=&#8221;no&#8221;][/vc_column_text][vc_column_text text_larger=&#8221;no&#8221; woodmart_inline=&#8221;no&#8221;]</p>
<table>
<tbody>
<tr>
<th>Mõõdud</th>
<td style="text-align: right;">  Plm 18,1 x 26,1 cm</td>
</tr>
<tr>
<th>Alghind</th>
<td style="text-align: right;">500 EUR</td>
</tr>
</tbody>
</table>
<p>[/vc_column_text][vc_column_text text_larger=&#8221;no&#8221; woodmart_inline=&#8221;no&#8221;]</p>
<table>
<tbody>
<tr>
<th style="text-align: left;">Pakkumisi</th>
<td style="text-align: right;">  1</td>
</tr>
<tr>
<th style="text-align: left;">Haamrihind</th>
<td style="text-align: right;">500 EUR</td>
</tr>
</tbody>
</table>
<p>[/vc_column_text][vc_column_text text_larger=&#8221;no&#8221; woodmart_inline=&#8221;no&#8221;]1941. aastal Tartu kesklinna ehitatud viljaelevaatori sambad õhiti sakslaste poolt 1945. aasta põgenemise ajal. Tugev ehitis jäi aga pommitamisele vaatamata 45-kraadise nurga all seisma ning ajaloolise hetke praeguse Aparaaditehase lähistel jäädvustas graafik Richard Kaljo (1914-1978).</p>
<p>Samal aastal valmis Kaljol kodulinnast Tartust teisigi teoseid (nt „Motiiv Tartu südalinnast“, „Tartu õlletehase keldrites“) ning need moodustavad tema loomingus eraldi episoodi. Käesoleva teose puhul võib kujutluslaadis täheldada teatud mõjutusi „Pallase“ õppejõult Arkadio Laigolt, kes meisterliku ksülograafina oli Kaljole eeskujuks tehnilise meisterlikkuse osas. Kunstnikule omaselt on ta lisaks põhimotiivile külvanud teosele hulgaliselt kõrvallugusid, mis orgaaniliselt sulanduvad ebamaisena tunduvasse kompositsiooni: uudishimulikult viltust elevaatorit uurivad möödakäijad, naaberkrundil aedviljapõlluga askeldavad linnakodanikud, tossavad tehasekorstnad. Põnevalt on kunstnik lahendanud pilvesagarad, tekitades neis paralleeljoonte ja varjudega mängides kihilise ja mässava struktuuri.</p>
<p>Teos on reprodutseeritud Kumu 2014.-2015. aasta näitusega “Richard Kaljo. Lood graafikas ja kirjades“ kaasnenud raamatus lk 20 ja lk 90.[/vc_column_text][/vc_column][/vc_row]</p>
</div>
