{"id":6021,"date":"2022-03-20T12:39:46","date_gmt":"2022-03-20T10:39:46","guid":{"rendered":"https:\/\/alleegalerii.ee\/?post_type=portfolio&#038;p=6021"},"modified":"2022-04-16T14:32:51","modified_gmt":"2022-04-16T11:32:51","slug":"juri-arrak-maskis-lind-1983","status":"publish","type":"portfolio","link":"https:\/\/alleegalerii.ee\/en\/art-auctions\/juri-arrak-maskis-lind-1983\/","title":{"rendered":"J\u00fcri Arrak &#8220;Maskis lind&#8221; 1983. 42 x 33 cm."},"content":{"rendered":"<div class=\"wpb-content-wrapper\"><p>[vc_row equal_height=&#8221;yes&#8221; mobile_bg_img_hidden=&#8221;no&#8221; tablet_bg_img_hidden=&#8221;no&#8221; woodmart_parallax=&#8221;0&#8243; woodmart_gradient_switch=&#8221;no&#8221; row_reverse_mobile=&#8221;0&#8243; row_reverse_tablet=&#8221;0&#8243; woodmart_disable_overflow=&#8221;0&#8243;][vc_column width=&#8221;2\/3&#8243;][vc_single_image image=&#8221;6116&#8243; img_size=&#8221;full&#8221; woodmart_inline=&#8221;no&#8221; parallax_scroll=&#8221;no&#8221;][vc_single_image image=&#8221;6011&#8243; img_size=&#8221;full&#8221; woodmart_inline=&#8221;no&#8221; parallax_scroll=&#8221;no&#8221;][vc_single_image image=&#8221;6110&#8243; img_size=&#8221;full&#8221; woodmart_inline=&#8221;no&#8221; parallax_scroll=&#8221;no&#8221;][vc_single_image image=&#8221;6112&#8243; img_size=&#8221;full&#8221; woodmart_inline=&#8221;no&#8221; parallax_scroll=&#8221;no&#8221;][vc_single_image image=&#8221;6111&#8243; img_size=&#8221;full&#8221; woodmart_inline=&#8221;no&#8221; parallax_scroll=&#8221;no&#8221;][vc_single_image image=&#8221;6113&#8243; img_size=&#8221;full&#8221; woodmart_inline=&#8221;no&#8221; parallax_scroll=&#8221;no&#8221;][vc_single_image image=&#8221;6115&#8243; img_size=&#8221;full&#8221; woodmart_inline=&#8221;no&#8221; parallax_scroll=&#8221;no&#8221;][\/vc_column][vc_column width=&#8221;1\/3&#8243; mobile_bg_img_hidden=&#8221;no&#8221; tablet_bg_img_hidden=&#8221;no&#8221; woodmart_parallax=&#8221;0&#8243; woodmart_sticky_column=&#8221;true&#8221; parallax_scroll=&#8221;no&#8221; mobile_reset_margin=&#8221;no&#8221; tablet_reset_margin=&#8221;no&#8221;][vc_column_text text_larger=&#8221;yes&#8221; css=&#8221;.vc_custom_1647687662282{margin-bottom: 0px !important;}&#8221; woodmart_inline=&#8221;no&#8221;]<\/p>\n<h2 style=\"font-size: 35px;\">J\u00fcri Arrak &#8220;Maskis lind&#8221;<\/h2>\n<p>[\/vc_column_text][vc_custom_heading text=&#8221;GRAAFIKA KEVADOKSJON 2022<\/p>\n<p>Litograafia. 1983.<br \/>\nAll vasakul: &#8220;Maskis lind&#8220; lito 22\/50<br \/>\nAll paremal: J. Arrak 83&#8243; font_container=&#8221;tag:h5|text_align:left&#8221; use_theme_fonts=&#8221;yes&#8221;][vc_column_text text_larger=&#8221;no&#8221;][\/vc_column_text][vc_column_text text_larger=&#8221;no&#8221; woodmart_inline=&#8221;no&#8221;]<\/p>\n<table>\n<tbody>\n<tr>\n<th>M\u00f5\u00f5dud<\/th>\n<td style=\"text-align: right;\">Plm 42 x 33 cm<\/td>\n<\/tr>\n<tr>\n<th>Alghind<\/th>\n<td style=\"text-align: right;\">\u00a0 1500 EUR<\/td>\n<\/tr>\n<\/tbody>\n<\/table>\n<p>[\/vc_column_text][vc_column_text text_larger=&#8221;no&#8221; woodmart_inline=&#8221;no&#8221;]<\/p>\n<table>\n<tbody>\n<tr>\n<th style=\"text-align: left;\">Pakkumisi<\/th>\n<td style=\"text-align: right;\">26<\/td>\n<\/tr>\n<tr>\n<th style=\"text-align: left;\">Haamrihind<\/th>\n<td style=\"text-align: right;\">\u00a0 3600 EUR<\/td>\n<\/tr>\n<\/tbody>\n<\/table>\n<p>[\/vc_column_text][vc_column_text text_larger=&#8221;no&#8221; woodmart_inline=&#8221;no&#8221;]J\u00fcri Arraku (s. 1936) kujutatav maailm on paradoksaalne ning s\u00fcgavam\u00f5tteline. Tema tegelaskujud peegeldavad paljuski kunstniku enda eneseotsinguid ning loovad igikestvaid filosoofilisi narratiive, mis oskasid puudutada vaatajat isiklikul tasandil nii nende loomise hetkel kui teevad seda praegu.<\/p>\n<p>20. sajandi 100 suurkuju hulka valitud Arraku looming pakub ainest mitmetiseks t\u00f5lgendamiseks. Teoses \u201eMaskis lind\u201c 1983. aastast on kunstnik juba pealkirjas s\u00e4testanud paradoksi sisu visuaalse k\u00fcljega. Kui see on lind, siis kus on mask? Kui see on inimene, siis kus on lind? V\u00f5i on Arrak sel korral v\u00f5tnud hoopis teatrilavastaja rolli ning peitnud tegelikult n\u00f6\u00f6re t\u00f5mbava linnu pilvevahtu?<\/p>\n<p>Inimlike joonte andmine loomadele ja lindudele, nende s\u00fcnergiline kaasamine oma jutustustesse tuleneb kunstniku s\u00fcdamevalust puhta, puutumata looduse p\u00e4rast. L\u00e4bi oma loomingu on ta v\u00e4ljendanud muret l\u00e4bim\u00f5tlemata inimtegevuse tagaj\u00e4rgede \u00fcle, n\u00e4iteks 1976. aasta teoses \u201eM\u00e4ngud puu \u00fcmber\u201c, kus loodusj\u00f5ud siiski veel inimesest \u00fcle on. Ka \u201eMaskis linnu\u201c peategelast v\u00f5ib t\u00f5lgendada kui maskeerunud s\u00f5numitoojat, kes rahumeelselt, kuid kindlalt tuletab inimkonnale meelde elu t\u00f5elisi v\u00e4\u00e4rtusi.[\/vc_column_text][\/vc_column][\/vc_row]<\/p>\n<\/div>","protected":false},"excerpt":{"rendered":"<p>[vc_row equal_height=&#8221;yes&#8221; mobile_bg_img_hidden=&#8221;no&#8221; tablet_bg_img_hidden=&#8221;no&#8221; woodmart_parallax=&#8221;0&#8243; woodmart_gradient_switch=&#8221;no&#8221; row_reverse_mobile=&#8221;0&#8243; row_reverse_tablet=&#8221;0&#8243; woodmart_disable_overflow=&#8221;0&#8243;][vc_column width=&#8221;2\/3&#8243;][vc_single_image image=&#8221;6116&#8243; img_size=&#8221;full&#8221; woodmart_inline=&#8221;no&#8221; parallax_scroll=&#8221;no&#8221;][vc_single_image image=&#8221;6011&#8243; img_size=&#8221;full&#8221; woodmart_inline=&#8221;no&#8221; parallax_scroll=&#8221;no&#8221;][vc_single_image image=&#8221;6110&#8243; img_size=&#8221;full&#8221;<\/p>\n","protected":false},"featured_media":6011,"menu_order":1787,"comment_status":"closed","ping_status":"closed","template":"","project-cat":[80],"class_list":["post-6021","portfolio","type-portfolio","status-publish","has-post-thumbnail","hentry","project-cat-graafika-kevadoksjon-2022"],"acf":[],"_links":{"self":[{"href":"https:\/\/alleegalerii.ee\/en\/wp-json\/wp\/v2\/portfolio\/6021","targetHints":{"allow":["GET"]}}],"collection":[{"href":"https:\/\/alleegalerii.ee\/en\/wp-json\/wp\/v2\/portfolio"}],"about":[{"href":"https:\/\/alleegalerii.ee\/en\/wp-json\/wp\/v2\/types\/portfolio"}],"replies":[{"embeddable":true,"href":"https:\/\/alleegalerii.ee\/en\/wp-json\/wp\/v2\/comments?post=6021"}],"wp:featuredmedia":[{"embeddable":true,"href":"https:\/\/alleegalerii.ee\/en\/wp-json\/wp\/v2\/media\/6011"}],"wp:attachment":[{"href":"https:\/\/alleegalerii.ee\/en\/wp-json\/wp\/v2\/media?parent=6021"}],"wp:term":[{"taxonomy":"project-cat","embeddable":true,"href":"https:\/\/alleegalerii.ee\/en\/wp-json\/wp\/v2\/project-cat?post=6021"}],"curies":[{"name":"wp","href":"https:\/\/api.w.org\/{rel}","templated":true}]}}

Jüri Arrak &#8220;Maskis lind&#8221; 1983. 42 x 33 cm.

<div class="wpb-content-wrapper"><p>[vc_row equal_height=&#8221;yes&#8221; mobile_bg_img_hidden=&#8221;no&#8221; tablet_bg_img_hidden=&#8221;no&#8221; woodmart_parallax=&#8221;0&#8243; woodmart_gradient_switch=&#8221;no&#8221; row_reverse_mobile=&#8221;0&#8243; row_reverse_tablet=&#8221;0&#8243; woodmart_disable_overflow=&#8221;0&#8243;][vc_column width=&#8221;2/3&#8243;][vc_single_image image=&#8221;6116&#8243; img_size=&#8221;full&#8221; woodmart_inline=&#8221;no&#8221; parallax_scroll=&#8221;no&#8221;][vc_single_image image=&#8221;6011&#8243; img_size=&#8221;full&#8221; woodmart_inline=&#8221;no&#8221; parallax_scroll=&#8221;no&#8221;][vc_single_image image=&#8221;6110&#8243; img_size=&#8221;full&#8221; woodmart_inline=&#8221;no&#8221; parallax_scroll=&#8221;no&#8221;][vc_single_image image=&#8221;6112&#8243; img_size=&#8221;full&#8221; woodmart_inline=&#8221;no&#8221; parallax_scroll=&#8221;no&#8221;][vc_single_image image=&#8221;6111&#8243; img_size=&#8221;full&#8221; woodmart_inline=&#8221;no&#8221; parallax_scroll=&#8221;no&#8221;][vc_single_image image=&#8221;6113&#8243; img_size=&#8221;full&#8221; woodmart_inline=&#8221;no&#8221; parallax_scroll=&#8221;no&#8221;][vc_single_image image=&#8221;6115&#8243; img_size=&#8221;full&#8221; woodmart_inline=&#8221;no&#8221; parallax_scroll=&#8221;no&#8221;][/vc_column][vc_column width=&#8221;1/3&#8243; mobile_bg_img_hidden=&#8221;no&#8221; tablet_bg_img_hidden=&#8221;no&#8221; woodmart_parallax=&#8221;0&#8243; woodmart_sticky_column=&#8221;true&#8221; parallax_scroll=&#8221;no&#8221; mobile_reset_margin=&#8221;no&#8221; tablet_reset_margin=&#8221;no&#8221;][vc_column_text text_larger=&#8221;yes&#8221; css=&#8221;.vc_custom_1647687662282{margin-bottom: 0px !important;}&#8221; woodmart_inline=&#8221;no&#8221;]</p>
<h2 style="font-size: 35px;">Jüri Arrak &#8220;Maskis lind&#8221;</h2>
<p>[/vc_column_text][vc_custom_heading text=&#8221;GRAAFIKA KEVADOKSJON 2022</p>
<p>Litograafia. 1983.<br />
All vasakul: &#8220;Maskis lind&#8220; lito 22/50<br />
All paremal: J. Arrak 83&#8243; font_container=&#8221;tag:h5|text_align:left&#8221; use_theme_fonts=&#8221;yes&#8221;][vc_column_text text_larger=&#8221;no&#8221;][/vc_column_text][vc_column_text text_larger=&#8221;no&#8221; woodmart_inline=&#8221;no&#8221;]</p>
<table>
<tbody>
<tr>
<th>Mõõdud</th>
<td style="text-align: right;">Plm 42 x 33 cm</td>
</tr>
<tr>
<th>Alghind</th>
<td style="text-align: right;">  1500 EUR</td>
</tr>
</tbody>
</table>
<p>[/vc_column_text][vc_column_text text_larger=&#8221;no&#8221; woodmart_inline=&#8221;no&#8221;]</p>
<table>
<tbody>
<tr>
<th style="text-align: left;">Pakkumisi</th>
<td style="text-align: right;">26</td>
</tr>
<tr>
<th style="text-align: left;">Haamrihind</th>
<td style="text-align: right;">  3600 EUR</td>
</tr>
</tbody>
</table>
<p>[/vc_column_text][vc_column_text text_larger=&#8221;no&#8221; woodmart_inline=&#8221;no&#8221;]Jüri Arraku (s. 1936) kujutatav maailm on paradoksaalne ning sügavamõtteline. Tema tegelaskujud peegeldavad paljuski kunstniku enda eneseotsinguid ning loovad igikestvaid filosoofilisi narratiive, mis oskasid puudutada vaatajat isiklikul tasandil nii nende loomise hetkel kui teevad seda praegu.</p>
<p>20. sajandi 100 suurkuju hulka valitud Arraku looming pakub ainest mitmetiseks tõlgendamiseks. Teoses „Maskis lind“ 1983. aastast on kunstnik juba pealkirjas sätestanud paradoksi sisu visuaalse küljega. Kui see on lind, siis kus on mask? Kui see on inimene, siis kus on lind? Või on Arrak sel korral võtnud hoopis teatrilavastaja rolli ning peitnud tegelikult nööre tõmbava linnu pilvevahtu?</p>
<p>Inimlike joonte andmine loomadele ja lindudele, nende sünergiline kaasamine oma jutustustesse tuleneb kunstniku südamevalust puhta, puutumata looduse pärast. Läbi oma loomingu on ta väljendanud muret läbimõtlemata inimtegevuse tagajärgede üle, näiteks 1976. aasta teoses „Mängud puu ümber“, kus loodusjõud siiski veel inimesest üle on. Ka „Maskis linnu“ peategelast võib tõlgendada kui maskeerunud sõnumitoojat, kes rahumeelselt, kuid kindlalt tuletab inimkonnale meelde elu tõelisi väärtusi.[/vc_column_text][/vc_column][/vc_row]</p>
</div>
