{"id":5983,"date":"2022-03-27T22:18:46","date_gmt":"2022-03-27T19:18:46","guid":{"rendered":"https:\/\/alleegalerii.ee\/?post_type=portfolio&#038;p=5983"},"modified":"2022-04-15T21:04:29","modified_gmt":"2022-04-15T18:04:29","slug":"herald-eelma-maja-1978-728-x-608-cm","status":"publish","type":"portfolio","link":"https:\/\/alleegalerii.ee\/en\/art-auctions\/herald-eelma-maja-1978-728-x-608-cm\/","title":{"rendered":"Herald Eelma &#8220;Maja&#8221; 1978. 72,8 x 60,8 cm."},"content":{"rendered":"<div class=\"wpb-content-wrapper\"><p>[vc_row equal_height=&#8221;yes&#8221; mobile_bg_img_hidden=&#8221;no&#8221; tablet_bg_img_hidden=&#8221;no&#8221; woodmart_parallax=&#8221;0&#8243; woodmart_gradient_switch=&#8221;no&#8221; row_reverse_mobile=&#8221;0&#8243; row_reverse_tablet=&#8221;0&#8243; woodmart_disable_overflow=&#8221;0&#8243;][vc_column width=&#8221;2\/3&#8243;][vc_single_image image=&#8221;6360&#8243; img_size=&#8221;full&#8221; woodmart_inline=&#8221;no&#8221; parallax_scroll=&#8221;no&#8221;][vc_single_image image=&#8221;6361&#8243; img_size=&#8221;full&#8221; woodmart_inline=&#8221;no&#8221; parallax_scroll=&#8221;no&#8221;][vc_single_image image=&#8221;6357&#8243; img_size=&#8221;full&#8221; woodmart_inline=&#8221;no&#8221; parallax_scroll=&#8221;no&#8221;][vc_single_image image=&#8221;6356&#8243; img_size=&#8221;full&#8221; woodmart_inline=&#8221;no&#8221; parallax_scroll=&#8221;no&#8221;][vc_single_image image=&#8221;6359&#8243; img_size=&#8221;full&#8221; woodmart_inline=&#8221;no&#8221; parallax_scroll=&#8221;no&#8221;][vc_single_image image=&#8221;6358&#8243; img_size=&#8221;full&#8221; woodmart_inline=&#8221;no&#8221; parallax_scroll=&#8221;no&#8221;][\/vc_column][vc_column width=&#8221;1\/3&#8243; mobile_bg_img_hidden=&#8221;no&#8221; tablet_bg_img_hidden=&#8221;no&#8221; woodmart_parallax=&#8221;0&#8243; woodmart_sticky_column=&#8221;true&#8221; parallax_scroll=&#8221;no&#8221; mobile_reset_margin=&#8221;no&#8221; tablet_reset_margin=&#8221;no&#8221;][vc_column_text text_larger=&#8221;yes&#8221; css=&#8221;.vc_custom_1647610231681{margin-bottom: 0px !important;}&#8221; woodmart_inline=&#8221;no&#8221;]<\/p>\n<h2 style=\"font-size: 35px;\">Herald Eelma &#8220;Maja&#8221;<\/h2>\n<p>[\/vc_column_text][vc_custom_heading text=&#8221;GRAAFIKA KEVADOKSJON 2022<\/p>\n<p>Litograafia. 1978.<br \/>\nAll vasakul: &#8220;Maja&#8220; litograafia<br \/>\nAll paremal: 23\/30 HEelma 1978.&#8221; font_container=&#8221;tag:h5|text_align:left&#8221; use_theme_fonts=&#8221;yes&#8221;][vc_column_text text_larger=&#8221;no&#8221;][\/vc_column_text][vc_column_text text_larger=&#8221;no&#8221; woodmart_inline=&#8221;no&#8221;]<\/p>\n<table>\n<tbody>\n<tr>\n<th>M\u00f5\u00f5dud<\/th>\n<td style=\"text-align: right;\">72,8 x 60,8 cm<\/td>\n<\/tr>\n<tr>\n<th>Alghind<\/th>\n<td style=\"text-align: right;\">850 EUR<\/td>\n<\/tr>\n<\/tbody>\n<\/table>\n<p>[\/vc_column_text][vc_column_text text_larger=&#8221;no&#8221; woodmart_inline=&#8221;no&#8221;]ERKI 1959. aasta lend t\u00f5i eesti kunsti mitmeid tugevaid graafikuid: Peeter Ulas, Heldur Laretei ja Herald Eelma. Viimane esines 1960. aastatel j\u00f5ulises ekspressiivses laadis linooll\u00f5igetega, mida \u00fchendas reljeeftr\u00fckiga. 1970. aastate keskpaiku hakkas ta viljelema esialgu h\u00fcperrealismi t\u00e4psusest m\u00f5jutatud joonistust ning, otsides oma joonistuslaadi jaoks sobivamat tehnikat, j\u00f5udis alates 1978. aastast lito juurde. Sel aastal valmis rahvusromantiline, maal\u00e4hedaste motiividega litosari, kuhu kuulub ka &#8220;Maja&#8221;, mis oli \u00fcks teosteist, millega Eelma sai \u00fche peapreemiatest Tallinna V graafikatriennaalil.<\/p>\n<p>Uuendusmeelne, oma t\u00f5de ja juuri otsiv Eelma l\u00e4heneb igap\u00e4evasele eluruumile avatud pilgul. Sarnaselt samasse sarja kuuluvale \u201eV\u00e4ravale\u201c (1978), pole ta majal akent ega ust, see avaneb t\u00fchjusesse, uude helgesse ilmaruumi. Selle elanikele on antud s\u00fcgavam, isegi m\u00fctoloogiline t\u00e4hendus. Neist s\u00f5ltub t\u00fchja ruumi t\u00e4itmine, traditsioonide edasikandmine, elu kestmine.<\/p>\n<p>Eelma on saanud kahel korral Kristjan Raua preemia ning 1999. aastal m\u00e4\u00e4rati kunstnikule Valget\u00e4he teenetem\u00e4rk. Teos &#8220;Maja&#8221; kuulub Eesti Kunstimuuseumi kollektsiooni.[\/vc_column_text][\/vc_column][\/vc_row]<\/p>\n<\/div>","protected":false},"excerpt":{"rendered":"<p>[vc_row equal_height=&#8221;yes&#8221; mobile_bg_img_hidden=&#8221;no&#8221; tablet_bg_img_hidden=&#8221;no&#8221; woodmart_parallax=&#8221;0&#8243; woodmart_gradient_switch=&#8221;no&#8221; row_reverse_mobile=&#8221;0&#8243; row_reverse_tablet=&#8221;0&#8243; woodmart_disable_overflow=&#8221;0&#8243;][vc_column width=&#8221;2\/3&#8243;][vc_single_image image=&#8221;6360&#8243; img_size=&#8221;full&#8221; woodmart_inline=&#8221;no&#8221; parallax_scroll=&#8221;no&#8221;][vc_single_image image=&#8221;6361&#8243; img_size=&#8221;full&#8221; woodmart_inline=&#8221;no&#8221; parallax_scroll=&#8221;no&#8221;][vc_single_image image=&#8221;6357&#8243; img_size=&#8221;full&#8221;<\/p>\n","protected":false},"featured_media":6361,"menu_order":1840,"comment_status":"closed","ping_status":"closed","template":"","project-cat":[80],"class_list":["post-5983","portfolio","type-portfolio","status-publish","has-post-thumbnail","hentry","project-cat-graafika-kevadoksjon-2022"],"acf":[],"_links":{"self":[{"href":"https:\/\/alleegalerii.ee\/en\/wp-json\/wp\/v2\/portfolio\/5983","targetHints":{"allow":["GET"]}}],"collection":[{"href":"https:\/\/alleegalerii.ee\/en\/wp-json\/wp\/v2\/portfolio"}],"about":[{"href":"https:\/\/alleegalerii.ee\/en\/wp-json\/wp\/v2\/types\/portfolio"}],"replies":[{"embeddable":true,"href":"https:\/\/alleegalerii.ee\/en\/wp-json\/wp\/v2\/comments?post=5983"}],"wp:featuredmedia":[{"embeddable":true,"href":"https:\/\/alleegalerii.ee\/en\/wp-json\/wp\/v2\/media\/6361"}],"wp:attachment":[{"href":"https:\/\/alleegalerii.ee\/en\/wp-json\/wp\/v2\/media?parent=5983"}],"wp:term":[{"taxonomy":"project-cat","embeddable":true,"href":"https:\/\/alleegalerii.ee\/en\/wp-json\/wp\/v2\/project-cat?post=5983"}],"curies":[{"name":"wp","href":"https:\/\/api.w.org\/{rel}","templated":true}]}}

<div class="wpb-content-wrapper"><p>[vc_row equal_height=&#8221;yes&#8221; mobile_bg_img_hidden=&#8221;no&#8221; tablet_bg_img_hidden=&#8221;no&#8221; woodmart_parallax=&#8221;0&#8243; woodmart_gradient_switch=&#8221;no&#8221; row_reverse_mobile=&#8221;0&#8243; row_reverse_tablet=&#8221;0&#8243; woodmart_disable_overflow=&#8221;0&#8243;][vc_column width=&#8221;2/3&#8243;][vc_single_image image=&#8221;6360&#8243; img_size=&#8221;full&#8221; woodmart_inline=&#8221;no&#8221; parallax_scroll=&#8221;no&#8221;][vc_single_image image=&#8221;6361&#8243; img_size=&#8221;full&#8221; woodmart_inline=&#8221;no&#8221; parallax_scroll=&#8221;no&#8221;][vc_single_image image=&#8221;6357&#8243; img_size=&#8221;full&#8221; woodmart_inline=&#8221;no&#8221; parallax_scroll=&#8221;no&#8221;][vc_single_image image=&#8221;6356&#8243; img_size=&#8221;full&#8221; woodmart_inline=&#8221;no&#8221; parallax_scroll=&#8221;no&#8221;][vc_single_image image=&#8221;6359&#8243; img_size=&#8221;full&#8221; woodmart_inline=&#8221;no&#8221; parallax_scroll=&#8221;no&#8221;][vc_single_image image=&#8221;6358&#8243; img_size=&#8221;full&#8221; woodmart_inline=&#8221;no&#8221; parallax_scroll=&#8221;no&#8221;][/vc_column][vc_column width=&#8221;1/3&#8243; mobile_bg_img_hidden=&#8221;no&#8221; tablet_bg_img_hidden=&#8221;no&#8221; woodmart_parallax=&#8221;0&#8243; woodmart_sticky_column=&#8221;true&#8221; parallax_scroll=&#8221;no&#8221; mobile_reset_margin=&#8221;no&#8221; tablet_reset_margin=&#8221;no&#8221;][vc_column_text text_larger=&#8221;yes&#8221; css=&#8221;.vc_custom_1647610231681{margin-bottom: 0px !important;}&#8221; woodmart_inline=&#8221;no&#8221;]</p>
<h2 style="font-size: 35px;">Herald Eelma &#8220;Maja&#8221;</h2>
<p>[/vc_column_text][vc_custom_heading text=&#8221;GRAAFIKA KEVADOKSJON 2022</p>
<p>Litograafia. 1978.<br />
All vasakul: &#8220;Maja&#8220; litograafia<br />
All paremal: 23/30 HEelma 1978.&#8221; font_container=&#8221;tag:h5|text_align:left&#8221; use_theme_fonts=&#8221;yes&#8221;][vc_column_text text_larger=&#8221;no&#8221;][/vc_column_text][vc_column_text text_larger=&#8221;no&#8221; woodmart_inline=&#8221;no&#8221;]</p>
<table>
<tbody>
<tr>
<th>Mõõdud</th>
<td style="text-align: right;">72,8 x 60,8 cm</td>
</tr>
<tr>
<th>Alghind</th>
<td style="text-align: right;">850 EUR</td>
</tr>
</tbody>
</table>
<p>[/vc_column_text][vc_column_text text_larger=&#8221;no&#8221; woodmart_inline=&#8221;no&#8221;]ERKI 1959. aasta lend tõi eesti kunsti mitmeid tugevaid graafikuid: Peeter Ulas, Heldur Laretei ja Herald Eelma. Viimane esines 1960. aastatel jõulises ekspressiivses laadis linoollõigetega, mida ühendas reljeeftrükiga. 1970. aastate keskpaiku hakkas ta viljelema esialgu hüperrealismi täpsusest mõjutatud joonistust ning, otsides oma joonistuslaadi jaoks sobivamat tehnikat, jõudis alates 1978. aastast lito juurde. Sel aastal valmis rahvusromantiline, maalähedaste motiividega litosari, kuhu kuulub ka &#8220;Maja&#8221;, mis oli üks teosteist, millega Eelma sai ühe peapreemiatest Tallinna V graafikatriennaalil.</p>
<p>Uuendusmeelne, oma tõde ja juuri otsiv Eelma läheneb igapäevasele eluruumile avatud pilgul. Sarnaselt samasse sarja kuuluvale „Väravale“ (1978), pole ta majal akent ega ust, see avaneb tühjusesse, uude helgesse ilmaruumi. Selle elanikele on antud sügavam, isegi mütoloogiline tähendus. Neist sõltub tühja ruumi täitmine, traditsioonide edasikandmine, elu kestmine.</p>
<p>Eelma on saanud kahel korral Kristjan Raua preemia ning 1999. aastal määrati kunstnikule Valgetähe teenetemärk. Teos &#8220;Maja&#8221; kuulub Eesti Kunstimuuseumi kollektsiooni.[/vc_column_text][/vc_column][/vc_row]</p>
</div>
