{"id":5888,"date":"2022-03-30T00:07:50","date_gmt":"2022-03-29T21:07:50","guid":{"rendered":"https:\/\/alleegalerii.ee\/?post_type=portfolio&#038;p=5888"},"modified":"2022-04-16T14:28:00","modified_gmt":"2022-04-16T11:28:00","slug":"mare-vint-vooras-rand-1985-lm-69-x-675-cm","status":"publish","type":"portfolio","link":"https:\/\/alleegalerii.ee\/en\/art-auctions\/mare-vint-vooras-rand-1985-lm-69-x-675-cm\/","title":{"rendered":"Mare Vint &#8220;V\u00f5\u00f5ras rand&#8221; 1985. Lm 69 x 67,5 cm."},"content":{"rendered":"<div class=\"wpb-content-wrapper\"><p>[vc_row equal_height=&#8221;yes&#8221; mobile_bg_img_hidden=&#8221;no&#8221; tablet_bg_img_hidden=&#8221;no&#8221; woodmart_parallax=&#8221;0&#8243; woodmart_gradient_switch=&#8221;no&#8221; row_reverse_mobile=&#8221;0&#8243; row_reverse_tablet=&#8221;0&#8243; woodmart_disable_overflow=&#8221;0&#8243;][vc_column width=&#8221;2\/3&#8243;][vc_single_image image=&#8221;6409&#8243; img_size=&#8221;full&#8221; woodmart_inline=&#8221;no&#8221; parallax_scroll=&#8221;no&#8221;][vc_single_image image=&#8221;6408&#8243; img_size=&#8221;full&#8221; woodmart_inline=&#8221;no&#8221; parallax_scroll=&#8221;no&#8221;][vc_single_image image=&#8221;6410&#8243; img_size=&#8221;full&#8221; woodmart_inline=&#8221;no&#8221; parallax_scroll=&#8221;no&#8221;][vc_single_image image=&#8221;6412&#8243; img_size=&#8221;full&#8221; woodmart_inline=&#8221;no&#8221; parallax_scroll=&#8221;no&#8221;][vc_single_image image=&#8221;6414&#8243; img_size=&#8221;full&#8221; woodmart_inline=&#8221;no&#8221; parallax_scroll=&#8221;no&#8221;][\/vc_column][vc_column width=&#8221;1\/3&#8243; mobile_bg_img_hidden=&#8221;no&#8221; tablet_bg_img_hidden=&#8221;no&#8221; woodmart_parallax=&#8221;0&#8243; woodmart_sticky_column=&#8221;true&#8221; parallax_scroll=&#8221;no&#8221; mobile_reset_margin=&#8221;no&#8221; tablet_reset_margin=&#8221;no&#8221;][vc_column_text text_larger=&#8221;yes&#8221; css=&#8221;.vc_custom_1647436263475{margin-bottom: 0px !important;}&#8221; woodmart_inline=&#8221;no&#8221;]<\/p>\n<h2 style=\"font-size: 35px;\">Mare Vint &#8220;V\u00f5\u00f5ras rand&#8221;<\/h2>\n<p>[\/vc_column_text][vc_custom_heading text=&#8221;GRAAFIKA KEVADOKSJON 2022<\/p>\n<p>Lito. 1985.<br \/>\nAll vasakul: &#8220;V\u00f5\u00f5ras rand&#8220; lito 35\/70<br \/>\nAll paremal: MVint \u00b485&#8243; font_container=&#8221;tag:h5|text_align:left&#8221; use_theme_fonts=&#8221;yes&#8221;][vc_column_text text_larger=&#8221;no&#8221;][\/vc_column_text][vc_column_text text_larger=&#8221;no&#8221; woodmart_inline=&#8221;no&#8221;]<\/p>\n<table>\n<tbody>\n<tr>\n<th>M\u00f5\u00f5dud<\/th>\n<td style=\"text-align: right;\">Lm 69 x 67,5 cm<\/td>\n<\/tr>\n<tr>\n<th>Alghind<\/th>\n<td style=\"text-align: right;\">600 EUR<\/td>\n<\/tr>\n<\/tbody>\n<\/table>\n<p>[\/vc_column_text][vc_column_text text_larger=&#8221;no&#8221; woodmart_inline=&#8221;no&#8221;]<\/p>\n<table>\n<tbody>\n<tr>\n<th style=\"text-align: left;\">Pakkumisi<\/th>\n<td style=\"text-align: right;\">4<\/td>\n<\/tr>\n<tr>\n<th style=\"text-align: left;\">Haamrihind<\/th>\n<td style=\"text-align: right;\">750 EUR<\/td>\n<\/tr>\n<\/tbody>\n<\/table>\n<p>[\/vc_column_text][vc_column_text text_larger=&#8221;no&#8221; woodmart_inline=&#8221;no&#8221;]Graafik Mare Vindi (1942 &#8211; 2020) oskus n\u00e4ha ilu ja harmooniat argistes objektides nagu pargid, aiad v\u00f5i hooned, m\u00e4rgata nende esteetilist vormi ja individuaalset s\u00e4ra t\u00f5i eesti kunstiv\u00e4ljale \u00f5rnad ja poeetilised ideaalmaastikud. Oma kindla r\u00fctmiga, kontuuridega eraldatud kujutised, mida ta jooni ning t\u00e4pikesi kasutades l\u00f5i, kulmineerusid visuaalselt pehmeis, kuid s\u00f5numi poolest k\u00f5lavais lehtedes.<\/p>\n<p>\u201eV\u00f5\u00f5ras rand\u201c on pealkirja poolest paradoksaalne, sest vaataja jaoks on Vint silutud paekivist m\u00fc\u00fcri ja lopsaka puudepuhma toonud intiimselt l\u00e4hedale, muutnud selle hubaseks ja koduseks. Paekivi kui eesti \u00fcks rahvuss\u00fcmboleid kannab edasi eestluse vankumatut vaimu ning taamalt paistev killuke rannaviirgu idealiseerib merd kui rannarahva peamist elatusallikat l\u00e4bi sajandite.<\/p>\n<p>Teos kuulub Eesti Kunstimuuseumi kollektsiooni.[\/vc_column_text][\/vc_column][\/vc_row]<\/p>\n<\/div>","protected":false},"excerpt":{"rendered":"<p>[vc_row equal_height=&#8221;yes&#8221; mobile_bg_img_hidden=&#8221;no&#8221; tablet_bg_img_hidden=&#8221;no&#8221; woodmart_parallax=&#8221;0&#8243; woodmart_gradient_switch=&#8221;no&#8221; row_reverse_mobile=&#8221;0&#8243; row_reverse_tablet=&#8221;0&#8243; woodmart_disable_overflow=&#8221;0&#8243;][vc_column width=&#8221;2\/3&#8243;][vc_single_image image=&#8221;6409&#8243; img_size=&#8221;full&#8221; woodmart_inline=&#8221;no&#8221; parallax_scroll=&#8221;no&#8221;][vc_single_image image=&#8221;6408&#8243; img_size=&#8221;full&#8221; woodmart_inline=&#8221;no&#8221; parallax_scroll=&#8221;no&#8221;][vc_single_image image=&#8221;6410&#8243; img_size=&#8221;full&#8221;<\/p>\n","protected":false},"featured_media":6408,"menu_order":1857,"comment_status":"closed","ping_status":"closed","template":"","project-cat":[80],"class_list":["post-5888","portfolio","type-portfolio","status-publish","has-post-thumbnail","hentry","project-cat-graafika-kevadoksjon-2022"],"acf":[],"_links":{"self":[{"href":"https:\/\/alleegalerii.ee\/en\/wp-json\/wp\/v2\/portfolio\/5888","targetHints":{"allow":["GET"]}}],"collection":[{"href":"https:\/\/alleegalerii.ee\/en\/wp-json\/wp\/v2\/portfolio"}],"about":[{"href":"https:\/\/alleegalerii.ee\/en\/wp-json\/wp\/v2\/types\/portfolio"}],"replies":[{"embeddable":true,"href":"https:\/\/alleegalerii.ee\/en\/wp-json\/wp\/v2\/comments?post=5888"}],"wp:featuredmedia":[{"embeddable":true,"href":"https:\/\/alleegalerii.ee\/en\/wp-json\/wp\/v2\/media\/6408"}],"wp:attachment":[{"href":"https:\/\/alleegalerii.ee\/en\/wp-json\/wp\/v2\/media?parent=5888"}],"wp:term":[{"taxonomy":"project-cat","embeddable":true,"href":"https:\/\/alleegalerii.ee\/en\/wp-json\/wp\/v2\/project-cat?post=5888"}],"curies":[{"name":"wp","href":"https:\/\/api.w.org\/{rel}","templated":true}]}}

Mare Vint &#8220;Võõras rand&#8221; 1985. Lm 69 x 67,5 cm.

<div class="wpb-content-wrapper"><p>[vc_row equal_height=&#8221;yes&#8221; mobile_bg_img_hidden=&#8221;no&#8221; tablet_bg_img_hidden=&#8221;no&#8221; woodmart_parallax=&#8221;0&#8243; woodmart_gradient_switch=&#8221;no&#8221; row_reverse_mobile=&#8221;0&#8243; row_reverse_tablet=&#8221;0&#8243; woodmart_disable_overflow=&#8221;0&#8243;][vc_column width=&#8221;2/3&#8243;][vc_single_image image=&#8221;6409&#8243; img_size=&#8221;full&#8221; woodmart_inline=&#8221;no&#8221; parallax_scroll=&#8221;no&#8221;][vc_single_image image=&#8221;6408&#8243; img_size=&#8221;full&#8221; woodmart_inline=&#8221;no&#8221; parallax_scroll=&#8221;no&#8221;][vc_single_image image=&#8221;6410&#8243; img_size=&#8221;full&#8221; woodmart_inline=&#8221;no&#8221; parallax_scroll=&#8221;no&#8221;][vc_single_image image=&#8221;6412&#8243; img_size=&#8221;full&#8221; woodmart_inline=&#8221;no&#8221; parallax_scroll=&#8221;no&#8221;][vc_single_image image=&#8221;6414&#8243; img_size=&#8221;full&#8221; woodmart_inline=&#8221;no&#8221; parallax_scroll=&#8221;no&#8221;][/vc_column][vc_column width=&#8221;1/3&#8243; mobile_bg_img_hidden=&#8221;no&#8221; tablet_bg_img_hidden=&#8221;no&#8221; woodmart_parallax=&#8221;0&#8243; woodmart_sticky_column=&#8221;true&#8221; parallax_scroll=&#8221;no&#8221; mobile_reset_margin=&#8221;no&#8221; tablet_reset_margin=&#8221;no&#8221;][vc_column_text text_larger=&#8221;yes&#8221; css=&#8221;.vc_custom_1647436263475{margin-bottom: 0px !important;}&#8221; woodmart_inline=&#8221;no&#8221;]</p>
<h2 style="font-size: 35px;">Mare Vint &#8220;Võõras rand&#8221;</h2>
<p>[/vc_column_text][vc_custom_heading text=&#8221;GRAAFIKA KEVADOKSJON 2022</p>
<p>Lito. 1985.<br />
All vasakul: &#8220;Võõras rand&#8220; lito 35/70<br />
All paremal: MVint ´85&#8243; font_container=&#8221;tag:h5|text_align:left&#8221; use_theme_fonts=&#8221;yes&#8221;][vc_column_text text_larger=&#8221;no&#8221;][/vc_column_text][vc_column_text text_larger=&#8221;no&#8221; woodmart_inline=&#8221;no&#8221;]</p>
<table>
<tbody>
<tr>
<th>Mõõdud</th>
<td style="text-align: right;">Lm 69 x 67,5 cm</td>
</tr>
<tr>
<th>Alghind</th>
<td style="text-align: right;">600 EUR</td>
</tr>
</tbody>
</table>
<p>[/vc_column_text][vc_column_text text_larger=&#8221;no&#8221; woodmart_inline=&#8221;no&#8221;]</p>
<table>
<tbody>
<tr>
<th style="text-align: left;">Pakkumisi</th>
<td style="text-align: right;">4</td>
</tr>
<tr>
<th style="text-align: left;">Haamrihind</th>
<td style="text-align: right;">750 EUR</td>
</tr>
</tbody>
</table>
<p>[/vc_column_text][vc_column_text text_larger=&#8221;no&#8221; woodmart_inline=&#8221;no&#8221;]Graafik Mare Vindi (1942 &#8211; 2020) oskus näha ilu ja harmooniat argistes objektides nagu pargid, aiad või hooned, märgata nende esteetilist vormi ja individuaalset sära tõi eesti kunstiväljale õrnad ja poeetilised ideaalmaastikud. Oma kindla rütmiga, kontuuridega eraldatud kujutised, mida ta jooni ning täpikesi kasutades lõi, kulmineerusid visuaalselt pehmeis, kuid sõnumi poolest kõlavais lehtedes.</p>
<p>„Võõras rand“ on pealkirja poolest paradoksaalne, sest vaataja jaoks on Vint silutud paekivist müüri ja lopsaka puudepuhma toonud intiimselt lähedale, muutnud selle hubaseks ja koduseks. Paekivi kui eesti üks rahvussümboleid kannab edasi eestluse vankumatut vaimu ning taamalt paistev killuke rannaviirgu idealiseerib merd kui rannarahva peamist elatusallikat läbi sajandite.</p>
<p>Teos kuulub Eesti Kunstimuuseumi kollektsiooni.[/vc_column_text][/vc_column][/vc_row]</p>
</div>
