{"id":5773,"date":"2022-03-28T12:23:08","date_gmt":"2022-03-28T09:23:08","guid":{"rendered":"https:\/\/alleegalerii.ee\/?post_type=portfolio&#038;p=5773"},"modified":"2022-04-16T14:12:50","modified_gmt":"2022-04-16T11:12:50","slug":"silvi-liiva-tudrukud-1975","status":"publish","type":"portfolio","link":"https:\/\/alleegalerii.ee\/en\/art-auctions\/silvi-liiva-tudrukud-1975\/","title":{"rendered":"Silvi Liiva &#8220;T\u00fcdrukud&#8221;, 1975. Plm 49 x 40,5 cm."},"content":{"rendered":"<div class=\"wpb-content-wrapper\"><p>[vc_row equal_height=&#8221;yes&#8221; mobile_bg_img_hidden=&#8221;no&#8221; tablet_bg_img_hidden=&#8221;no&#8221; woodmart_parallax=&#8221;0&#8243; woodmart_gradient_switch=&#8221;no&#8221; row_reverse_mobile=&#8221;0&#8243; row_reverse_tablet=&#8221;0&#8243; woodmart_disable_overflow=&#8221;0&#8243;][vc_column width=&#8221;2\/3&#8243;][vc_single_image image=&#8221;5684&#8243; img_size=&#8221;full&#8221; woodmart_inline=&#8221;no&#8221; parallax_scroll=&#8221;no&#8221;][vc_single_image image=&#8221;5682&#8243; img_size=&#8221;full&#8221; woodmart_inline=&#8221;no&#8221; parallax_scroll=&#8221;no&#8221;][vc_single_image image=&#8221;5683&#8243; img_size=&#8221;full&#8221; woodmart_inline=&#8221;no&#8221; parallax_scroll=&#8221;no&#8221;][vc_single_image image=&#8221;5688&#8243; img_size=&#8221;full&#8221; woodmart_inline=&#8221;no&#8221; parallax_scroll=&#8221;no&#8221;][vc_single_image image=&#8221;5685&#8243; img_size=&#8221;full&#8221; woodmart_inline=&#8221;no&#8221; parallax_scroll=&#8221;no&#8221;][vc_single_image image=&#8221;5690&#8243; img_size=&#8221;full&#8221; woodmart_inline=&#8221;no&#8221; parallax_scroll=&#8221;no&#8221;][vc_single_image image=&#8221;5691&#8243; img_size=&#8221;full&#8221; woodmart_inline=&#8221;no&#8221; parallax_scroll=&#8221;no&#8221;][\/vc_column][vc_column width=&#8221;1\/3&#8243; mobile_bg_img_hidden=&#8221;no&#8221; tablet_bg_img_hidden=&#8221;no&#8221; woodmart_parallax=&#8221;0&#8243; woodmart_sticky_column=&#8221;true&#8221; parallax_scroll=&#8221;no&#8221; mobile_reset_margin=&#8221;no&#8221; tablet_reset_margin=&#8221;no&#8221;][vc_column_text text_larger=&#8221;yes&#8221; css=&#8221;.vc_custom_1647152037016{margin-bottom: 0px !important;}&#8221; woodmart_inline=&#8221;no&#8221;]<\/p>\n<h2 style=\"font-size: 35px;\">Silvi Liiva &#8220;T\u00fcdrukud&#8221;<\/h2>\n<p>[\/vc_column_text][vc_custom_heading text=&#8221;GRAAFIKA KEVADOKSJON 2022<\/p>\n<p>Ofort. 1975.<br \/>\nAll vasakul: T\u00fcdrukud. Ofort. 10\/30<br \/>\nAll paremal: Silvi Liiva 1975&#8243; font_container=&#8221;tag:h5|text_align:left&#8221; use_theme_fonts=&#8221;yes&#8221;][vc_column_text text_larger=&#8221;no&#8221;][\/vc_column_text][vc_column_text text_larger=&#8221;no&#8221; woodmart_inline=&#8221;no&#8221;]<\/p>\n<table>\n<tbody>\n<tr>\n<th>M\u00f5\u00f5dud<\/th>\n<td style=\"text-align: right;\">Plm 49 x 40,5 cm<\/td>\n<\/tr>\n<tr>\n<th>Alghind<\/th>\n<td style=\"text-align: right;\">\u00a0 600 EUR<\/td>\n<\/tr>\n<\/tbody>\n<\/table>\n<p>[\/vc_column_text][vc_column_text text_larger=&#8221;no&#8221; woodmart_inline=&#8221;no&#8221;]<\/p>\n<table>\n<tbody>\n<tr>\n<th style=\"text-align: left;\">Pakkumisi<\/th>\n<td style=\"text-align: right;\">6<\/td>\n<\/tr>\n<tr>\n<th style=\"text-align: left;\">Haamrihind<\/th>\n<td style=\"text-align: right;\">\u00a0 850 EUR<\/td>\n<\/tr>\n<\/tbody>\n<\/table>\n<p>[\/vc_column_text][vc_column_text text_larger=&#8221;no&#8221; woodmart_inline=&#8221;no&#8221;]Nagu mitmete teiste noorte kunstnike looming 1970-ndatel, oli ka Silvi Liiva (s. 1941) kunst tugevasti m\u00f5jutatud s\u00fcrrealismist selle keskendatusega alateadvusele, inimese tundemaailmale. Oma \u00f5rna, subliimse kujutlusviisiga tuntuks saanud Liiva p\u00e4lvis neljal korral Kunstnike Liidu aastapreemia ning on hiljem autasustatud veel mitmete auhindadega.<\/p>\n<p>Liiva meelistehnikaks 1970-ndatel oli ofort, mis oma pehmusega v\u00f5imaldas tundevarjundeid eriti h\u00e4sti esile tuua. Sageli kehastasid neid tema loomingus haldjataolised naiskujud, keda kunstnik kujutas nii s\u00fcrreaalsemates kui igap\u00e4evasemates situatsioonides. Tema \u201eT\u00fcdrukud\u201c on poeetiline vaade s\u00fcdasuvisele pidustusele, kus \u00fcle oru k\u00f5lava pillihelina saatel lookleb haldjate rongk\u00e4ik l\u00e4bi p\u00e4rgadega kaunistatud tee. Voolavate m\u00e4ekumeruste inspiratsiooniallikaks v\u00f5is olla Liiva s\u00fcnnikodu Setomaal V\u00e4rskas.[\/vc_column_text][\/vc_column][\/vc_row]<\/p>\n<\/div>","protected":false},"excerpt":{"rendered":"<p>[vc_row equal_height=&#8221;yes&#8221; mobile_bg_img_hidden=&#8221;no&#8221; tablet_bg_img_hidden=&#8221;no&#8221; woodmart_parallax=&#8221;0&#8243; woodmart_gradient_switch=&#8221;no&#8221; row_reverse_mobile=&#8221;0&#8243; row_reverse_tablet=&#8221;0&#8243; woodmart_disable_overflow=&#8221;0&#8243;][vc_column width=&#8221;2\/3&#8243;][vc_single_image image=&#8221;5684&#8243; img_size=&#8221;full&#8221; woodmart_inline=&#8221;no&#8221; parallax_scroll=&#8221;no&#8221;][vc_single_image image=&#8221;5682&#8243; img_size=&#8221;full&#8221; woodmart_inline=&#8221;no&#8221; parallax_scroll=&#8221;no&#8221;][vc_single_image image=&#8221;5683&#8243; img_size=&#8221;full&#8221;<\/p>\n","protected":false},"featured_media":5682,"menu_order":1851,"comment_status":"closed","ping_status":"closed","template":"","project-cat":[80],"class_list":["post-5773","portfolio","type-portfolio","status-publish","has-post-thumbnail","hentry","project-cat-graafika-kevadoksjon-2022"],"acf":[],"_links":{"self":[{"href":"https:\/\/alleegalerii.ee\/en\/wp-json\/wp\/v2\/portfolio\/5773","targetHints":{"allow":["GET"]}}],"collection":[{"href":"https:\/\/alleegalerii.ee\/en\/wp-json\/wp\/v2\/portfolio"}],"about":[{"href":"https:\/\/alleegalerii.ee\/en\/wp-json\/wp\/v2\/types\/portfolio"}],"replies":[{"embeddable":true,"href":"https:\/\/alleegalerii.ee\/en\/wp-json\/wp\/v2\/comments?post=5773"}],"wp:featuredmedia":[{"embeddable":true,"href":"https:\/\/alleegalerii.ee\/en\/wp-json\/wp\/v2\/media\/5682"}],"wp:attachment":[{"href":"https:\/\/alleegalerii.ee\/en\/wp-json\/wp\/v2\/media?parent=5773"}],"wp:term":[{"taxonomy":"project-cat","embeddable":true,"href":"https:\/\/alleegalerii.ee\/en\/wp-json\/wp\/v2\/project-cat?post=5773"}],"curies":[{"name":"wp","href":"https:\/\/api.w.org\/{rel}","templated":true}]}}

Silvi Liiva &#8220;Tüdrukud&#8221;, 1975. Plm 49 x 40,5 cm.

<div class="wpb-content-wrapper"><p>[vc_row equal_height=&#8221;yes&#8221; mobile_bg_img_hidden=&#8221;no&#8221; tablet_bg_img_hidden=&#8221;no&#8221; woodmart_parallax=&#8221;0&#8243; woodmart_gradient_switch=&#8221;no&#8221; row_reverse_mobile=&#8221;0&#8243; row_reverse_tablet=&#8221;0&#8243; woodmart_disable_overflow=&#8221;0&#8243;][vc_column width=&#8221;2/3&#8243;][vc_single_image image=&#8221;5684&#8243; img_size=&#8221;full&#8221; woodmart_inline=&#8221;no&#8221; parallax_scroll=&#8221;no&#8221;][vc_single_image image=&#8221;5682&#8243; img_size=&#8221;full&#8221; woodmart_inline=&#8221;no&#8221; parallax_scroll=&#8221;no&#8221;][vc_single_image image=&#8221;5683&#8243; img_size=&#8221;full&#8221; woodmart_inline=&#8221;no&#8221; parallax_scroll=&#8221;no&#8221;][vc_single_image image=&#8221;5688&#8243; img_size=&#8221;full&#8221; woodmart_inline=&#8221;no&#8221; parallax_scroll=&#8221;no&#8221;][vc_single_image image=&#8221;5685&#8243; img_size=&#8221;full&#8221; woodmart_inline=&#8221;no&#8221; parallax_scroll=&#8221;no&#8221;][vc_single_image image=&#8221;5690&#8243; img_size=&#8221;full&#8221; woodmart_inline=&#8221;no&#8221; parallax_scroll=&#8221;no&#8221;][vc_single_image image=&#8221;5691&#8243; img_size=&#8221;full&#8221; woodmart_inline=&#8221;no&#8221; parallax_scroll=&#8221;no&#8221;][/vc_column][vc_column width=&#8221;1/3&#8243; mobile_bg_img_hidden=&#8221;no&#8221; tablet_bg_img_hidden=&#8221;no&#8221; woodmart_parallax=&#8221;0&#8243; woodmart_sticky_column=&#8221;true&#8221; parallax_scroll=&#8221;no&#8221; mobile_reset_margin=&#8221;no&#8221; tablet_reset_margin=&#8221;no&#8221;][vc_column_text text_larger=&#8221;yes&#8221; css=&#8221;.vc_custom_1647152037016{margin-bottom: 0px !important;}&#8221; woodmart_inline=&#8221;no&#8221;]</p>
<h2 style="font-size: 35px;">Silvi Liiva &#8220;Tüdrukud&#8221;</h2>
<p>[/vc_column_text][vc_custom_heading text=&#8221;GRAAFIKA KEVADOKSJON 2022</p>
<p>Ofort. 1975.<br />
All vasakul: Tüdrukud. Ofort. 10/30<br />
All paremal: Silvi Liiva 1975&#8243; font_container=&#8221;tag:h5|text_align:left&#8221; use_theme_fonts=&#8221;yes&#8221;][vc_column_text text_larger=&#8221;no&#8221;][/vc_column_text][vc_column_text text_larger=&#8221;no&#8221; woodmart_inline=&#8221;no&#8221;]</p>
<table>
<tbody>
<tr>
<th>Mõõdud</th>
<td style="text-align: right;">Plm 49 x 40,5 cm</td>
</tr>
<tr>
<th>Alghind</th>
<td style="text-align: right;">  600 EUR</td>
</tr>
</tbody>
</table>
<p>[/vc_column_text][vc_column_text text_larger=&#8221;no&#8221; woodmart_inline=&#8221;no&#8221;]</p>
<table>
<tbody>
<tr>
<th style="text-align: left;">Pakkumisi</th>
<td style="text-align: right;">6</td>
</tr>
<tr>
<th style="text-align: left;">Haamrihind</th>
<td style="text-align: right;">  850 EUR</td>
</tr>
</tbody>
</table>
<p>[/vc_column_text][vc_column_text text_larger=&#8221;no&#8221; woodmart_inline=&#8221;no&#8221;]Nagu mitmete teiste noorte kunstnike looming 1970-ndatel, oli ka Silvi Liiva (s. 1941) kunst tugevasti mõjutatud sürrealismist selle keskendatusega alateadvusele, inimese tundemaailmale. Oma õrna, subliimse kujutlusviisiga tuntuks saanud Liiva pälvis neljal korral Kunstnike Liidu aastapreemia ning on hiljem autasustatud veel mitmete auhindadega.</p>
<p>Liiva meelistehnikaks 1970-ndatel oli ofort, mis oma pehmusega võimaldas tundevarjundeid eriti hästi esile tuua. Sageli kehastasid neid tema loomingus haldjataolised naiskujud, keda kunstnik kujutas nii sürreaalsemates kui igapäevasemates situatsioonides. Tema „Tüdrukud“ on poeetiline vaade südasuvisele pidustusele, kus üle oru kõlava pillihelina saatel lookleb haldjate rongkäik läbi pärgadega kaunistatud tee. Voolavate mäekumeruste inspiratsiooniallikaks võis olla Liiva sünnikodu Setomaal Värskas.[/vc_column_text][/vc_column][/vc_row]</p>
</div>
