{"id":3762,"date":"2021-09-30T22:13:57","date_gmt":"2021-09-30T19:13:57","guid":{"rendered":"https:\/\/alleegalerii.ee\/?post_type=portfolio&#038;p=3762"},"modified":"2022-02-07T10:59:30","modified_gmt":"2022-02-07T08:59:30","slug":"sirje-eelma-valgustid-xv-2012-244-x-42cm","status":"publish","type":"portfolio","link":"https:\/\/alleegalerii.ee\/en\/art-auctions\/sirje-eelma-valgustid-xv-2012-244-x-42cm\/","title":{"rendered":"Sirje Eelma &#8220;Valgustid XV&#8221;, 2012. 24,4 x 42cm"},"content":{"rendered":"<div class=\"wpb-content-wrapper\"><p>[vc_row equal_height=&#8221;yes&#8221; mobile_bg_img_hidden=&#8221;no&#8221; tablet_bg_img_hidden=&#8221;no&#8221; woodmart_parallax=&#8221;0&#8243; woodmart_gradient_switch=&#8221;no&#8221; row_reverse_mobile=&#8221;0&#8243; row_reverse_tablet=&#8221;0&#8243; woodmart_disable_overflow=&#8221;0&#8243;][vc_column width=&#8221;2\/3&#8243;][vc_single_image image=&#8221;3828&#8243; img_size=&#8221;full&#8221; woodmart_inline=&#8221;no&#8221; parallax_scroll=&#8221;no&#8221;][vc_single_image image=&#8221;3829&#8243; img_size=&#8221;full&#8221; woodmart_inline=&#8221;no&#8221; parallax_scroll=&#8221;no&#8221;][\/vc_column][vc_column width=&#8221;1\/3&#8243; mobile_bg_img_hidden=&#8221;no&#8221; tablet_bg_img_hidden=&#8221;no&#8221; woodmart_parallax=&#8221;0&#8243; woodmart_sticky_column=&#8221;true&#8221; parallax_scroll=&#8221;no&#8221; mobile_reset_margin=&#8221;no&#8221; tablet_reset_margin=&#8221;no&#8221;][vc_column_text text_larger=&#8221;yes&#8221; css=&#8221;.vc_custom_1632836681336{margin-bottom: 0px !important;}&#8221; woodmart_inline=&#8221;no&#8221;]<\/p>\n<h2 style=\"font-size: 35px;\">Sirje Eelma &#8220;Valgustid XV&#8221;<\/h2>\n<p>[\/vc_column_text][vc_custom_heading text=&#8221;GRAAFIKAOKSJON 2021<\/p>\n<p>S\u00fcgavtr\u00fckk, k\u00f5rgtr\u00fckk. 2012.<br \/>\nAll vasakul: &#8220;Valgustid XV&#8220; (s\u00fcgavtr\u00fckk, k\u00f5rgtr\u00fckk) II\/IV tpla<br \/>\nAll paremal: S Eelma &#8216;2012&#8243; font_container=&#8221;tag:h5|text_align:left&#8221; use_theme_fonts=&#8221;yes&#8221;][vc_column_text text_larger=&#8221;no&#8221;][\/vc_column_text][vc_column_text text_larger=&#8221;no&#8221; woodmart_inline=&#8221;no&#8221;]<\/p>\n<table>\n<tbody>\n<tr>\n<th>M\u00f5\u00f5dud<\/th>\n<td style=\"text-align: right;\">24,4 x 42 cm<\/td>\n<\/tr>\n<tr>\n<th>Alghind<\/th>\n<td style=\"text-align: right;\">700\u00a0 EUR<\/td>\n<\/tr>\n<\/tbody>\n<\/table>\n<p>[\/vc_column_text][vc_column_text text_larger=&#8221;no&#8221; woodmart_inline=&#8221;no&#8221;]<\/p>\n<table>\n<tbody>\n<tr>\n<th>Pakkumisi<\/th>\n<td style=\"text-align: right;\">2<\/td>\n<\/tr>\n<tr>\n<th>Haamrihind<\/th>\n<td style=\"text-align: right;\">750\u00a0 EUR<\/td>\n<\/tr>\n<\/tbody>\n<\/table>\n<p>[\/vc_column_text][vc_column_text text_larger=&#8221;no&#8221; woodmart_inline=&#8221;no&#8221;]Graafik Sirje Eelma hakkas oma t\u00f6\u00f6dega n\u00e4itustel esinema 1970. aastate keskel, kuid suurema t\u00e4helepanu p\u00e4lvis 1980. aastate algul. Oma loomingus arhitektuurist, loodusest ja moekunstist inspiratsiooni ammutav kunstnik on \u00fcheks oma kujutamisobjektiks valinud valgustid.<\/p>\n<p>Eelma elegantne vormikeel ja objektide kerge m\u00fcstiline kuma on k\u00e4esolevas valgustite-sarja kuuluvas teoses selgelt n\u00e4ha. Meisterlikult on kunstnik suutnud leida tasakaalu h\u00f5\u00f5guvate valgustite ning taamal figureeriva looduse vahel, j\u00e4ttes aga pildi \u00fclaosas domineerima m\u00fcstilise s\u00fcgavmusta kosmose.[\/vc_column_text][\/vc_column][\/vc_row]<\/p>\n<\/div>","protected":false},"excerpt":{"rendered":"<p>[vc_row equal_height=&#8221;yes&#8221; mobile_bg_img_hidden=&#8221;no&#8221; tablet_bg_img_hidden=&#8221;no&#8221; woodmart_parallax=&#8221;0&#8243; woodmart_gradient_switch=&#8221;no&#8221; row_reverse_mobile=&#8221;0&#8243; row_reverse_tablet=&#8221;0&#8243; woodmart_disable_overflow=&#8221;0&#8243;][vc_column width=&#8221;2\/3&#8243;][vc_single_image image=&#8221;3828&#8243; img_size=&#8221;full&#8221; woodmart_inline=&#8221;no&#8221; parallax_scroll=&#8221;no&#8221;][vc_single_image image=&#8221;3829&#8243; img_size=&#8221;full&#8221; woodmart_inline=&#8221;no&#8221; parallax_scroll=&#8221;no&#8221;][\/vc_column][vc_column width=&#8221;1\/3&#8243; mobile_bg_img_hidden=&#8221;no&#8221;<\/p>\n","protected":false},"featured_media":3829,"menu_order":1923,"comment_status":"closed","ping_status":"closed","template":"","project-cat":[71],"class_list":["post-3762","portfolio","type-portfolio","status-publish","has-post-thumbnail","hentry","project-cat-graafikaoksjon-2021"],"acf":[],"_links":{"self":[{"href":"https:\/\/alleegalerii.ee\/en\/wp-json\/wp\/v2\/portfolio\/3762","targetHints":{"allow":["GET"]}}],"collection":[{"href":"https:\/\/alleegalerii.ee\/en\/wp-json\/wp\/v2\/portfolio"}],"about":[{"href":"https:\/\/alleegalerii.ee\/en\/wp-json\/wp\/v2\/types\/portfolio"}],"replies":[{"embeddable":true,"href":"https:\/\/alleegalerii.ee\/en\/wp-json\/wp\/v2\/comments?post=3762"}],"wp:featuredmedia":[{"embeddable":true,"href":"https:\/\/alleegalerii.ee\/en\/wp-json\/wp\/v2\/media\/3829"}],"wp:attachment":[{"href":"https:\/\/alleegalerii.ee\/en\/wp-json\/wp\/v2\/media?parent=3762"}],"wp:term":[{"taxonomy":"project-cat","embeddable":true,"href":"https:\/\/alleegalerii.ee\/en\/wp-json\/wp\/v2\/project-cat?post=3762"}],"curies":[{"name":"wp","href":"https:\/\/api.w.org\/{rel}","templated":true}]}}

<div class="wpb-content-wrapper"><p>[vc_row equal_height=&#8221;yes&#8221; mobile_bg_img_hidden=&#8221;no&#8221; tablet_bg_img_hidden=&#8221;no&#8221; woodmart_parallax=&#8221;0&#8243; woodmart_gradient_switch=&#8221;no&#8221; row_reverse_mobile=&#8221;0&#8243; row_reverse_tablet=&#8221;0&#8243; woodmart_disable_overflow=&#8221;0&#8243;][vc_column width=&#8221;2/3&#8243;][vc_single_image image=&#8221;3828&#8243; img_size=&#8221;full&#8221; woodmart_inline=&#8221;no&#8221; parallax_scroll=&#8221;no&#8221;][vc_single_image image=&#8221;3829&#8243; img_size=&#8221;full&#8221; woodmart_inline=&#8221;no&#8221; parallax_scroll=&#8221;no&#8221;][/vc_column][vc_column width=&#8221;1/3&#8243; mobile_bg_img_hidden=&#8221;no&#8221; tablet_bg_img_hidden=&#8221;no&#8221; woodmart_parallax=&#8221;0&#8243; woodmart_sticky_column=&#8221;true&#8221; parallax_scroll=&#8221;no&#8221; mobile_reset_margin=&#8221;no&#8221; tablet_reset_margin=&#8221;no&#8221;][vc_column_text text_larger=&#8221;yes&#8221; css=&#8221;.vc_custom_1632836681336{margin-bottom: 0px !important;}&#8221; woodmart_inline=&#8221;no&#8221;]</p>
<h2 style="font-size: 35px;">Sirje Eelma &#8220;Valgustid XV&#8221;</h2>
<p>[/vc_column_text][vc_custom_heading text=&#8221;GRAAFIKAOKSJON 2021</p>
<p>Sügavtrükk, kõrgtrükk. 2012.<br />
All vasakul: &#8220;Valgustid XV&#8220; (sügavtrükk, kõrgtrükk) II/IV tpla<br />
All paremal: S Eelma &#8216;2012&#8243; font_container=&#8221;tag:h5|text_align:left&#8221; use_theme_fonts=&#8221;yes&#8221;][vc_column_text text_larger=&#8221;no&#8221;][/vc_column_text][vc_column_text text_larger=&#8221;no&#8221; woodmart_inline=&#8221;no&#8221;]</p>
<table>
<tbody>
<tr>
<th>Mõõdud</th>
<td style="text-align: right;">24,4 x 42 cm</td>
</tr>
<tr>
<th>Alghind</th>
<td style="text-align: right;">700  EUR</td>
</tr>
</tbody>
</table>
<p>[/vc_column_text][vc_column_text text_larger=&#8221;no&#8221; woodmart_inline=&#8221;no&#8221;]</p>
<table>
<tbody>
<tr>
<th>Pakkumisi</th>
<td style="text-align: right;">2</td>
</tr>
<tr>
<th>Haamrihind</th>
<td style="text-align: right;">750  EUR</td>
</tr>
</tbody>
</table>
<p>[/vc_column_text][vc_column_text text_larger=&#8221;no&#8221; woodmart_inline=&#8221;no&#8221;]Graafik Sirje Eelma hakkas oma töödega näitustel esinema 1970. aastate keskel, kuid suurema tähelepanu pälvis 1980. aastate algul. Oma loomingus arhitektuurist, loodusest ja moekunstist inspiratsiooni ammutav kunstnik on üheks oma kujutamisobjektiks valinud valgustid.</p>
<p>Eelma elegantne vormikeel ja objektide kerge müstiline kuma on käesolevas valgustite-sarja kuuluvas teoses selgelt näha. Meisterlikult on kunstnik suutnud leida tasakaalu hõõguvate valgustite ning taamal figureeriva looduse vahel, jättes aga pildi ülaosas domineerima müstilise sügavmusta kosmose.[/vc_column_text][/vc_column][/vc_row]</p>
</div>
