{"id":36714,"date":"2025-10-24T16:58:36","date_gmt":"2025-10-24T13:58:36","guid":{"rendered":"https:\/\/alleegalerii.ee\/?post_type=portfolio&#038;p=36714"},"modified":"2025-12-22T17:40:40","modified_gmt":"2025-12-22T15:40:40","slug":"ivo-lill-peegeldavad-pallid","status":"publish","type":"portfolio","link":"https:\/\/alleegalerii.ee\/en\/art-auctions\/ivo-lill-peegeldavad-pallid\/","title":{"rendered":"Ivo Lill &#8220;Peegeldavad pallid&#8221;"},"content":{"rendered":"<h5><strong>Klaas.<\/strong><\/h5>\n<p><span style=\"font-weight: 400;\">Eesti klaasikunsti suurimaid nimesid, paeluvate klaasvormide looja Ivo Lill v\u00f5lub erinevate tehnikate virtuoosse valdamisega. Tal on oskus esile tuua selle hapra materjali imelisi omadusi, mis \u00e4rgitavad meie fantaasiat ja tugevdavad ilumeelt. See on ka abstraktne ilu, esteetiline nauding, mida Lille klaasobjekte vaadeldes v\u00f5ib kogeda.<\/span><\/p>\n<p><span style=\"font-weight: 400;\">Tema \u201cPeegeldavad pallid\u201d, tehnoloogiliselt t\u00e4iuslikud geomeetria t\u00f5lgendused, adapteeruvad ruumi enda meeleoluga. Peegeldades tagasi selle vorme ja v\u00e4rve, on nad t\u00f5elist metamorfoosi pakkuvad iluloojad, mis muideks eriliselt kaunilt \u00e4rkavad ellu kaminavalgel.<\/span><\/p>\n<p style=\"text-align: right;\"><span style=\"font-weight: 400;\">Tekst: Katre Palm, Harry Liivrand<\/span><\/p>\n","protected":false},"excerpt":{"rendered":"<p>Klaas. Eesti klaasikunsti suurimaid nimesid, paeluvate klaasvormide looja Ivo Lill v\u00f5lub erinevate tehnikate virtuoosse valdamisega. Tal on oskus esile tuua<\/p>\n","protected":false},"featured_media":36717,"menu_order":470,"comment_status":"closed","ping_status":"closed","template":"","project-cat":[382],"class_list":["post-36714","portfolio","type-portfolio","status-publish","has-post-thumbnail","hentry","project-cat-sugisoksjon-2025"],"acf":[],"_links":{"self":[{"href":"https:\/\/alleegalerii.ee\/en\/wp-json\/wp\/v2\/portfolio\/36714","targetHints":{"allow":["GET"]}}],"collection":[{"href":"https:\/\/alleegalerii.ee\/en\/wp-json\/wp\/v2\/portfolio"}],"about":[{"href":"https:\/\/alleegalerii.ee\/en\/wp-json\/wp\/v2\/types\/portfolio"}],"replies":[{"embeddable":true,"href":"https:\/\/alleegalerii.ee\/en\/wp-json\/wp\/v2\/comments?post=36714"}],"wp:featuredmedia":[{"embeddable":true,"href":"https:\/\/alleegalerii.ee\/en\/wp-json\/wp\/v2\/media\/36717"}],"wp:attachment":[{"href":"https:\/\/alleegalerii.ee\/en\/wp-json\/wp\/v2\/media?parent=36714"}],"wp:term":[{"taxonomy":"project-cat","embeddable":true,"href":"https:\/\/alleegalerii.ee\/en\/wp-json\/wp\/v2\/project-cat?post=36714"}],"curies":[{"name":"wp","href":"https:\/\/api.w.org\/{rel}","templated":true}]}}

<h5><strong>Klaas.</strong></h5>
<p><span style="font-weight: 400;">Eesti klaasikunsti suurimaid nimesid, paeluvate klaasvormide looja Ivo Lill võlub erinevate tehnikate virtuoosse valdamisega. Tal on oskus esile tuua selle hapra materjali imelisi omadusi, mis ärgitavad meie fantaasiat ja tugevdavad ilumeelt. See on ka abstraktne ilu, esteetiline nauding, mida Lille klaasobjekte vaadeldes võib kogeda.</span></p>
<p><span style="font-weight: 400;">Tema “Peegeldavad pallid”, tehnoloogiliselt täiuslikud geomeetria tõlgendused, adapteeruvad ruumi enda meeleoluga. Peegeldades tagasi selle vorme ja värve, on nad tõelist metamorfoosi pakkuvad iluloojad, mis muideks eriliselt kaunilt ärkavad ellu kaminavalgel.</span></p>
<p style="text-align: right;"><span style="font-weight: 400;">Tekst: Katre Palm, Harry Liivrand</span></p>

<p>Klaas. Eesti klaasikunsti suurimaid nimesid, paeluvate klaasvormide looja Ivo Lill võlub erinevate tehnikate virtuoosse valdamisega. Tal on oskus esile tuua</p>
