{"id":2540,"date":"2021-03-31T15:35:52","date_gmt":"2021-03-31T13:35:52","guid":{"rendered":"https:\/\/alleegalerii.ee\/?post_type=portfolio&#038;p=2540"},"modified":"2021-12-01T16:14:48","modified_gmt":"2021-12-01T14:14:48","slug":"erich-leps-grunewald-1943-235-x-30-cm","status":"publish","type":"portfolio","link":"https:\/\/alleegalerii.ee\/en\/art-auctions\/erich-leps-grunewald-1943-235-x-30-cm\/","title":{"rendered":"Erich Leps &#8220;Grunewald&#8221;, 1943. 23,5 x 30 cm."},"content":{"rendered":"<div class=\"wpb-content-wrapper\"><p>[vc_row equal_height=&#8221;yes&#8221; mobile_bg_img_hidden=&#8221;no&#8221; tablet_bg_img_hidden=&#8221;no&#8221; woodmart_parallax=&#8221;0&#8243; woodmart_gradient_switch=&#8221;no&#8221; row_reverse_mobile=&#8221;0&#8243; row_reverse_tablet=&#8221;0&#8243; woodmart_disable_overflow=&#8221;0&#8243;][vc_column width=&#8221;2\/3&#8243;][vc_single_image image=&#8221;2564&#8243; img_size=&#8221;full&#8221; parallax_scroll=&#8221;no&#8221;][vc_single_image image=&#8221;2563&#8243; img_size=&#8221;full&#8221; parallax_scroll=&#8221;no&#8221;][vc_single_image image=&#8221;2565&#8243; img_size=&#8221;full&#8221; parallax_scroll=&#8221;no&#8221;][vc_single_image image=&#8221;2566&#8243; img_size=&#8221;full&#8221; parallax_scroll=&#8221;no&#8221;][vc_single_image image=&#8221;2567&#8243; img_size=&#8221;full&#8221; parallax_scroll=&#8221;no&#8221;][\/vc_column][vc_column width=&#8221;1\/3&#8243; mobile_bg_img_hidden=&#8221;no&#8221; tablet_bg_img_hidden=&#8221;no&#8221; woodmart_parallax=&#8221;0&#8243; woodmart_sticky_column=&#8221;true&#8221; parallax_scroll=&#8221;no&#8221; mobile_reset_margin=&#8221;no&#8221; tablet_reset_margin=&#8221;no&#8221;][vc_column_text text_larger=&#8221;yes&#8221; css=&#8221;.vc_custom_1617712969555{margin-bottom: 0px !important;}&#8221;]<\/p>\n<h2 style=\"font-size: 35px;\">Erich Leps &#8220;Grunewald&#8221;<\/h2>\n<p>[\/vc_column_text][vc_custom_heading text=&#8221;KEVADOKSJON 2021<\/p>\n<p>\u00d5li, kartong.<br \/>\nAll paremal: E. Leps \u00b443 Grunewald&#8221; font_container=&#8221;tag:h5|text_align:left&#8221; use_theme_fonts=&#8221;yes&#8221;][vc_column_text text_larger=&#8221;no&#8221;][\/vc_column_text][vc_column_text text_larger=&#8221;no&#8221;]<\/p>\n<table>\n<tbody>\n<tr>\n<th>M\u00f5\u00f5dud<\/th>\n<td style=\"text-align: right;\">23,5 x 30 cm<\/td>\n<\/tr>\n<tr>\n<th>Alghind<\/th>\n<td style=\"text-align: right;\">\u00a01300 EUR<\/td>\n<\/tr>\n<\/tbody>\n<\/table>\n<p>[\/vc_column_text][vc_column_text text_larger=&#8221;no&#8221;]<\/p>\n<table>\n<tbody>\n<tr>\n<th style=\"text-align: left;\">Pakkumisi<\/th>\n<td style=\"text-align: right;\">1<\/td>\n<\/tr>\n<tr>\n<th>Haamrihind<\/th>\n<td style=\"text-align: right;\">\u00a01300 EUR<\/td>\n<\/tr>\n<\/tbody>\n<\/table>\n<p>[\/vc_column_text][vc_column_text text_larger=&#8221;no&#8221;]Erich Leps (1901-1965) sai kunstihariduse nii Riigi Kunstt\u00f6\u00f6stuskoolist kui &#8220;Pallasest&#8221;, kus \u00f5ppis Nikolai Triigi k\u00e4e all. Eduka \u00f5pilasena m\u00e4\u00e4rati Lepsile stipendium Pariisi \u00f5ppima s\u00f5iduks ning nii t\u00e4iendaski ta enda pagasit Prantsusmaal ning tegi mitmeid reise teistessegi Euroopa riikidesse.\u00a0Peale \u00f5pinguid resideerus Leps P\u00e4rnus, kust korraldas l\u00e4bi oma kunstistuudio erinevaid reise Tallinna muuseumitesse ja n\u00e4itustele.<\/p>\n<p>Oksjonil olev teos p\u00e4rineb aastast 1943, mil Leps kutsuti koos Endel K\u00f5ksi ja Erich Pehapiga ringreisile l\u00e4bi Suur-Saksamaa (Austria kaasa arvatud). Teos kujutab puhkepiirkonda Grunewaldis Grunewaldsee \u00e4\u00e4res Berliin-Charlottenburgi\u00a0 ringkonnas. J\u00e4rve kaldad olid metsased ja kohati k\u00f5rged ning inspireerisid kunstnikku oma lopsakusega. 1944. aastal emigreerus kunstnik koos abikaasa Pauline Leps-Estamiga taas Saksamaale, Ulmi, kus j\u00e4tkas intensiivselt kunstialast tegevust ning esines pea k\u00f5ikidel eesti kunsti n\u00e4itustel, mis Saksamaal korraldati. Sarnaselt P\u00e4rnus alustatule, juhatas Leps ka paguluses aktiivselt Eesti pagulaste rakenduskunsti ja kunstk\u00e4sit\u00f6\u00f6 \u00fchingut nimega Estonian Handicraft.<sup id=\"cite_ref-leps_3-0\" class=\"reference\"><\/sup>[\/vc_column_text][\/vc_column][\/vc_row]<\/p>\n<\/div>","protected":false},"excerpt":{"rendered":"<p>[vc_row equal_height=&#8221;yes&#8221; mobile_bg_img_hidden=&#8221;no&#8221; tablet_bg_img_hidden=&#8221;no&#8221; woodmart_parallax=&#8221;0&#8243; woodmart_gradient_switch=&#8221;no&#8221; row_reverse_mobile=&#8221;0&#8243; row_reverse_tablet=&#8221;0&#8243; woodmart_disable_overflow=&#8221;0&#8243;][vc_column width=&#8221;2\/3&#8243;][vc_single_image image=&#8221;2564&#8243; img_size=&#8221;full&#8221; parallax_scroll=&#8221;no&#8221;][vc_single_image image=&#8221;2563&#8243; img_size=&#8221;full&#8221; parallax_scroll=&#8221;no&#8221;][vc_single_image image=&#8221;2565&#8243; img_size=&#8221;full&#8221; parallax_scroll=&#8221;no&#8221;][vc_single_image image=&#8221;2566&#8243;<\/p>\n","protected":false},"featured_media":2563,"menu_order":2083,"comment_status":"closed","ping_status":"closed","template":"","project-cat":[65],"class_list":["post-2540","portfolio","type-portfolio","status-publish","has-post-thumbnail","hentry","project-cat-kevadoksjon-2021"],"acf":[],"_links":{"self":[{"href":"https:\/\/alleegalerii.ee\/en\/wp-json\/wp\/v2\/portfolio\/2540","targetHints":{"allow":["GET"]}}],"collection":[{"href":"https:\/\/alleegalerii.ee\/en\/wp-json\/wp\/v2\/portfolio"}],"about":[{"href":"https:\/\/alleegalerii.ee\/en\/wp-json\/wp\/v2\/types\/portfolio"}],"replies":[{"embeddable":true,"href":"https:\/\/alleegalerii.ee\/en\/wp-json\/wp\/v2\/comments?post=2540"}],"wp:featuredmedia":[{"embeddable":true,"href":"https:\/\/alleegalerii.ee\/en\/wp-json\/wp\/v2\/media\/2563"}],"wp:attachment":[{"href":"https:\/\/alleegalerii.ee\/en\/wp-json\/wp\/v2\/media?parent=2540"}],"wp:term":[{"taxonomy":"project-cat","embeddable":true,"href":"https:\/\/alleegalerii.ee\/en\/wp-json\/wp\/v2\/project-cat?post=2540"}],"curies":[{"name":"wp","href":"https:\/\/api.w.org\/{rel}","templated":true}]}}

<div class="wpb-content-wrapper"><p>[vc_row equal_height=&#8221;yes&#8221; mobile_bg_img_hidden=&#8221;no&#8221; tablet_bg_img_hidden=&#8221;no&#8221; woodmart_parallax=&#8221;0&#8243; woodmart_gradient_switch=&#8221;no&#8221; row_reverse_mobile=&#8221;0&#8243; row_reverse_tablet=&#8221;0&#8243; woodmart_disable_overflow=&#8221;0&#8243;][vc_column width=&#8221;2/3&#8243;][vc_single_image image=&#8221;2564&#8243; img_size=&#8221;full&#8221; parallax_scroll=&#8221;no&#8221;][vc_single_image image=&#8221;2563&#8243; img_size=&#8221;full&#8221; parallax_scroll=&#8221;no&#8221;][vc_single_image image=&#8221;2565&#8243; img_size=&#8221;full&#8221; parallax_scroll=&#8221;no&#8221;][vc_single_image image=&#8221;2566&#8243; img_size=&#8221;full&#8221; parallax_scroll=&#8221;no&#8221;][vc_single_image image=&#8221;2567&#8243; img_size=&#8221;full&#8221; parallax_scroll=&#8221;no&#8221;][/vc_column][vc_column width=&#8221;1/3&#8243; mobile_bg_img_hidden=&#8221;no&#8221; tablet_bg_img_hidden=&#8221;no&#8221; woodmart_parallax=&#8221;0&#8243; woodmart_sticky_column=&#8221;true&#8221; parallax_scroll=&#8221;no&#8221; mobile_reset_margin=&#8221;no&#8221; tablet_reset_margin=&#8221;no&#8221;][vc_column_text text_larger=&#8221;yes&#8221; css=&#8221;.vc_custom_1617712969555{margin-bottom: 0px !important;}&#8221;]</p>
<h2 style="font-size: 35px;">Erich Leps &#8220;Grunewald&#8221;</h2>
<p>[/vc_column_text][vc_custom_heading text=&#8221;KEVADOKSJON 2021</p>
<p>Õli, kartong.<br />
All paremal: E. Leps ´43 Grunewald&#8221; font_container=&#8221;tag:h5|text_align:left&#8221; use_theme_fonts=&#8221;yes&#8221;][vc_column_text text_larger=&#8221;no&#8221;][/vc_column_text][vc_column_text text_larger=&#8221;no&#8221;]</p>
<table>
<tbody>
<tr>
<th>Mõõdud</th>
<td style="text-align: right;">23,5 x 30 cm</td>
</tr>
<tr>
<th>Alghind</th>
<td style="text-align: right;"> 1300 EUR</td>
</tr>
</tbody>
</table>
<p>[/vc_column_text][vc_column_text text_larger=&#8221;no&#8221;]</p>
<table>
<tbody>
<tr>
<th style="text-align: left;">Pakkumisi</th>
<td style="text-align: right;">1</td>
</tr>
<tr>
<th>Haamrihind</th>
<td style="text-align: right;"> 1300 EUR</td>
</tr>
</tbody>
</table>
<p>[/vc_column_text][vc_column_text text_larger=&#8221;no&#8221;]Erich Leps (1901-1965) sai kunstihariduse nii Riigi Kunsttööstuskoolist kui &#8220;Pallasest&#8221;, kus õppis Nikolai Triigi käe all. Eduka õpilasena määrati Lepsile stipendium Pariisi õppima sõiduks ning nii täiendaski ta enda pagasit Prantsusmaal ning tegi mitmeid reise teistessegi Euroopa riikidesse. Peale õpinguid resideerus Leps Pärnus, kust korraldas läbi oma kunstistuudio erinevaid reise Tallinna muuseumitesse ja näitustele.</p>
<p>Oksjonil olev teos pärineb aastast 1943, mil Leps kutsuti koos Endel Kõksi ja Erich Pehapiga ringreisile läbi Suur-Saksamaa (Austria kaasa arvatud). Teos kujutab puhkepiirkonda Grunewaldis Grunewaldsee ääres Berliin-Charlottenburgi  ringkonnas. Järve kaldad olid metsased ja kohati kõrged ning inspireerisid kunstnikku oma lopsakusega. 1944. aastal emigreerus kunstnik koos abikaasa Pauline Leps-Estamiga taas Saksamaale, Ulmi, kus jätkas intensiivselt kunstialast tegevust ning esines pea kõikidel eesti kunsti näitustel, mis Saksamaal korraldati. Sarnaselt Pärnus alustatule, juhatas Leps ka paguluses aktiivselt Eesti pagulaste rakenduskunsti ja kunstkäsitöö ühingut nimega Estonian Handicraft.<sup id="cite_ref-leps_3-0" class="reference"></sup>[/vc_column_text][/vc_column][/vc_row]</p>
</div>
