{"id":16546,"date":"2024-04-09T23:20:26","date_gmt":"2024-04-09T20:20:26","guid":{"rendered":"https:\/\/alleegalerii.ee\/?post_type=portfolio&#038;p=16546"},"modified":"2026-01-15T15:45:08","modified_gmt":"2026-01-15T13:45:08","slug":"kristjan-teder-suvine-puhkehetk-avatud-aknaga-1948-1155-x-89-cm","status":"publish","type":"portfolio","link":"https:\/\/alleegalerii.ee\/en\/art-auctions\/kristjan-teder-suvine-puhkehetk-avatud-aknaga-1948-1155-x-89-cm\/","title":{"rendered":"Kristjan Teder &#8220;Suvine puhkehetk avatud aknaga&#8221;, 1948. 115,5 x 89 cm"},"content":{"rendered":"<div class=\"wpb-content-wrapper\"><p>[vc_row equal_height=&#8221;yes&#8221; mobile_bg_img_hidden=&#8221;no&#8221; tablet_bg_img_hidden=&#8221;no&#8221; woodmart_parallax=&#8221;0&#8243; woodmart_gradient_switch=&#8221;no&#8221; row_reverse_mobile=&#8221;0&#8243; row_reverse_tablet=&#8221;0&#8243; woodmart_disable_overflow=&#8221;0&#8243;][vc_column width=&#8221;2\/3&#8243;][vc_single_image image=&#8221;16615&#8243; img_size=&#8221;full&#8221; woodmart_inline=&#8221;no&#8221; parallax_scroll=&#8221;no&#8221;][vc_video link=&#8221;https:\/\/youtu.be\/JbDs2hkKFrQ?si=l5FFJ4KXHNPUYcrb&#8221; woodmart_css_id=&#8221;6637801ebb7fa&#8221; image_poster_switch=&#8221;no&#8221;][vc_single_image image=&#8221;16616&#8243; img_size=&#8221;full&#8221; woodmart_inline=&#8221;no&#8221; parallax_scroll=&#8221;no&#8221;][vc_single_image image=&#8221;16617&#8243; img_size=&#8221;full&#8221; woodmart_inline=&#8221;no&#8221; parallax_scroll=&#8221;no&#8221;][vc_single_image image=&#8221;16618&#8243; img_size=&#8221;full&#8221; woodmart_inline=&#8221;no&#8221; parallax_scroll=&#8221;no&#8221;][\/vc_column][vc_column width=&#8221;1\/3&#8243; mobile_bg_img_hidden=&#8221;no&#8221; tablet_bg_img_hidden=&#8221;no&#8221; woodmart_parallax=&#8221;0&#8243; woodmart_sticky_column=&#8221;true&#8221; parallax_scroll=&#8221;no&#8221; mobile_reset_margin=&#8221;no&#8221; tablet_reset_margin=&#8221;no&#8221;][vc_column_text text_larger=&#8221;yes&#8221; css=&#8221;.vc_custom_1712694008658{margin-bottom: 0px !important;}&#8221; woodmart_inline=&#8221;no&#8221;]<\/p>\n<h2 style=\"font-size: 35px;\">Kristjan Teder &#8220;Suvine puhkehetk avatud aknaga&#8221;<\/h2>\n<p>[\/vc_column_text][vc_custom_heading text=&#8221;KEVADOKSJON 2024<\/p>\n<p>\u00d5li l\u00f5uendil. 1948.<br \/>\nAll paremal: K. Teder. 1948.&#8221; font_container=&#8221;tag:h5|text_align:left&#8221; use_theme_fonts=&#8221;yes&#8221;][vc_column_text text_larger=&#8221;no&#8221;][\/vc_column_text][vc_column_text text_larger=&#8221;no&#8221; woodmart_inline=&#8221;no&#8221;]<\/p>\n<table>\n<tbody>\n<tr>\n<th>M\u00f5\u00f5dud<\/th>\n<td style=\"text-align: right;\">115,5 x 89 cm<\/td>\n<\/tr>\n<tr>\n<th>Alghind<\/th>\n<td style=\"text-align: right;\">\u00a0 4300 EUR<\/td>\n<\/tr>\n<\/tbody>\n<\/table>\n<p>[\/vc_column_text][vc_column_text text_larger=&#8221;no&#8221; woodmart_inline=&#8221;no&#8221;]<\/p>\n<table>\n<tbody>\n<tr>\n<th style=\"text-align: left;\">Pakkumisi<\/th>\n<td style=\"text-align: right;\">10<\/td>\n<\/tr>\n<tr>\n<th>Haamrihind<\/th>\n<td style=\"text-align: right;\">6100 EUR<\/td>\n<\/tr>\n<\/tbody>\n<\/table>\n<p>[\/vc_column_text][vc_column_text text_larger=&#8221;no&#8221; woodmart_inline=&#8221;no&#8221;]<span style=\"font-weight: 400;\">Konrad M\u00e4e ja Ado Vabbe k\u00e4e all kunstihariduse saanud pallaslase Kristjan Tedre arvukad reisid Euroopa kunstimekadesse j\u00e4tsid oma j\u00e4lje kunstniku loomingusse ja v\u00f5ime tema t\u00f6\u00f6des m\u00e4rgata eeskujusid kuulsatelt prantsuse impressionistidelt. Ka k\u00e4esolev, 1949. aastal maalitud pastelses koloriidis figuraalkompositsioon on impressionismisegune teos, milles p\u00f5hit\u00e4helepanu t\u00f5mbab diskreetne valguse ja varju kujutamine, helge ja muretu meeleolu loomine. See ajatu teos v\u00f5iks vabalt kuuluda ka 1930. aastate eesti kunsti, ainsad viited hilisemale ajale lebavad laual. Maal seinal ja aktiskulptuur kirjutuslaual koos Tedre firmam\u00e4rgiks saanud lillebuketiga r\u00f5hutavad omakorda ruumis valitsevat kultuurset keskkonda ja rahu.<\/span><\/p>\n<p style=\"text-align: right;\"><em><span style=\"font-weight: 400;\">Tekst: Harry Liivrand, Katre Palm<\/span><\/em><\/p>\n<p>[\/vc_column_text][\/vc_column][\/vc_row]<\/p>\n<\/div>","protected":false},"excerpt":{"rendered":"<p>[vc_row equal_height=&#8221;yes&#8221; mobile_bg_img_hidden=&#8221;no&#8221; tablet_bg_img_hidden=&#8221;no&#8221; woodmart_parallax=&#8221;0&#8243; woodmart_gradient_switch=&#8221;no&#8221; row_reverse_mobile=&#8221;0&#8243; row_reverse_tablet=&#8221;0&#8243; woodmart_disable_overflow=&#8221;0&#8243;][vc_column width=&#8221;2\/3&#8243;][vc_single_image image=&#8221;16615&#8243; img_size=&#8221;full&#8221; woodmart_inline=&#8221;no&#8221; parallax_scroll=&#8221;no&#8221;][vc_video link=&#8221;https:\/\/youtu.be\/JbDs2hkKFrQ?si=l5FFJ4KXHNPUYcrb&#8221; woodmart_css_id=&#8221;6637801ebb7fa&#8221; image_poster_switch=&#8221;no&#8221;][vc_single_image image=&#8221;16616&#8243; img_size=&#8221;full&#8221; woodmart_inline=&#8221;no&#8221;<\/p>\n","protected":false},"featured_media":16616,"menu_order":836,"comment_status":"closed","ping_status":"closed","template":"","project-cat":[286],"class_list":["post-16546","portfolio","type-portfolio","status-publish","has-post-thumbnail","hentry","project-cat-kevadoksjon-2024"],"acf":[],"_links":{"self":[{"href":"https:\/\/alleegalerii.ee\/en\/wp-json\/wp\/v2\/portfolio\/16546","targetHints":{"allow":["GET"]}}],"collection":[{"href":"https:\/\/alleegalerii.ee\/en\/wp-json\/wp\/v2\/portfolio"}],"about":[{"href":"https:\/\/alleegalerii.ee\/en\/wp-json\/wp\/v2\/types\/portfolio"}],"replies":[{"embeddable":true,"href":"https:\/\/alleegalerii.ee\/en\/wp-json\/wp\/v2\/comments?post=16546"}],"wp:featuredmedia":[{"embeddable":true,"href":"https:\/\/alleegalerii.ee\/en\/wp-json\/wp\/v2\/media\/16616"}],"wp:attachment":[{"href":"https:\/\/alleegalerii.ee\/en\/wp-json\/wp\/v2\/media?parent=16546"}],"wp:term":[{"taxonomy":"project-cat","embeddable":true,"href":"https:\/\/alleegalerii.ee\/en\/wp-json\/wp\/v2\/project-cat?post=16546"}],"curies":[{"name":"wp","href":"https:\/\/api.w.org\/{rel}","templated":true}]}}

<div class="wpb-content-wrapper"><p>[vc_row equal_height=&#8221;yes&#8221; mobile_bg_img_hidden=&#8221;no&#8221; tablet_bg_img_hidden=&#8221;no&#8221; woodmart_parallax=&#8221;0&#8243; woodmart_gradient_switch=&#8221;no&#8221; row_reverse_mobile=&#8221;0&#8243; row_reverse_tablet=&#8221;0&#8243; woodmart_disable_overflow=&#8221;0&#8243;][vc_column width=&#8221;2/3&#8243;][vc_single_image image=&#8221;16615&#8243; img_size=&#8221;full&#8221; woodmart_inline=&#8221;no&#8221; parallax_scroll=&#8221;no&#8221;][vc_video link=&#8221;https://youtu.be/JbDs2hkKFrQ?si=l5FFJ4KXHNPUYcrb&#8221; woodmart_css_id=&#8221;6637801ebb7fa&#8221; image_poster_switch=&#8221;no&#8221;][vc_single_image image=&#8221;16616&#8243; img_size=&#8221;full&#8221; woodmart_inline=&#8221;no&#8221; parallax_scroll=&#8221;no&#8221;][vc_single_image image=&#8221;16617&#8243; img_size=&#8221;full&#8221; woodmart_inline=&#8221;no&#8221; parallax_scroll=&#8221;no&#8221;][vc_single_image image=&#8221;16618&#8243; img_size=&#8221;full&#8221; woodmart_inline=&#8221;no&#8221; parallax_scroll=&#8221;no&#8221;][/vc_column][vc_column width=&#8221;1/3&#8243; mobile_bg_img_hidden=&#8221;no&#8221; tablet_bg_img_hidden=&#8221;no&#8221; woodmart_parallax=&#8221;0&#8243; woodmart_sticky_column=&#8221;true&#8221; parallax_scroll=&#8221;no&#8221; mobile_reset_margin=&#8221;no&#8221; tablet_reset_margin=&#8221;no&#8221;][vc_column_text text_larger=&#8221;yes&#8221; css=&#8221;.vc_custom_1712694008658{margin-bottom: 0px !important;}&#8221; woodmart_inline=&#8221;no&#8221;]</p>
<h2 style="font-size: 35px;">Kristjan Teder &#8220;Suvine puhkehetk avatud aknaga&#8221;</h2>
<p>[/vc_column_text][vc_custom_heading text=&#8221;KEVADOKSJON 2024</p>
<p>Õli lõuendil. 1948.<br />
All paremal: K. Teder. 1948.&#8221; font_container=&#8221;tag:h5|text_align:left&#8221; use_theme_fonts=&#8221;yes&#8221;][vc_column_text text_larger=&#8221;no&#8221;][/vc_column_text][vc_column_text text_larger=&#8221;no&#8221; woodmart_inline=&#8221;no&#8221;]</p>
<table>
<tbody>
<tr>
<th>Mõõdud</th>
<td style="text-align: right;">115,5 x 89 cm</td>
</tr>
<tr>
<th>Alghind</th>
<td style="text-align: right;">  4300 EUR</td>
</tr>
</tbody>
</table>
<p>[/vc_column_text][vc_column_text text_larger=&#8221;no&#8221; woodmart_inline=&#8221;no&#8221;]</p>
<table>
<tbody>
<tr>
<th style="text-align: left;">Pakkumisi</th>
<td style="text-align: right;">10</td>
</tr>
<tr>
<th>Haamrihind</th>
<td style="text-align: right;">6100 EUR</td>
</tr>
</tbody>
</table>
<p>[/vc_column_text][vc_column_text text_larger=&#8221;no&#8221; woodmart_inline=&#8221;no&#8221;]<span style="font-weight: 400;">Konrad Mäe ja Ado Vabbe käe all kunstihariduse saanud pallaslase Kristjan Tedre arvukad reisid Euroopa kunstimekadesse jätsid oma jälje kunstniku loomingusse ja võime tema töödes märgata eeskujusid kuulsatelt prantsuse impressionistidelt. Ka käesolev, 1949. aastal maalitud pastelses koloriidis figuraalkompositsioon on impressionismisegune teos, milles põhitähelepanu tõmbab diskreetne valguse ja varju kujutamine, helge ja muretu meeleolu loomine. See ajatu teos võiks vabalt kuuluda ka 1930. aastate eesti kunsti, ainsad viited hilisemale ajale lebavad laual. Maal seinal ja aktiskulptuur kirjutuslaual koos Tedre firmamärgiks saanud lillebuketiga rõhutavad omakorda ruumis valitsevat kultuurset keskkonda ja rahu.</span></p>
<p style="text-align: right;"><em><span style="font-weight: 400;">Tekst: Harry Liivrand, Katre Palm</span></em></p>
<p>[/vc_column_text][/vc_column][/vc_row]</p>
</div>
