{"id":16262,"date":"2024-04-05T19:03:15","date_gmt":"2024-04-05T16:03:15","guid":{"rendered":"https:\/\/alleegalerii.ee\/?post_type=portfolio&#038;p=16262"},"modified":"2026-01-12T13:50:21","modified_gmt":"2026-01-12T11:50:21","slug":"evald-okas-meri-1955","status":"publish","type":"portfolio","link":"https:\/\/alleegalerii.ee\/en\/art-auctions\/evald-okas-meri-1955\/","title":{"rendered":"Evald Okas &#8220;Meri&#8221;, 1955. 17 x 35 cm."},"content":{"rendered":"<div class=\"wpb-content-wrapper\"><p>[vc_row equal_height=&#8221;yes&#8221; mobile_bg_img_hidden=&#8221;no&#8221; tablet_bg_img_hidden=&#8221;no&#8221; woodmart_parallax=&#8221;0&#8243; woodmart_gradient_switch=&#8221;no&#8221; row_reverse_mobile=&#8221;0&#8243; row_reverse_tablet=&#8221;0&#8243; woodmart_disable_overflow=&#8221;0&#8243;][vc_column width=&#8221;2\/3&#8243;][vc_single_image image=&#8221;16269&#8243; img_size=&#8221;full&#8221; woodmart_inline=&#8221;no&#8221; parallax_scroll=&#8221;no&#8221;][vc_single_image image=&#8221;16270&#8243; img_size=&#8221;full&#8221; woodmart_inline=&#8221;no&#8221; parallax_scroll=&#8221;no&#8221;][vc_single_image image=&#8221;16271&#8243; img_size=&#8221;full&#8221; woodmart_inline=&#8221;no&#8221; parallax_scroll=&#8221;no&#8221;][vc_single_image image=&#8221;16272&#8243; img_size=&#8221;full&#8221; woodmart_inline=&#8221;no&#8221; parallax_scroll=&#8221;no&#8221;][vc_single_image image=&#8221;16273&#8243; img_size=&#8221;full&#8221; woodmart_inline=&#8221;no&#8221; parallax_scroll=&#8221;no&#8221;][\/vc_column][vc_column width=&#8221;1\/3&#8243; mobile_bg_img_hidden=&#8221;no&#8221; tablet_bg_img_hidden=&#8221;no&#8221; woodmart_parallax=&#8221;0&#8243; woodmart_sticky_column=&#8221;true&#8221; parallax_scroll=&#8221;no&#8221; mobile_reset_margin=&#8221;no&#8221; tablet_reset_margin=&#8221;no&#8221;][vc_column_text text_larger=&#8221;yes&#8221; css=&#8221;.vc_custom_1712236456431{margin-bottom: 0px !important;}&#8221; woodmart_inline=&#8221;no&#8221;]<\/p>\n<h2 style=\"font-size: 35px;\">Evald Okas &#8220;Meri&#8221;<\/h2>\n<p>[\/vc_column_text][vc_custom_heading text=&#8221;KEVADOKSJON 2024<\/p>\n<p>\u00d5li papil. 1955.<br \/>\nP\u00f6\u00f6rdel, \u00fclal vasakul: E, Okas 55.a. (signatuur)&#8221; font_container=&#8221;tag:h5|text_align:left&#8221; use_theme_fonts=&#8221;yes&#8221;][vc_column_text text_larger=&#8221;no&#8221;][\/vc_column_text][vc_column_text text_larger=&#8221;no&#8221; woodmart_inline=&#8221;no&#8221;]<\/p>\n<table>\n<tbody>\n<tr>\n<th>M\u00f5\u00f5dud<\/th>\n<td style=\"text-align: right;\">17 x 35 cm<\/td>\n<\/tr>\n<tr>\n<th>Alghind<\/th>\n<td style=\"text-align: right;\">1500 EUR<\/td>\n<\/tr>\n<\/tbody>\n<\/table>\n<p>[\/vc_column_text][vc_column_text text_larger=&#8221;no&#8221; woodmart_inline=&#8221;no&#8221;]<\/p>\n<table>\n<tbody>\n<tr>\n<th style=\"text-align: left;\">Pakkumisi<\/th>\n<td style=\"text-align: right;\">29<\/td>\n<\/tr>\n<tr>\n<th>Haamrihind<\/th>\n<td style=\"text-align: right;\">5500 EUR<\/td>\n<\/tr>\n<\/tbody>\n<\/table>\n<p>[\/vc_column_text][vc_column_text text_larger=&#8221;no&#8221; woodmart_inline=&#8221;no&#8221;]<\/p>\n<p style=\"text-align: right;\"><span style=\"font-weight: 400;\">\u201cSilm kaugele k\u00e4ib \u00fcle vee,<\/span><\/p>\n<p style=\"text-align: right;\"><span style=\"font-weight: 400;\">k\u00e4ib \u00fcle vee ja lainete.\u201d<\/span><\/p>\n<p style=\"text-align: right;\"><span style=\"font-weight: 400;\">Katkend Juhan Liivi luuletusest \u201c\u00dcle vee\u201d<\/span><\/p>\n<p><span style=\"font-weight: 400;\">\u201cSuvine merevaade mitte rannalt, vaid merelt merele, teadmata mis j\u00e4\u00e4b seljataha. V\u00f5ib-olla soov midagi unustada, mille kasuks r\u00e4\u00e4gib otsiv ja julge lahendus k\u00e4sitlemaks maa ja taeva suhet. Suvi, kergus ja hoog k\u00f5ik \u00fches vaatev\u00e4ljas, et unustada minevik ja m\u00e4letada hetke, mis on ees.\u201d Nii kirjutab maalikunstnik Mauri Gross Evald Okase (1915-2011) 1955. aasta mariini kohta.\u00a0<\/span><\/p>\n<p><span style=\"font-weight: 400;\">Evald Okas, keda peamiselt teame kui kaunite graatsiate kujutajat, \u00fcllatab vaatajat siin sugestiivse merevaatega. Igavikuliselt m\u00f5juv vaatenurk sunnib seisatuma ja nautima hetke ilu &#8211; keset vaikselt loksuvat merd ja kaugusse sulanduvat silmapiiri. Ehk oli kunstniku jaoks filosoofiliste m\u00f5tiskluste rajale astumiseks tema 40. aasta juubel, mis teose valmimise hetkeks k\u00e4tte j\u00f5udmas oli.\u00a0<\/span><\/p>\n<p style=\"text-align: right;\"><em><span style=\"font-weight: 400;\">Tekst: Mauri Gross, Katre Palm<\/span><\/em><\/p>\n<p>[\/vc_column_text][\/vc_column][\/vc_row]<\/p>\n<\/div>","protected":false},"excerpt":{"rendered":"<p>[vc_row equal_height=&#8221;yes&#8221; mobile_bg_img_hidden=&#8221;no&#8221; tablet_bg_img_hidden=&#8221;no&#8221; woodmart_parallax=&#8221;0&#8243; woodmart_gradient_switch=&#8221;no&#8221; row_reverse_mobile=&#8221;0&#8243; row_reverse_tablet=&#8221;0&#8243; woodmart_disable_overflow=&#8221;0&#8243;][vc_column width=&#8221;2\/3&#8243;][vc_single_image image=&#8221;16269&#8243; img_size=&#8221;full&#8221; woodmart_inline=&#8221;no&#8221; parallax_scroll=&#8221;no&#8221;][vc_single_image image=&#8221;16270&#8243; img_size=&#8221;full&#8221; woodmart_inline=&#8221;no&#8221; parallax_scroll=&#8221;no&#8221;][vc_single_image image=&#8221;16271&#8243; img_size=&#8221;full&#8221;<\/p>\n","protected":false},"featured_media":16270,"menu_order":789,"comment_status":"closed","ping_status":"closed","template":"","project-cat":[286],"class_list":["post-16262","portfolio","type-portfolio","status-publish","has-post-thumbnail","hentry","project-cat-kevadoksjon-2024"],"acf":[],"_links":{"self":[{"href":"https:\/\/alleegalerii.ee\/en\/wp-json\/wp\/v2\/portfolio\/16262","targetHints":{"allow":["GET"]}}],"collection":[{"href":"https:\/\/alleegalerii.ee\/en\/wp-json\/wp\/v2\/portfolio"}],"about":[{"href":"https:\/\/alleegalerii.ee\/en\/wp-json\/wp\/v2\/types\/portfolio"}],"replies":[{"embeddable":true,"href":"https:\/\/alleegalerii.ee\/en\/wp-json\/wp\/v2\/comments?post=16262"}],"wp:featuredmedia":[{"embeddable":true,"href":"https:\/\/alleegalerii.ee\/en\/wp-json\/wp\/v2\/media\/16270"}],"wp:attachment":[{"href":"https:\/\/alleegalerii.ee\/en\/wp-json\/wp\/v2\/media?parent=16262"}],"wp:term":[{"taxonomy":"project-cat","embeddable":true,"href":"https:\/\/alleegalerii.ee\/en\/wp-json\/wp\/v2\/project-cat?post=16262"}],"curies":[{"name":"wp","href":"https:\/\/api.w.org\/{rel}","templated":true}]}}

<div class="wpb-content-wrapper"><p>[vc_row equal_height=&#8221;yes&#8221; mobile_bg_img_hidden=&#8221;no&#8221; tablet_bg_img_hidden=&#8221;no&#8221; woodmart_parallax=&#8221;0&#8243; woodmart_gradient_switch=&#8221;no&#8221; row_reverse_mobile=&#8221;0&#8243; row_reverse_tablet=&#8221;0&#8243; woodmart_disable_overflow=&#8221;0&#8243;][vc_column width=&#8221;2/3&#8243;][vc_single_image image=&#8221;16269&#8243; img_size=&#8221;full&#8221; woodmart_inline=&#8221;no&#8221; parallax_scroll=&#8221;no&#8221;][vc_single_image image=&#8221;16270&#8243; img_size=&#8221;full&#8221; woodmart_inline=&#8221;no&#8221; parallax_scroll=&#8221;no&#8221;][vc_single_image image=&#8221;16271&#8243; img_size=&#8221;full&#8221; woodmart_inline=&#8221;no&#8221; parallax_scroll=&#8221;no&#8221;][vc_single_image image=&#8221;16272&#8243; img_size=&#8221;full&#8221; woodmart_inline=&#8221;no&#8221; parallax_scroll=&#8221;no&#8221;][vc_single_image image=&#8221;16273&#8243; img_size=&#8221;full&#8221; woodmart_inline=&#8221;no&#8221; parallax_scroll=&#8221;no&#8221;][/vc_column][vc_column width=&#8221;1/3&#8243; mobile_bg_img_hidden=&#8221;no&#8221; tablet_bg_img_hidden=&#8221;no&#8221; woodmart_parallax=&#8221;0&#8243; woodmart_sticky_column=&#8221;true&#8221; parallax_scroll=&#8221;no&#8221; mobile_reset_margin=&#8221;no&#8221; tablet_reset_margin=&#8221;no&#8221;][vc_column_text text_larger=&#8221;yes&#8221; css=&#8221;.vc_custom_1712236456431{margin-bottom: 0px !important;}&#8221; woodmart_inline=&#8221;no&#8221;]</p>
<h2 style="font-size: 35px;">Evald Okas &#8220;Meri&#8221;</h2>
<p>[/vc_column_text][vc_custom_heading text=&#8221;KEVADOKSJON 2024</p>
<p>Õli papil. 1955.<br />
Pöördel, ülal vasakul: E, Okas 55.a. (signatuur)&#8221; font_container=&#8221;tag:h5|text_align:left&#8221; use_theme_fonts=&#8221;yes&#8221;][vc_column_text text_larger=&#8221;no&#8221;][/vc_column_text][vc_column_text text_larger=&#8221;no&#8221; woodmart_inline=&#8221;no&#8221;]</p>
<table>
<tbody>
<tr>
<th>Mõõdud</th>
<td style="text-align: right;">17 x 35 cm</td>
</tr>
<tr>
<th>Alghind</th>
<td style="text-align: right;">1500 EUR</td>
</tr>
</tbody>
</table>
<p>[/vc_column_text][vc_column_text text_larger=&#8221;no&#8221; woodmart_inline=&#8221;no&#8221;]</p>
<table>
<tbody>
<tr>
<th style="text-align: left;">Pakkumisi</th>
<td style="text-align: right;">29</td>
</tr>
<tr>
<th>Haamrihind</th>
<td style="text-align: right;">5500 EUR</td>
</tr>
</tbody>
</table>
<p>[/vc_column_text][vc_column_text text_larger=&#8221;no&#8221; woodmart_inline=&#8221;no&#8221;]</p>
<p style="text-align: right;"><span style="font-weight: 400;">“Silm kaugele käib üle vee,</span></p>
<p style="text-align: right;"><span style="font-weight: 400;">käib üle vee ja lainete.”</span></p>
<p style="text-align: right;"><span style="font-weight: 400;">Katkend Juhan Liivi luuletusest “Üle vee”</span></p>
<p><span style="font-weight: 400;">“Suvine merevaade mitte rannalt, vaid merelt merele, teadmata mis jääb seljataha. Võib-olla soov midagi unustada, mille kasuks räägib otsiv ja julge lahendus käsitlemaks maa ja taeva suhet. Suvi, kergus ja hoog kõik ühes vaateväljas, et unustada minevik ja mäletada hetke, mis on ees.” Nii kirjutab maalikunstnik Mauri Gross Evald Okase (1915-2011) 1955. aasta mariini kohta. </span></p>
<p><span style="font-weight: 400;">Evald Okas, keda peamiselt teame kui kaunite graatsiate kujutajat, üllatab vaatajat siin sugestiivse merevaatega. Igavikuliselt mõjuv vaatenurk sunnib seisatuma ja nautima hetke ilu &#8211; keset vaikselt loksuvat merd ja kaugusse sulanduvat silmapiiri. Ehk oli kunstniku jaoks filosoofiliste mõtiskluste rajale astumiseks tema 40. aasta juubel, mis teose valmimise hetkeks kätte jõudmas oli. </span></p>
<p style="text-align: right;"><em><span style="font-weight: 400;">Tekst: Mauri Gross, Katre Palm</span></em></p>
<p>[/vc_column_text][/vc_column][/vc_row]</p>
</div>
