{"id":15926,"date":"2024-04-11T23:14:35","date_gmt":"2024-04-11T20:14:35","guid":{"rendered":"https:\/\/alleegalerii.ee\/?post_type=portfolio&#038;p=15926"},"modified":"2026-01-17T17:02:18","modified_gmt":"2026-01-17T15:02:18","slug":"ilmar-kimm-rannal-1955","status":"publish","type":"portfolio","link":"https:\/\/alleegalerii.ee\/en\/art-auctions\/ilmar-kimm-rannal-1955\/","title":{"rendered":"Ilmar Kimm &#8220;Suvi&#8221;, 1955. 80 x 64 cm."},"content":{"rendered":"<div class=\"wpb-content-wrapper\"><p>[vc_row equal_height=&#8221;yes&#8221; mobile_bg_img_hidden=&#8221;no&#8221; tablet_bg_img_hidden=&#8221;no&#8221; woodmart_parallax=&#8221;0&#8243; woodmart_gradient_switch=&#8221;no&#8221; row_reverse_mobile=&#8221;0&#8243; row_reverse_tablet=&#8221;0&#8243; woodmart_disable_overflow=&#8221;0&#8243;][vc_column width=&#8221;2\/3&#8243;][vc_single_image image=&#8221;16069&#8243; img_size=&#8221;full&#8221; woodmart_inline=&#8221;no&#8221; parallax_scroll=&#8221;no&#8221;][vc_single_image image=&#8221;16068&#8243; img_size=&#8221;full&#8221; woodmart_inline=&#8221;no&#8221; parallax_scroll=&#8221;no&#8221;][vc_single_image image=&#8221;16070&#8243; img_size=&#8221;full&#8221; woodmart_inline=&#8221;no&#8221; parallax_scroll=&#8221;no&#8221;][vc_single_image image=&#8221;16071&#8243; img_size=&#8221;full&#8221; woodmart_inline=&#8221;no&#8221; parallax_scroll=&#8221;no&#8221;][vc_single_image image=&#8221;16072&#8243; img_size=&#8221;full&#8221; woodmart_inline=&#8221;no&#8221; parallax_scroll=&#8221;no&#8221;][\/vc_column][vc_column width=&#8221;1\/3&#8243; mobile_bg_img_hidden=&#8221;no&#8221; tablet_bg_img_hidden=&#8221;no&#8221; woodmart_parallax=&#8221;0&#8243; woodmart_sticky_column=&#8221;true&#8221; parallax_scroll=&#8221;no&#8221; mobile_reset_margin=&#8221;no&#8221; tablet_reset_margin=&#8221;no&#8221;][vc_column_text css=&#8221;.vc_custom_1712866502123{margin-bottom: 0px !important;}&#8221; text_larger=&#8221;yes&#8221; woodmart_inline=&#8221;no&#8221;]<\/p>\n<h2 style=\"font-size: 35px;\">Ilmar Kimm &#8220;Suvi&#8221;<\/h2>\n<p>[\/vc_column_text][vc_custom_heading text=&#8221;KEVADOKSJON 2024<\/p>\n<p>\u00d5li l\u00f5uendil. 1955.<br \/>\nAll paremal: I. Kimm 55.&#8221; font_container=&#8221;tag:h5|text_align:left&#8221; use_theme_fonts=&#8221;yes&#8221;][vc_column_text text_larger=&#8221;no&#8221;][\/vc_column_text][vc_column_text text_larger=&#8221;no&#8221; woodmart_inline=&#8221;no&#8221;]<\/p>\n<table>\n<tbody>\n<tr>\n<th>M\u00f5\u00f5dud<\/th>\n<td style=\"text-align: right;\">80 x 64 cm<\/td>\n<\/tr>\n<tr>\n<th>Alghind<\/th>\n<td style=\"text-align: right;\">\u00a0 3400 EUR<\/td>\n<\/tr>\n<\/tbody>\n<\/table>\n<p>[\/vc_column_text][vc_column_text text_larger=&#8221;no&#8221; woodmart_inline=&#8221;no&#8221;]<\/p>\n<table>\n<tbody>\n<tr>\n<th style=\"text-align: left;\">Pakkumisi<\/th>\n<td style=\"text-align: right;\">20<\/td>\n<\/tr>\n<tr>\n<th>Haamrihind<\/th>\n<td style=\"text-align: right;\">7400 EUR<\/td>\n<\/tr>\n<\/tbody>\n<\/table>\n<p>[\/vc_column_text][vc_column_text css=&#8221;&#8221; text_larger=&#8221;no&#8221; woodmart_inline=&#8221;no&#8221;]<span style=\"font-weight: 400;\">ERKIs aastak\u00fcmneid maali \u00f5petanud Ilmar Kimmi (1920-2011) jaoks oli k\u00f5ige t\u00e4htsam pidev loominguline edasiminek. Nii k\u00e4is ta koos kolleegidega pidevalt muuseumides ja n\u00e4itustel inspiratsiooni ammutamas.<\/span><\/p>\n<p><span style=\"font-weight: 400;\">1950. aastate teisel poolel tugevnes eesti maalis impressionismi m\u00f5ju, mis ei j\u00e4tnud puudutamata ka Kimmi loomingut. K\u00e4esolev maal p\u00e4ikese k\u00e4es silmi kissitavast lapsest rannaliival m\u00f5jub helge ja eheda hetkena kuumast suvep\u00e4evast. Tasakaalustatud kompositsioon taamal terendava rannajoone ning v\u00e4rvilise rannalinaga kinnitab kunstiteadlase Mai Levini s\u00f5nu: \u201cKimmil \u00fchendub kindel ja stabiilne professionaalne tase alati positiivse ja rahuliku suhtumisega kujutatavasse objekti.\u201d<\/span><\/p>\n<p><span style=\"font-weight: 400;\">See justkui l\u00f5putut suveid\u00fclli\u00a0 lubav vaade paneb meid peatuma ning tungima l\u00f5hnadesse, v\u00e4rvidesse ja m\u00e4lestustesse, mis meil paljudel lapsep\u00f5lve suvep\u00e4evadest silme ette kangastuvad.<\/span><\/p>\n<p style=\"text-align: right;\"><em>Tekst: Mai Levin, Katre Palm<\/em><\/p>\n<p>[\/vc_column_text][\/vc_column][\/vc_row]<\/p>\n<\/div>","protected":false},"excerpt":{"rendered":"<p>[vc_row equal_height=&#8221;yes&#8221; mobile_bg_img_hidden=&#8221;no&#8221; tablet_bg_img_hidden=&#8221;no&#8221; woodmart_parallax=&#8221;0&#8243; woodmart_gradient_switch=&#8221;no&#8221; row_reverse_mobile=&#8221;0&#8243; row_reverse_tablet=&#8221;0&#8243; woodmart_disable_overflow=&#8221;0&#8243;][vc_column width=&#8221;2\/3&#8243;][vc_single_image image=&#8221;16069&#8243; img_size=&#8221;full&#8221; woodmart_inline=&#8221;no&#8221; parallax_scroll=&#8221;no&#8221;][vc_single_image image=&#8221;16068&#8243; img_size=&#8221;full&#8221; woodmart_inline=&#8221;no&#8221; parallax_scroll=&#8221;no&#8221;][vc_single_image image=&#8221;16070&#8243; img_size=&#8221;full&#8221;<\/p>\n","protected":false},"featured_media":16068,"menu_order":878,"comment_status":"closed","ping_status":"closed","template":"","project-cat":[286],"class_list":["post-15926","portfolio","type-portfolio","status-publish","has-post-thumbnail","hentry","project-cat-kevadoksjon-2024"],"acf":[],"_links":{"self":[{"href":"https:\/\/alleegalerii.ee\/en\/wp-json\/wp\/v2\/portfolio\/15926","targetHints":{"allow":["GET"]}}],"collection":[{"href":"https:\/\/alleegalerii.ee\/en\/wp-json\/wp\/v2\/portfolio"}],"about":[{"href":"https:\/\/alleegalerii.ee\/en\/wp-json\/wp\/v2\/types\/portfolio"}],"replies":[{"embeddable":true,"href":"https:\/\/alleegalerii.ee\/en\/wp-json\/wp\/v2\/comments?post=15926"}],"wp:featuredmedia":[{"embeddable":true,"href":"https:\/\/alleegalerii.ee\/en\/wp-json\/wp\/v2\/media\/16068"}],"wp:attachment":[{"href":"https:\/\/alleegalerii.ee\/en\/wp-json\/wp\/v2\/media?parent=15926"}],"wp:term":[{"taxonomy":"project-cat","embeddable":true,"href":"https:\/\/alleegalerii.ee\/en\/wp-json\/wp\/v2\/project-cat?post=15926"}],"curies":[{"name":"wp","href":"https:\/\/api.w.org\/{rel}","templated":true}]}}

<div class="wpb-content-wrapper"><p>[vc_row equal_height=&#8221;yes&#8221; mobile_bg_img_hidden=&#8221;no&#8221; tablet_bg_img_hidden=&#8221;no&#8221; woodmart_parallax=&#8221;0&#8243; woodmart_gradient_switch=&#8221;no&#8221; row_reverse_mobile=&#8221;0&#8243; row_reverse_tablet=&#8221;0&#8243; woodmart_disable_overflow=&#8221;0&#8243;][vc_column width=&#8221;2/3&#8243;][vc_single_image image=&#8221;16069&#8243; img_size=&#8221;full&#8221; woodmart_inline=&#8221;no&#8221; parallax_scroll=&#8221;no&#8221;][vc_single_image image=&#8221;16068&#8243; img_size=&#8221;full&#8221; woodmart_inline=&#8221;no&#8221; parallax_scroll=&#8221;no&#8221;][vc_single_image image=&#8221;16070&#8243; img_size=&#8221;full&#8221; woodmart_inline=&#8221;no&#8221; parallax_scroll=&#8221;no&#8221;][vc_single_image image=&#8221;16071&#8243; img_size=&#8221;full&#8221; woodmart_inline=&#8221;no&#8221; parallax_scroll=&#8221;no&#8221;][vc_single_image image=&#8221;16072&#8243; img_size=&#8221;full&#8221; woodmart_inline=&#8221;no&#8221; parallax_scroll=&#8221;no&#8221;][/vc_column][vc_column width=&#8221;1/3&#8243; mobile_bg_img_hidden=&#8221;no&#8221; tablet_bg_img_hidden=&#8221;no&#8221; woodmart_parallax=&#8221;0&#8243; woodmart_sticky_column=&#8221;true&#8221; parallax_scroll=&#8221;no&#8221; mobile_reset_margin=&#8221;no&#8221; tablet_reset_margin=&#8221;no&#8221;][vc_column_text css=&#8221;.vc_custom_1712866502123{margin-bottom: 0px !important;}&#8221; text_larger=&#8221;yes&#8221; woodmart_inline=&#8221;no&#8221;]</p>
<h2 style="font-size: 35px;">Ilmar Kimm &#8220;Suvi&#8221;</h2>
<p>[/vc_column_text][vc_custom_heading text=&#8221;KEVADOKSJON 2024</p>
<p>Õli lõuendil. 1955.<br />
All paremal: I. Kimm 55.&#8221; font_container=&#8221;tag:h5|text_align:left&#8221; use_theme_fonts=&#8221;yes&#8221;][vc_column_text text_larger=&#8221;no&#8221;][/vc_column_text][vc_column_text text_larger=&#8221;no&#8221; woodmart_inline=&#8221;no&#8221;]</p>
<table>
<tbody>
<tr>
<th>Mõõdud</th>
<td style="text-align: right;">80 x 64 cm</td>
</tr>
<tr>
<th>Alghind</th>
<td style="text-align: right;">  3400 EUR</td>
</tr>
</tbody>
</table>
<p>[/vc_column_text][vc_column_text text_larger=&#8221;no&#8221; woodmart_inline=&#8221;no&#8221;]</p>
<table>
<tbody>
<tr>
<th style="text-align: left;">Pakkumisi</th>
<td style="text-align: right;">20</td>
</tr>
<tr>
<th>Haamrihind</th>
<td style="text-align: right;">7400 EUR</td>
</tr>
</tbody>
</table>
<p>[/vc_column_text][vc_column_text css=&#8221;&#8221; text_larger=&#8221;no&#8221; woodmart_inline=&#8221;no&#8221;]<span style="font-weight: 400;">ERKIs aastakümneid maali õpetanud Ilmar Kimmi (1920-2011) jaoks oli kõige tähtsam pidev loominguline edasiminek. Nii käis ta koos kolleegidega pidevalt muuseumides ja näitustel inspiratsiooni ammutamas.</span></p>
<p><span style="font-weight: 400;">1950. aastate teisel poolel tugevnes eesti maalis impressionismi mõju, mis ei jätnud puudutamata ka Kimmi loomingut. Käesolev maal päikese käes silmi kissitavast lapsest rannaliival mõjub helge ja eheda hetkena kuumast suvepäevast. Tasakaalustatud kompositsioon taamal terendava rannajoone ning värvilise rannalinaga kinnitab kunstiteadlase Mai Levini sõnu: “Kimmil ühendub kindel ja stabiilne professionaalne tase alati positiivse ja rahuliku suhtumisega kujutatavasse objekti.”</span></p>
<p><span style="font-weight: 400;">See justkui lõputut suveidülli  lubav vaade paneb meid peatuma ning tungima lõhnadesse, värvidesse ja mälestustesse, mis meil paljudel lapsepõlve suvepäevadest silme ette kangastuvad.</span></p>
<p style="text-align: right;"><em>Tekst: Mai Levin, Katre Palm</em></p>
<p>[/vc_column_text][/vc_column][/vc_row]</p>
</div>
