{"id":15873,"date":"2024-04-10T11:55:30","date_gmt":"2024-04-10T08:55:30","guid":{"rendered":"https:\/\/alleegalerii.ee\/?post_type=portfolio&#038;p=15873"},"modified":"2026-01-15T15:58:43","modified_gmt":"2026-01-15T13:58:43","slug":"ado-vabbe-teekaijad-oomajal-1956-1961-452-x-562-cm","status":"publish","type":"portfolio","link":"https:\/\/alleegalerii.ee\/en\/art-auctions\/ado-vabbe-teekaijad-oomajal-1956-1961-452-x-562-cm\/","title":{"rendered":"Ado Vabbe &#8220;Teek\u00e4ijad \u00f6\u00f6majal&#8221;, 1956-1961. 45,2 x 56,2 cm"},"content":{"rendered":"<div class=\"wpb-content-wrapper\"><p>[vc_row equal_height=&#8221;yes&#8221; mobile_bg_img_hidden=&#8221;no&#8221; tablet_bg_img_hidden=&#8221;no&#8221; woodmart_parallax=&#8221;0&#8243; woodmart_gradient_switch=&#8221;no&#8221; row_reverse_mobile=&#8221;0&#8243; row_reverse_tablet=&#8221;0&#8243; woodmart_disable_overflow=&#8221;0&#8243;][vc_column width=&#8221;2\/3&#8243;][vc_single_image image=&#8221;16620&#8243; img_size=&#8221;full&#8221; woodmart_inline=&#8221;no&#8221; parallax_scroll=&#8221;no&#8221;][vc_video link=&#8221;https:\/\/youtu.be\/qWG51xtxLXU&#8221; woodmart_css_id=&#8221;66376d3b01d92&#8243; image_poster_switch=&#8221;no&#8221;][vc_single_image image=&#8221;16622&#8243; img_size=&#8221;full&#8221; woodmart_inline=&#8221;no&#8221; parallax_scroll=&#8221;no&#8221;][vc_single_image image=&#8221;16626&#8243; img_size=&#8221;full&#8221; woodmart_inline=&#8221;no&#8221; parallax_scroll=&#8221;no&#8221;][vc_single_image image=&#8221;16624&#8243; img_size=&#8221;full&#8221; woodmart_inline=&#8221;no&#8221; parallax_scroll=&#8221;no&#8221;][vc_single_image image=&#8221;16625&#8243; img_size=&#8221;full&#8221; woodmart_inline=&#8221;no&#8221; parallax_scroll=&#8221;no&#8221;][vc_single_image image=&#8221;16623&#8243; img_size=&#8221;full&#8221; woodmart_inline=&#8221;no&#8221; parallax_scroll=&#8221;no&#8221;][\/vc_column][vc_column width=&#8221;1\/3&#8243; mobile_bg_img_hidden=&#8221;no&#8221; tablet_bg_img_hidden=&#8221;no&#8221; woodmart_parallax=&#8221;0&#8243; woodmart_sticky_column=&#8221;true&#8221; parallax_scroll=&#8221;no&#8221; mobile_reset_margin=&#8221;no&#8221; tablet_reset_margin=&#8221;no&#8221;][vc_column_text text_larger=&#8221;yes&#8221; css=&#8221;.vc_custom_1712661827920{margin-bottom: 0px !important;}&#8221; woodmart_inline=&#8221;no&#8221;]<\/p>\n<h2 style=\"font-size: 35px;\">Ado Vabbe &#8220;Teek\u00e4ijad \u00f6\u00f6majal&#8221;<\/h2>\n<p>[\/vc_column_text][vc_custom_heading text=&#8221;KEVADOKSJON 2024<\/p>\n<p>Gua\u0161\u0161, kriit paberil. 1956-1961.&#8221; font_container=&#8221;tag:h5|text_align:left&#8221; use_theme_fonts=&#8221;yes&#8221;][vc_column_text text_larger=&#8221;no&#8221;][\/vc_column_text][vc_column_text text_larger=&#8221;no&#8221; woodmart_inline=&#8221;no&#8221;]<\/p>\n<table>\n<tbody>\n<tr>\n<th>M\u00f5\u00f5dud<\/th>\n<td style=\"text-align: right;\">45,2 x 56,2 cm<\/td>\n<\/tr>\n<tr>\n<th>Alghind<\/th>\n<td style=\"text-align: right;\">\u00a0 8800 EUR<\/td>\n<\/tr>\n<\/tbody>\n<\/table>\n<p>[\/vc_column_text][vc_column_text text_larger=&#8221;no&#8221; woodmart_inline=&#8221;no&#8221;]<\/p>\n<table>\n<tbody>\n<tr>\n<th>Pakkumisi<\/th>\n<td style=\"text-align: right;\">1<\/td>\n<\/tr>\n<tr>\n<th>Haamrihind<\/th>\n<td style=\"text-align: right;\">\u00a0 8800 EUR<\/td>\n<\/tr>\n<\/tbody>\n<\/table>\n<p>[\/vc_column_text][vc_column_text text_larger=&#8221;no&#8221; woodmart_inline=&#8221;no&#8221;]<span style=\"font-weight: 400;\">Aastatel 1956-61 oli Ado Vabbe (1892-1961) t\u00f6\u00f6hoos ning l\u00f5i gua\u0161i-, akvarelli- v\u00f5i segatehnikas t\u00f6id. Peamiselt olid need \u017eanristseenid, mis \u00fcllatasid oma ootamatute s\u00fc\u017eeedega ja lennuka v\u00e4rvipeene teostusega.<\/span><\/p>\n<p><span style=\"font-weight: 400;\">\u201cTeek\u00e4ijad \u00f6\u00f6majal\u201d jutustab loo varjualust palunud r\u00e4ndurist, kelle p\u00f5nevaid seikluslugusid on j\u00e4\u00e4nud kuulama kogu perekond. Meisterlikult edasi antud \u00f5htune valgus ning kehakeeles v\u00e4ljenduv siiras huvi demonstreerivad Vabbe meisterlikkust narratiivi edasiandmisel.<\/span><\/p>\n<p><span style=\"font-weight: 400;\">Teos on fikseeritud Tartu Kunstimuuseumis 1962. aastal toimunud Ado Vabbe m\u00e4lestusn\u00e4ituse kataloogis (nr. 314, lk. 43) ja ka reprodutseeritud Tiiu Talvistu raamatus \u201eAdo Vabbe. Wunderbar\u201c (2020, repro 425, lk. 337).<\/span><\/p>\n<p style=\"text-align: right;\"><em>Tekst: Mai Levin, Katre Palm<\/em><\/p>\n<p>[\/vc_column_text][\/vc_column][\/vc_row]<\/p>\n<\/div>","protected":false},"excerpt":{"rendered":"<p>[vc_row equal_height=&#8221;yes&#8221; mobile_bg_img_hidden=&#8221;no&#8221; tablet_bg_img_hidden=&#8221;no&#8221; woodmart_parallax=&#8221;0&#8243; woodmart_gradient_switch=&#8221;no&#8221; row_reverse_mobile=&#8221;0&#8243; row_reverse_tablet=&#8221;0&#8243; woodmart_disable_overflow=&#8221;0&#8243;][vc_column width=&#8221;2\/3&#8243;][vc_single_image image=&#8221;16620&#8243; img_size=&#8221;full&#8221; woodmart_inline=&#8221;no&#8221; parallax_scroll=&#8221;no&#8221;][vc_video link=&#8221;https:\/\/youtu.be\/qWG51xtxLXU&#8221; woodmart_css_id=&#8221;66376d3b01d92&#8243; image_poster_switch=&#8221;no&#8221;][vc_single_image image=&#8221;16622&#8243; img_size=&#8221;full&#8221; woodmart_inline=&#8221;no&#8221;<\/p>\n","protected":false},"featured_media":16620,"menu_order":839,"comment_status":"closed","ping_status":"closed","template":"","project-cat":[286],"class_list":["post-15873","portfolio","type-portfolio","status-publish","has-post-thumbnail","hentry","project-cat-kevadoksjon-2024"],"acf":[],"_links":{"self":[{"href":"https:\/\/alleegalerii.ee\/en\/wp-json\/wp\/v2\/portfolio\/15873","targetHints":{"allow":["GET"]}}],"collection":[{"href":"https:\/\/alleegalerii.ee\/en\/wp-json\/wp\/v2\/portfolio"}],"about":[{"href":"https:\/\/alleegalerii.ee\/en\/wp-json\/wp\/v2\/types\/portfolio"}],"replies":[{"embeddable":true,"href":"https:\/\/alleegalerii.ee\/en\/wp-json\/wp\/v2\/comments?post=15873"}],"wp:featuredmedia":[{"embeddable":true,"href":"https:\/\/alleegalerii.ee\/en\/wp-json\/wp\/v2\/media\/16620"}],"wp:attachment":[{"href":"https:\/\/alleegalerii.ee\/en\/wp-json\/wp\/v2\/media?parent=15873"}],"wp:term":[{"taxonomy":"project-cat","embeddable":true,"href":"https:\/\/alleegalerii.ee\/en\/wp-json\/wp\/v2\/project-cat?post=15873"}],"curies":[{"name":"wp","href":"https:\/\/api.w.org\/{rel}","templated":true}]}}

Ado Vabbe &#8220;Teekäijad öömajal&#8221;, 1956-1961. 45,2 x 56,2 cm

<div class="wpb-content-wrapper"><p>[vc_row equal_height=&#8221;yes&#8221; mobile_bg_img_hidden=&#8221;no&#8221; tablet_bg_img_hidden=&#8221;no&#8221; woodmart_parallax=&#8221;0&#8243; woodmart_gradient_switch=&#8221;no&#8221; row_reverse_mobile=&#8221;0&#8243; row_reverse_tablet=&#8221;0&#8243; woodmart_disable_overflow=&#8221;0&#8243;][vc_column width=&#8221;2/3&#8243;][vc_single_image image=&#8221;16620&#8243; img_size=&#8221;full&#8221; woodmart_inline=&#8221;no&#8221; parallax_scroll=&#8221;no&#8221;][vc_video link=&#8221;https://youtu.be/qWG51xtxLXU&#8221; woodmart_css_id=&#8221;66376d3b01d92&#8243; image_poster_switch=&#8221;no&#8221;][vc_single_image image=&#8221;16622&#8243; img_size=&#8221;full&#8221; woodmart_inline=&#8221;no&#8221; parallax_scroll=&#8221;no&#8221;][vc_single_image image=&#8221;16626&#8243; img_size=&#8221;full&#8221; woodmart_inline=&#8221;no&#8221; parallax_scroll=&#8221;no&#8221;][vc_single_image image=&#8221;16624&#8243; img_size=&#8221;full&#8221; woodmart_inline=&#8221;no&#8221; parallax_scroll=&#8221;no&#8221;][vc_single_image image=&#8221;16625&#8243; img_size=&#8221;full&#8221; woodmart_inline=&#8221;no&#8221; parallax_scroll=&#8221;no&#8221;][vc_single_image image=&#8221;16623&#8243; img_size=&#8221;full&#8221; woodmart_inline=&#8221;no&#8221; parallax_scroll=&#8221;no&#8221;][/vc_column][vc_column width=&#8221;1/3&#8243; mobile_bg_img_hidden=&#8221;no&#8221; tablet_bg_img_hidden=&#8221;no&#8221; woodmart_parallax=&#8221;0&#8243; woodmart_sticky_column=&#8221;true&#8221; parallax_scroll=&#8221;no&#8221; mobile_reset_margin=&#8221;no&#8221; tablet_reset_margin=&#8221;no&#8221;][vc_column_text text_larger=&#8221;yes&#8221; css=&#8221;.vc_custom_1712661827920{margin-bottom: 0px !important;}&#8221; woodmart_inline=&#8221;no&#8221;]</p>
<h2 style="font-size: 35px;">Ado Vabbe &#8220;Teekäijad öömajal&#8221;</h2>
<p>[/vc_column_text][vc_custom_heading text=&#8221;KEVADOKSJON 2024</p>
<p>Guašš, kriit paberil. 1956-1961.&#8221; font_container=&#8221;tag:h5|text_align:left&#8221; use_theme_fonts=&#8221;yes&#8221;][vc_column_text text_larger=&#8221;no&#8221;][/vc_column_text][vc_column_text text_larger=&#8221;no&#8221; woodmart_inline=&#8221;no&#8221;]</p>
<table>
<tbody>
<tr>
<th>Mõõdud</th>
<td style="text-align: right;">45,2 x 56,2 cm</td>
</tr>
<tr>
<th>Alghind</th>
<td style="text-align: right;">  8800 EUR</td>
</tr>
</tbody>
</table>
<p>[/vc_column_text][vc_column_text text_larger=&#8221;no&#8221; woodmart_inline=&#8221;no&#8221;]</p>
<table>
<tbody>
<tr>
<th>Pakkumisi</th>
<td style="text-align: right;">1</td>
</tr>
<tr>
<th>Haamrihind</th>
<td style="text-align: right;">  8800 EUR</td>
</tr>
</tbody>
</table>
<p>[/vc_column_text][vc_column_text text_larger=&#8221;no&#8221; woodmart_inline=&#8221;no&#8221;]<span style="font-weight: 400;">Aastatel 1956-61 oli Ado Vabbe (1892-1961) tööhoos ning lõi guaši-, akvarelli- või segatehnikas töid. Peamiselt olid need žanristseenid, mis üllatasid oma ootamatute süžeedega ja lennuka värvipeene teostusega.</span></p>
<p><span style="font-weight: 400;">“Teekäijad öömajal” jutustab loo varjualust palunud rändurist, kelle põnevaid seikluslugusid on jäänud kuulama kogu perekond. Meisterlikult edasi antud õhtune valgus ning kehakeeles väljenduv siiras huvi demonstreerivad Vabbe meisterlikkust narratiivi edasiandmisel.</span></p>
<p><span style="font-weight: 400;">Teos on fikseeritud Tartu Kunstimuuseumis 1962. aastal toimunud Ado Vabbe mälestusnäituse kataloogis (nr. 314, lk. 43) ja ka reprodutseeritud Tiiu Talvistu raamatus „Ado Vabbe. Wunderbar“ (2020, repro 425, lk. 337).</span></p>
<p style="text-align: right;"><em>Tekst: Mai Levin, Katre Palm</em></p>
<p>[/vc_column_text][/vc_column][/vc_row]</p>
</div>
