{"id":15600,"date":"2024-03-31T21:33:26","date_gmt":"2024-03-31T18:33:26","guid":{"rendered":"https:\/\/alleegalerii.ee\/?post_type=portfolio&#038;p=15600"},"modified":"2026-01-09T14:19:19","modified_gmt":"2026-01-09T12:19:19","slug":"eduard-wiiralt-kaameli-pea-1939-plm-45-x-30-cm","status":"publish","type":"portfolio","link":"https:\/\/alleegalerii.ee\/en\/art-auctions\/eduard-wiiralt-kaameli-pea-1939-plm-45-x-30-cm\/","title":{"rendered":"Eduard Wiiralt &#8220;Kaameli pea&#8221;, 1939. Plm 45 x 30 cm."},"content":{"rendered":"<div class=\"wpb-content-wrapper\"><p>[vc_row equal_height=&#8221;yes&#8221; mobile_bg_img_hidden=&#8221;no&#8221; tablet_bg_img_hidden=&#8221;no&#8221; woodmart_parallax=&#8221;0&#8243; woodmart_gradient_switch=&#8221;no&#8221; row_reverse_mobile=&#8221;0&#8243; row_reverse_tablet=&#8221;0&#8243; woodmart_disable_overflow=&#8221;0&#8243;][vc_column width=&#8221;2\/3&#8243;][vc_single_image image=&#8221;15860&#8243; img_size=&#8221;full&#8221; woodmart_inline=&#8221;no&#8221; parallax_scroll=&#8221;no&#8221;][vc_single_image image=&#8221;15865&#8243; img_size=&#8221;full&#8221; woodmart_inline=&#8221;no&#8221; parallax_scroll=&#8221;no&#8221;][vc_single_image image=&#8221;15861&#8243; img_size=&#8221;full&#8221; woodmart_inline=&#8221;no&#8221; parallax_scroll=&#8221;no&#8221;][vc_single_image image=&#8221;15862&#8243; img_size=&#8221;full&#8221; woodmart_inline=&#8221;no&#8221; parallax_scroll=&#8221;no&#8221;][vc_single_image image=&#8221;15863&#8243; img_size=&#8221;full&#8221; woodmart_inline=&#8221;no&#8221; parallax_scroll=&#8221;no&#8221;][vc_single_image image=&#8221;15864&#8243; img_size=&#8221;full&#8221; woodmart_inline=&#8221;no&#8221; parallax_scroll=&#8221;no&#8221;][\/vc_column][vc_column width=&#8221;1\/3&#8243; mobile_bg_img_hidden=&#8221;no&#8221; tablet_bg_img_hidden=&#8221;no&#8221; woodmart_parallax=&#8221;0&#8243; woodmart_sticky_column=&#8221;true&#8221; parallax_scroll=&#8221;no&#8221; mobile_reset_margin=&#8221;no&#8221; tablet_reset_margin=&#8221;no&#8221;][vc_column_text text_larger=&#8221;yes&#8221; css=&#8221;.vc_custom_1711533798238{margin-bottom: 0px !important;}&#8221; woodmart_inline=&#8221;no&#8221;]<\/p>\n<h2 style=\"font-size: 35px;\">Eduard Wiiralt &#8220;Kaameli pea&#8221;<\/h2>\n<p>[\/vc_column_text][vc_custom_heading text=&#8221;KEVADOKSJON 2024<\/p>\n<p>Puul\u00f5ige paberil. 1939.<br \/>\nPlaadil all vasakul: WIIRALT 1939<br \/>\nAll vasakul: Puul\u00f5ige 1939<br \/>\nAll paremal: Eduard Wiiralt&#8221; font_container=&#8221;tag:h5|text_align:left&#8221; use_theme_fonts=&#8221;yes&#8221;][vc_column_text text_larger=&#8221;no&#8221;][\/vc_column_text][vc_column_text text_larger=&#8221;no&#8221; woodmart_inline=&#8221;no&#8221;]<\/p>\n<table>\n<tbody>\n<tr>\n<th>M\u00f5\u00f5dud<\/th>\n<td style=\"text-align: right;\">Plm 45 x 30 cm<\/td>\n<\/tr>\n<tr>\n<th>Alghind<\/th>\n<td style=\"text-align: right;\">\u00a0 3400 EUR<\/td>\n<\/tr>\n<\/tbody>\n<\/table>\n<p>[\/vc_column_text][vc_column_text text_larger=&#8221;no&#8221; woodmart_inline=&#8221;no&#8221;]<\/p>\n<table>\n<tbody>\n<tr>\n<th style=\"text-align: left;\">Pakkumisi<\/th>\n<td style=\"text-align: right;\">7<\/td>\n<\/tr>\n<tr>\n<th>Haamrihind<\/th>\n<td style=\"text-align: right;\">4800 EUR<\/td>\n<\/tr>\n<\/tbody>\n<\/table>\n<p>[\/vc_column_text][vc_column_text text_larger=&#8221;no&#8221; woodmart_inline=&#8221;no&#8221;]<span style=\"font-weight: 400;\">Eduard Wiiralti (1898-1954) Maroko reis p\u00e4\u00e4dis mitmete hiljem ikooniliseks kujunenud teostega, sh puugrav\u00fc\u00fcriga \u201cKaameli pea\u201d. Septembris 1938 oma esmased ideed paberile joonistanud, alustas Wiiralt teose graveerimist 1939. aasta suvel\u00a0 Pariisis ning l\u00f5ppviimistlus valmis juba j\u00e4rgmisel aastal Tallinnas. Nagu kunstnikule tihti kombeks, m\u00e4rkis ta enda teostele graveerimise alustamise, mitte l\u00f5pliku valmimise aasta &#8211; justkui austusavaldusena kavandi s\u00fcnnile.<\/span><\/p>\n<p><span style=\"font-weight: 400;\">\u201cKaameli pea\u201d vorm on p\u00f5hjalikult ja tundlikult l\u00e4bi graveeritud. Modellile on loodud maastikuline taust ning peategelane ise saanud individualiseeritud ja \u00fclimalt v\u00e4ljendusrikka &#8211; v\u00f5iks \u00f6elda, inimlikustatud &#8211; looma kuju.\u00a0<\/span><\/p>\n<p><span style=\"font-weight: 400;\">Teos kuulub ka Eesti Kunstimuuseumi kollektsiooni.\u00a0<\/span><\/p>\n<p style=\"text-align: right;\"><i><span style=\"font-weight: 400;\">Tekst: Mai Levin, Katre Palm<\/span><\/i><\/p>\n<p>[\/vc_column_text][\/vc_column][\/vc_row]<\/p>\n<\/div>","protected":false},"excerpt":{"rendered":"<p>[vc_row equal_height=&#8221;yes&#8221; mobile_bg_img_hidden=&#8221;no&#8221; tablet_bg_img_hidden=&#8221;no&#8221; woodmart_parallax=&#8221;0&#8243; woodmart_gradient_switch=&#8221;no&#8221; row_reverse_mobile=&#8221;0&#8243; row_reverse_tablet=&#8221;0&#8243; woodmart_disable_overflow=&#8221;0&#8243;][vc_column width=&#8221;2\/3&#8243;][vc_single_image image=&#8221;15860&#8243; img_size=&#8221;full&#8221; woodmart_inline=&#8221;no&#8221; parallax_scroll=&#8221;no&#8221;][vc_single_image image=&#8221;15865&#8243; img_size=&#8221;full&#8221; woodmart_inline=&#8221;no&#8221; parallax_scroll=&#8221;no&#8221;][vc_single_image image=&#8221;15861&#8243; img_size=&#8221;full&#8221;<\/p>\n","protected":false},"featured_media":15865,"menu_order":735,"comment_status":"closed","ping_status":"closed","template":"","project-cat":[286],"class_list":["post-15600","portfolio","type-portfolio","status-publish","has-post-thumbnail","hentry","project-cat-kevadoksjon-2024"],"acf":[],"_links":{"self":[{"href":"https:\/\/alleegalerii.ee\/en\/wp-json\/wp\/v2\/portfolio\/15600","targetHints":{"allow":["GET"]}}],"collection":[{"href":"https:\/\/alleegalerii.ee\/en\/wp-json\/wp\/v2\/portfolio"}],"about":[{"href":"https:\/\/alleegalerii.ee\/en\/wp-json\/wp\/v2\/types\/portfolio"}],"replies":[{"embeddable":true,"href":"https:\/\/alleegalerii.ee\/en\/wp-json\/wp\/v2\/comments?post=15600"}],"wp:featuredmedia":[{"embeddable":true,"href":"https:\/\/alleegalerii.ee\/en\/wp-json\/wp\/v2\/media\/15865"}],"wp:attachment":[{"href":"https:\/\/alleegalerii.ee\/en\/wp-json\/wp\/v2\/media?parent=15600"}],"wp:term":[{"taxonomy":"project-cat","embeddable":true,"href":"https:\/\/alleegalerii.ee\/en\/wp-json\/wp\/v2\/project-cat?post=15600"}],"curies":[{"name":"wp","href":"https:\/\/api.w.org\/{rel}","templated":true}]}}

<div class="wpb-content-wrapper"><p>[vc_row equal_height=&#8221;yes&#8221; mobile_bg_img_hidden=&#8221;no&#8221; tablet_bg_img_hidden=&#8221;no&#8221; woodmart_parallax=&#8221;0&#8243; woodmart_gradient_switch=&#8221;no&#8221; row_reverse_mobile=&#8221;0&#8243; row_reverse_tablet=&#8221;0&#8243; woodmart_disable_overflow=&#8221;0&#8243;][vc_column width=&#8221;2/3&#8243;][vc_single_image image=&#8221;15860&#8243; img_size=&#8221;full&#8221; woodmart_inline=&#8221;no&#8221; parallax_scroll=&#8221;no&#8221;][vc_single_image image=&#8221;15865&#8243; img_size=&#8221;full&#8221; woodmart_inline=&#8221;no&#8221; parallax_scroll=&#8221;no&#8221;][vc_single_image image=&#8221;15861&#8243; img_size=&#8221;full&#8221; woodmart_inline=&#8221;no&#8221; parallax_scroll=&#8221;no&#8221;][vc_single_image image=&#8221;15862&#8243; img_size=&#8221;full&#8221; woodmart_inline=&#8221;no&#8221; parallax_scroll=&#8221;no&#8221;][vc_single_image image=&#8221;15863&#8243; img_size=&#8221;full&#8221; woodmart_inline=&#8221;no&#8221; parallax_scroll=&#8221;no&#8221;][vc_single_image image=&#8221;15864&#8243; img_size=&#8221;full&#8221; woodmart_inline=&#8221;no&#8221; parallax_scroll=&#8221;no&#8221;][/vc_column][vc_column width=&#8221;1/3&#8243; mobile_bg_img_hidden=&#8221;no&#8221; tablet_bg_img_hidden=&#8221;no&#8221; woodmart_parallax=&#8221;0&#8243; woodmart_sticky_column=&#8221;true&#8221; parallax_scroll=&#8221;no&#8221; mobile_reset_margin=&#8221;no&#8221; tablet_reset_margin=&#8221;no&#8221;][vc_column_text text_larger=&#8221;yes&#8221; css=&#8221;.vc_custom_1711533798238{margin-bottom: 0px !important;}&#8221; woodmart_inline=&#8221;no&#8221;]</p>
<h2 style="font-size: 35px;">Eduard Wiiralt &#8220;Kaameli pea&#8221;</h2>
<p>[/vc_column_text][vc_custom_heading text=&#8221;KEVADOKSJON 2024</p>
<p>Puulõige paberil. 1939.<br />
Plaadil all vasakul: WIIRALT 1939<br />
All vasakul: Puulõige 1939<br />
All paremal: Eduard Wiiralt&#8221; font_container=&#8221;tag:h5|text_align:left&#8221; use_theme_fonts=&#8221;yes&#8221;][vc_column_text text_larger=&#8221;no&#8221;][/vc_column_text][vc_column_text text_larger=&#8221;no&#8221; woodmart_inline=&#8221;no&#8221;]</p>
<table>
<tbody>
<tr>
<th>Mõõdud</th>
<td style="text-align: right;">Plm 45 x 30 cm</td>
</tr>
<tr>
<th>Alghind</th>
<td style="text-align: right;">  3400 EUR</td>
</tr>
</tbody>
</table>
<p>[/vc_column_text][vc_column_text text_larger=&#8221;no&#8221; woodmart_inline=&#8221;no&#8221;]</p>
<table>
<tbody>
<tr>
<th style="text-align: left;">Pakkumisi</th>
<td style="text-align: right;">7</td>
</tr>
<tr>
<th>Haamrihind</th>
<td style="text-align: right;">4800 EUR</td>
</tr>
</tbody>
</table>
<p>[/vc_column_text][vc_column_text text_larger=&#8221;no&#8221; woodmart_inline=&#8221;no&#8221;]<span style="font-weight: 400;">Eduard Wiiralti (1898-1954) Maroko reis päädis mitmete hiljem ikooniliseks kujunenud teostega, sh puugravüüriga “Kaameli pea”. Septembris 1938 oma esmased ideed paberile joonistanud, alustas Wiiralt teose graveerimist 1939. aasta suvel  Pariisis ning lõppviimistlus valmis juba järgmisel aastal Tallinnas. Nagu kunstnikule tihti kombeks, märkis ta enda teostele graveerimise alustamise, mitte lõpliku valmimise aasta &#8211; justkui austusavaldusena kavandi sünnile.</span></p>
<p><span style="font-weight: 400;">“Kaameli pea” vorm on põhjalikult ja tundlikult läbi graveeritud. Modellile on loodud maastikuline taust ning peategelane ise saanud individualiseeritud ja ülimalt väljendusrikka &#8211; võiks öelda, inimlikustatud &#8211; looma kuju. </span></p>
<p><span style="font-weight: 400;">Teos kuulub ka Eesti Kunstimuuseumi kollektsiooni. </span></p>
<p style="text-align: right;"><i><span style="font-weight: 400;">Tekst: Mai Levin, Katre Palm</span></i></p>
<p>[/vc_column_text][/vc_column][/vc_row]</p>
</div>
