{"id":13161,"date":"2023-10-19T18:30:51","date_gmt":"2023-10-19T15:30:51","guid":{"rendered":"https:\/\/alleegalerii.ee\/?post_type=portfolio&#038;p=13161"},"modified":"2026-02-04T15:10:28","modified_gmt":"2026-02-04T13:10:28","slug":"valdemar-vali-angerjapuudjad-1962-45-x-60-cm","status":"publish","type":"portfolio","link":"https:\/\/alleegalerii.ee\/en\/art-auctions\/valdemar-vali-angerjapuudjad-1962-45-x-60-cm\/","title":{"rendered":"Valdemar V\u00e4li &#8220;Angerjap\u00fc\u00fcdjad&#8221;, 1962. 45 x 60 cm."},"content":{"rendered":"<div class=\"wpb-content-wrapper\"><p>[vc_row equal_height=&#8221;yes&#8221; mobile_bg_img_hidden=&#8221;no&#8221; tablet_bg_img_hidden=&#8221;no&#8221; woodmart_parallax=&#8221;0&#8243; woodmart_gradient_switch=&#8221;no&#8221; row_reverse_mobile=&#8221;0&#8243; row_reverse_tablet=&#8221;0&#8243; woodmart_disable_overflow=&#8221;0&#8243;][vc_column width=&#8221;2\/3&#8243;][vc_single_image image=&#8221;13195&#8243; img_size=&#8221;full&#8221; woodmart_inline=&#8221;no&#8221; parallax_scroll=&#8221;no&#8221;][vc_video link=&#8221;https:\/\/youtu.be\/TDzmKzWU-VA&#8221; woodmart_css_id=&#8221;655a14bbe2323&#8243; image_poster_switch=&#8221;no&#8221;][vc_single_image image=&#8221;13196&#8243; img_size=&#8221;full&#8221; woodmart_inline=&#8221;no&#8221; parallax_scroll=&#8221;no&#8221;][vc_single_image image=&#8221;13197&#8243; img_size=&#8221;full&#8221; woodmart_inline=&#8221;no&#8221; parallax_scroll=&#8221;no&#8221;][vc_single_image image=&#8221;13198&#8243; img_size=&#8221;full&#8221; woodmart_inline=&#8221;no&#8221; parallax_scroll=&#8221;no&#8221;][vc_single_image image=&#8221;13199&#8243; img_size=&#8221;full&#8221; woodmart_inline=&#8221;no&#8221; parallax_scroll=&#8221;no&#8221;][\/vc_column][vc_column width=&#8221;1\/3&#8243; mobile_bg_img_hidden=&#8221;no&#8221; tablet_bg_img_hidden=&#8221;no&#8221; woodmart_parallax=&#8221;0&#8243; woodmart_sticky_column=&#8221;true&#8221; parallax_scroll=&#8221;no&#8221; mobile_reset_margin=&#8221;no&#8221; tablet_reset_margin=&#8221;no&#8221;][vc_column_text text_larger=&#8221;yes&#8221; css=&#8221;.vc_custom_1697719288923{margin-bottom: 0px !important;}&#8221; woodmart_inline=&#8221;no&#8221;]<\/p>\n<h2 style=\"font-size: 35px;\">Valdemar V\u00e4li &#8220;Angerjap\u00fc\u00fcdjad&#8221;<\/h2>\n<p>[\/vc_column_text][vc_custom_heading text=&#8221;S\u00dcGISOKSJON 2023<\/p>\n<p>Tempera vineeril. 1962.<br \/>\nAll vasakul: V. V\u00e4li 1962<br \/>\nP\u00f6\u00f6rdel: V\u00e4li Angerjap\u00fc\u00fcdjad 45 x 60 1962 a.&#8221; font_container=&#8221;tag:h5|text_align:left&#8221; use_theme_fonts=&#8221;yes&#8221;][vc_column_text text_larger=&#8221;no&#8221;][\/vc_column_text][vc_column_text text_larger=&#8221;no&#8221; woodmart_inline=&#8221;no&#8221;]<\/p>\n<table>\n<tbody>\n<tr>\n<th>M\u00f5\u00f5dud<\/th>\n<td style=\"text-align: right;\">45 x 60 cm<\/td>\n<\/tr>\n<tr>\n<th>Alghind<\/th>\n<td style=\"text-align: right;\">\u00a0 2400 EUR<\/td>\n<\/tr>\n<\/tbody>\n<\/table>\n<p>[\/vc_column_text][vc_column_text text_larger=&#8221;no&#8221; woodmart_inline=&#8221;no&#8221;]<\/p>\n<table>\n<tbody>\n<tr>\n<th style=\"text-align: left;\">Pakkumisi<\/th>\n<td style=\"text-align: right;\">18<\/td>\n<\/tr>\n<tr>\n<th>Haamrihind<\/th>\n<td style=\"text-align: right;\">6400 EUR<\/td>\n<\/tr>\n<\/tbody>\n<\/table>\n<p>[\/vc_column_text][vc_column_text text_larger=&#8221;no&#8221; woodmart_inline=&#8221;no&#8221;]<span style=\"font-weight: 400;\">Peamiselt pallaslikke v\u00e4rvi- ja vormiprobleeme lahendanud Valdemar V\u00e4li (1909-2007) katsetas 1960. aastate algul ka ekspressionsismist m\u00f5jutatud modernistliku maalilaadiga &#8211; see oli aeg, mil V\u00e4li looming leidis uue hingamise ja liikus dekoratiivsema ning \u00fcldistatuma poole. F\u00fc\u00fcsilise t\u00f6\u00f6 kujutamine oli tollases maalikunstis obligatoorne, kuid pakkus samas v\u00f5imalusi etteantule loovalt l\u00e4heneda ja huvitavaid kunstilisi tulemusi saavutada, sealhulgas testida uusi maalilisi v\u00f5imalusi.<\/span><\/p>\n<p><span style=\"font-weight: 400;\">Kirgliku kalamehena valmis V\u00e4lil kompositsioonist &#8220;Angerjap\u00fc\u00fcdjad&#8221; mitu versiooni, neist mastaapseim kuulub Eesti Kunstimuuseumi kollektsiooni (\u201cAngerjap\u00fc\u00fcdjad\u201d, 1963, 87 x 115,5 cm). Nii sel kui k\u00e4esoleval maalil on r\u00f5hk nelja \u00fcldistatud k\u00e4sitluslaadis kaluri tegevusel, kuid sama oluline r\u00f5huasetus on esiplaanile \u00e4ratuntavalt maalitud vingerdavatel angerjatel &#8211; tollal defitsiitsel delikatesskalal. <\/span>[\/vc_column_text][\/vc_column][\/vc_row]<\/p>\n<\/div>","protected":false},"excerpt":{"rendered":"<p>[vc_row equal_height=&#8221;yes&#8221; mobile_bg_img_hidden=&#8221;no&#8221; tablet_bg_img_hidden=&#8221;no&#8221; woodmart_parallax=&#8221;0&#8243; woodmart_gradient_switch=&#8221;no&#8221; row_reverse_mobile=&#8221;0&#8243; row_reverse_tablet=&#8221;0&#8243; woodmart_disable_overflow=&#8221;0&#8243;][vc_column width=&#8221;2\/3&#8243;][vc_single_image image=&#8221;13195&#8243; img_size=&#8221;full&#8221; woodmart_inline=&#8221;no&#8221; parallax_scroll=&#8221;no&#8221;][vc_video link=&#8221;https:\/\/youtu.be\/TDzmKzWU-VA&#8221; woodmart_css_id=&#8221;655a14bbe2323&#8243; image_poster_switch=&#8221;no&#8221;][vc_single_image image=&#8221;13196&#8243; img_size=&#8221;full&#8221; woodmart_inline=&#8221;no&#8221;<\/p>\n","protected":false},"featured_media":13196,"menu_order":1171,"comment_status":"closed","ping_status":"closed","template":"","project-cat":[98],"class_list":["post-13161","portfolio","type-portfolio","status-publish","has-post-thumbnail","hentry","project-cat-sugisoksjon-2023"],"acf":[],"_links":{"self":[{"href":"https:\/\/alleegalerii.ee\/en\/wp-json\/wp\/v2\/portfolio\/13161","targetHints":{"allow":["GET"]}}],"collection":[{"href":"https:\/\/alleegalerii.ee\/en\/wp-json\/wp\/v2\/portfolio"}],"about":[{"href":"https:\/\/alleegalerii.ee\/en\/wp-json\/wp\/v2\/types\/portfolio"}],"replies":[{"embeddable":true,"href":"https:\/\/alleegalerii.ee\/en\/wp-json\/wp\/v2\/comments?post=13161"}],"wp:featuredmedia":[{"embeddable":true,"href":"https:\/\/alleegalerii.ee\/en\/wp-json\/wp\/v2\/media\/13196"}],"wp:attachment":[{"href":"https:\/\/alleegalerii.ee\/en\/wp-json\/wp\/v2\/media?parent=13161"}],"wp:term":[{"taxonomy":"project-cat","embeddable":true,"href":"https:\/\/alleegalerii.ee\/en\/wp-json\/wp\/v2\/project-cat?post=13161"}],"curies":[{"name":"wp","href":"https:\/\/api.w.org\/{rel}","templated":true}]}}

Valdemar Väli &#8220;Angerjapüüdjad&#8221;, 1962. 45 x 60 cm.

<div class="wpb-content-wrapper"><p>[vc_row equal_height=&#8221;yes&#8221; mobile_bg_img_hidden=&#8221;no&#8221; tablet_bg_img_hidden=&#8221;no&#8221; woodmart_parallax=&#8221;0&#8243; woodmart_gradient_switch=&#8221;no&#8221; row_reverse_mobile=&#8221;0&#8243; row_reverse_tablet=&#8221;0&#8243; woodmart_disable_overflow=&#8221;0&#8243;][vc_column width=&#8221;2/3&#8243;][vc_single_image image=&#8221;13195&#8243; img_size=&#8221;full&#8221; woodmart_inline=&#8221;no&#8221; parallax_scroll=&#8221;no&#8221;][vc_video link=&#8221;https://youtu.be/TDzmKzWU-VA&#8221; woodmart_css_id=&#8221;655a14bbe2323&#8243; image_poster_switch=&#8221;no&#8221;][vc_single_image image=&#8221;13196&#8243; img_size=&#8221;full&#8221; woodmart_inline=&#8221;no&#8221; parallax_scroll=&#8221;no&#8221;][vc_single_image image=&#8221;13197&#8243; img_size=&#8221;full&#8221; woodmart_inline=&#8221;no&#8221; parallax_scroll=&#8221;no&#8221;][vc_single_image image=&#8221;13198&#8243; img_size=&#8221;full&#8221; woodmart_inline=&#8221;no&#8221; parallax_scroll=&#8221;no&#8221;][vc_single_image image=&#8221;13199&#8243; img_size=&#8221;full&#8221; woodmart_inline=&#8221;no&#8221; parallax_scroll=&#8221;no&#8221;][/vc_column][vc_column width=&#8221;1/3&#8243; mobile_bg_img_hidden=&#8221;no&#8221; tablet_bg_img_hidden=&#8221;no&#8221; woodmart_parallax=&#8221;0&#8243; woodmart_sticky_column=&#8221;true&#8221; parallax_scroll=&#8221;no&#8221; mobile_reset_margin=&#8221;no&#8221; tablet_reset_margin=&#8221;no&#8221;][vc_column_text text_larger=&#8221;yes&#8221; css=&#8221;.vc_custom_1697719288923{margin-bottom: 0px !important;}&#8221; woodmart_inline=&#8221;no&#8221;]</p>
<h2 style="font-size: 35px;">Valdemar Väli &#8220;Angerjapüüdjad&#8221;</h2>
<p>[/vc_column_text][vc_custom_heading text=&#8221;SÜGISOKSJON 2023</p>
<p>Tempera vineeril. 1962.<br />
All vasakul: V. Väli 1962<br />
Pöördel: Väli Angerjapüüdjad 45 x 60 1962 a.&#8221; font_container=&#8221;tag:h5|text_align:left&#8221; use_theme_fonts=&#8221;yes&#8221;][vc_column_text text_larger=&#8221;no&#8221;][/vc_column_text][vc_column_text text_larger=&#8221;no&#8221; woodmart_inline=&#8221;no&#8221;]</p>
<table>
<tbody>
<tr>
<th>Mõõdud</th>
<td style="text-align: right;">45 x 60 cm</td>
</tr>
<tr>
<th>Alghind</th>
<td style="text-align: right;">  2400 EUR</td>
</tr>
</tbody>
</table>
<p>[/vc_column_text][vc_column_text text_larger=&#8221;no&#8221; woodmart_inline=&#8221;no&#8221;]</p>
<table>
<tbody>
<tr>
<th style="text-align: left;">Pakkumisi</th>
<td style="text-align: right;">18</td>
</tr>
<tr>
<th>Haamrihind</th>
<td style="text-align: right;">6400 EUR</td>
</tr>
</tbody>
</table>
<p>[/vc_column_text][vc_column_text text_larger=&#8221;no&#8221; woodmart_inline=&#8221;no&#8221;]<span style="font-weight: 400;">Peamiselt pallaslikke värvi- ja vormiprobleeme lahendanud Valdemar Väli (1909-2007) katsetas 1960. aastate algul ka ekspressionsismist mõjutatud modernistliku maalilaadiga &#8211; see oli aeg, mil Väli looming leidis uue hingamise ja liikus dekoratiivsema ning üldistatuma poole. Füüsilise töö kujutamine oli tollases maalikunstis obligatoorne, kuid pakkus samas võimalusi etteantule loovalt läheneda ja huvitavaid kunstilisi tulemusi saavutada, sealhulgas testida uusi maalilisi võimalusi.</span></p>
<p><span style="font-weight: 400;">Kirgliku kalamehena valmis Välil kompositsioonist &#8220;Angerjapüüdjad&#8221; mitu versiooni, neist mastaapseim kuulub Eesti Kunstimuuseumi kollektsiooni (“Angerjapüüdjad”, 1963, 87 x 115,5 cm). Nii sel kui käesoleval maalil on rõhk nelja üldistatud käsitluslaadis kaluri tegevusel, kuid sama oluline rõhuasetus on esiplaanile äratuntavalt maalitud vingerdavatel angerjatel &#8211; tollal defitsiitsel delikatesskalal. </span>[/vc_column_text][/vc_column][/vc_row]</p>
</div>
