{"id":11612,"date":"2023-03-18T15:44:32","date_gmt":"2023-03-18T13:44:32","guid":{"rendered":"https:\/\/alleegalerii.ee\/?post_type=portfolio&#038;p=11612"},"modified":"2023-04-08T16:52:17","modified_gmt":"2023-04-08T13:52:17","slug":"viktor-turp-mahtra-meeste-kogunemine-1970-89-x-132-cm","status":"publish","type":"portfolio","link":"https:\/\/alleegalerii.ee\/en\/art-auctions\/viktor-turp-mahtra-meeste-kogunemine-1970-89-x-132-cm\/","title":{"rendered":"Viktor Turp &#8220;Mahtra meeste kogunemine&#8221;, 1960. 89 x 132 cm."},"content":{"rendered":"<div class=\"wpb-content-wrapper\"><p>[vc_row equal_height=&#8221;yes&#8221; mobile_bg_img_hidden=&#8221;no&#8221; tablet_bg_img_hidden=&#8221;no&#8221; woodmart_parallax=&#8221;0&#8243; woodmart_gradient_switch=&#8221;no&#8221; row_reverse_mobile=&#8221;0&#8243; row_reverse_tablet=&#8221;0&#8243; woodmart_disable_overflow=&#8221;0&#8243;][vc_column width=&#8221;2\/3&#8243;][vc_single_image image=&#8221;11695&#8243; img_size=&#8221;full&#8221; woodmart_inline=&#8221;no&#8221; parallax_scroll=&#8221;no&#8221;][vc_single_image image=&#8221;11690&#8243; img_size=&#8221;full&#8221; woodmart_inline=&#8221;no&#8221; parallax_scroll=&#8221;no&#8221;][vc_single_image image=&#8221;11691&#8243; img_size=&#8221;full&#8221; woodmart_inline=&#8221;no&#8221; parallax_scroll=&#8221;no&#8221;][vc_single_image image=&#8221;11692&#8243; img_size=&#8221;full&#8221; woodmart_inline=&#8221;no&#8221; parallax_scroll=&#8221;no&#8221;][vc_single_image image=&#8221;11693&#8243; img_size=&#8221;full&#8221; woodmart_inline=&#8221;no&#8221; parallax_scroll=&#8221;no&#8221;][vc_single_image image=&#8221;11694&#8243; img_size=&#8221;full&#8221; woodmart_inline=&#8221;no&#8221; parallax_scroll=&#8221;no&#8221;][\/vc_column][vc_column width=&#8221;1\/3&#8243; mobile_bg_img_hidden=&#8221;no&#8221; tablet_bg_img_hidden=&#8221;no&#8221; woodmart_parallax=&#8221;0&#8243; woodmart_sticky_column=&#8221;true&#8221; parallax_scroll=&#8221;no&#8221; mobile_reset_margin=&#8221;no&#8221; tablet_reset_margin=&#8221;no&#8221;][vc_column_text text_larger=&#8221;yes&#8221; css=&#8221;.vc_custom_1679146762040{margin-bottom: 0px !important;}&#8221; woodmart_inline=&#8221;no&#8221;]<\/p>\n<h2 style=\"font-size: 35px;\">Viktor Turp &#8220;Mahtra meeste kogunemine&#8221;<\/h2>\n<p>[\/vc_column_text][vc_custom_heading text=&#8221;KEVADOKSJON 2023<\/p>\n<p>\u00d5li l\u00f5uendil. 1960.<br \/>\nAll vasakul: V. Turp 60&#8243; font_container=&#8221;tag:h5|text_align:left&#8221; use_theme_fonts=&#8221;yes&#8221;][vc_column_text text_larger=&#8221;no&#8221;][\/vc_column_text][vc_column_text text_larger=&#8221;no&#8221; woodmart_inline=&#8221;no&#8221;]<\/p>\n<table>\n<tbody>\n<tr>\n<th>M\u00f5\u00f5dud<\/th>\n<td style=\"text-align: right;\">89 x 132 cm<\/td>\n<\/tr>\n<tr>\n<th>Alghind<\/th>\n<td style=\"text-align: right;\">\u00a0 5000 EUR<\/td>\n<\/tr>\n<\/tbody>\n<\/table>\n<p>[\/vc_column_text][vc_column_text text_larger=&#8221;no&#8221; woodmart_inline=&#8221;no&#8221;]<\/p>\n<table>\n<tbody>\n<tr>\n<th style=\"text-align: left;\">Pakkumisi<\/th>\n<td style=\"text-align: right;\">2<\/td>\n<\/tr>\n<tr>\n<th>Haamrihind<\/th>\n<td style=\"text-align: right;\">5200 EUR<\/td>\n<\/tr>\n<\/tbody>\n<\/table>\n<p>[\/vc_column_text][vc_column_text text_larger=&#8221;no&#8221; woodmart_inline=&#8221;no&#8221;]Riigi Kunstt\u00f6\u00f6stuskoolis ja Pallases \u00f5ppinud Viktor Turbil (1905-1989) jagus j\u00f5udu tegeleda nii \u00f5petajaametis kui ka ise aktiivselt n\u00e4itustel osaleda. Tal oli tugevat kompositsioonimaalija annet ning viimastel aastatel on avalikkuse ette tulnud mitmeid tema isikup\u00e4raseid interj\u00f6\u00f6re ja kompositsioone, millega Turp \u00fcha kindlamalt end eesti kunstiajalukku kinnitab.<\/p>\n<p>Mahtra s\u00f5da on Jaan T\u00f5nisson nimetanud Eesti Vabaduss\u00f5ja eellahinguks ning 1930-ndatel p\u00fcstitati sellele m\u00e4lestusm\u00e4rk, mille avamisel k\u00f5neles ka Eduard Vilde. 1958 t\u00e4histati \u00fcle riigi Mahtra s\u00f5ja 100. aastap\u00e4eva, mille puhul telliti ja loodi v\u00e4ljaspool tellimusi terve rida kunstiteoseid.<\/p>\n<p>Viktor Turbile oli selle teema kajastamine v\u00e4ga meelep\u00e4rane, oli ta ju juba enne s\u00f5dagi valmis teinud k\u00e4esolevat teost inspireerinud eskiisi, mille eest 1939. aasta talurahvaaineliste teoste kavandite v\u00f5istlusel v\u00f5itis I auhinna. Tuliseid emotsioone t\u00e4is teos on eestlaseks olemise t\u00f5eliseks manifestiks \u2013 elagu vabadus, elagu \u00f5igus ise otsustada ja mitte elada m\u00f5isnike ikkes![\/vc_column_text][\/vc_column][\/vc_row]<\/p>\n<\/div>","protected":false},"excerpt":{"rendered":"<p>[vc_row equal_height=&#8221;yes&#8221; mobile_bg_img_hidden=&#8221;no&#8221; tablet_bg_img_hidden=&#8221;no&#8221; woodmart_parallax=&#8221;0&#8243; woodmart_gradient_switch=&#8221;no&#8221; row_reverse_mobile=&#8221;0&#8243; row_reverse_tablet=&#8221;0&#8243; woodmart_disable_overflow=&#8221;0&#8243;][vc_column width=&#8221;2\/3&#8243;][vc_single_image image=&#8221;11695&#8243; img_size=&#8221;full&#8221; woodmart_inline=&#8221;no&#8221; parallax_scroll=&#8221;no&#8221;][vc_single_image image=&#8221;11690&#8243; img_size=&#8221;full&#8221; woodmart_inline=&#8221;no&#8221; parallax_scroll=&#8221;no&#8221;][vc_single_image image=&#8221;11691&#8243; img_size=&#8221;full&#8221;<\/p>\n","protected":false},"featured_media":11690,"menu_order":1470,"comment_status":"closed","ping_status":"closed","template":"","project-cat":[94],"class_list":["post-11612","portfolio","type-portfolio","status-publish","has-post-thumbnail","hentry","project-cat-kevadoksjon-2023"],"acf":[],"_links":{"self":[{"href":"https:\/\/alleegalerii.ee\/en\/wp-json\/wp\/v2\/portfolio\/11612","targetHints":{"allow":["GET"]}}],"collection":[{"href":"https:\/\/alleegalerii.ee\/en\/wp-json\/wp\/v2\/portfolio"}],"about":[{"href":"https:\/\/alleegalerii.ee\/en\/wp-json\/wp\/v2\/types\/portfolio"}],"replies":[{"embeddable":true,"href":"https:\/\/alleegalerii.ee\/en\/wp-json\/wp\/v2\/comments?post=11612"}],"wp:featuredmedia":[{"embeddable":true,"href":"https:\/\/alleegalerii.ee\/en\/wp-json\/wp\/v2\/media\/11690"}],"wp:attachment":[{"href":"https:\/\/alleegalerii.ee\/en\/wp-json\/wp\/v2\/media?parent=11612"}],"wp:term":[{"taxonomy":"project-cat","embeddable":true,"href":"https:\/\/alleegalerii.ee\/en\/wp-json\/wp\/v2\/project-cat?post=11612"}],"curies":[{"name":"wp","href":"https:\/\/api.w.org\/{rel}","templated":true}]}}

<div class="wpb-content-wrapper"><p>[vc_row equal_height=&#8221;yes&#8221; mobile_bg_img_hidden=&#8221;no&#8221; tablet_bg_img_hidden=&#8221;no&#8221; woodmart_parallax=&#8221;0&#8243; woodmart_gradient_switch=&#8221;no&#8221; row_reverse_mobile=&#8221;0&#8243; row_reverse_tablet=&#8221;0&#8243; woodmart_disable_overflow=&#8221;0&#8243;][vc_column width=&#8221;2/3&#8243;][vc_single_image image=&#8221;11695&#8243; img_size=&#8221;full&#8221; woodmart_inline=&#8221;no&#8221; parallax_scroll=&#8221;no&#8221;][vc_single_image image=&#8221;11690&#8243; img_size=&#8221;full&#8221; woodmart_inline=&#8221;no&#8221; parallax_scroll=&#8221;no&#8221;][vc_single_image image=&#8221;11691&#8243; img_size=&#8221;full&#8221; woodmart_inline=&#8221;no&#8221; parallax_scroll=&#8221;no&#8221;][vc_single_image image=&#8221;11692&#8243; img_size=&#8221;full&#8221; woodmart_inline=&#8221;no&#8221; parallax_scroll=&#8221;no&#8221;][vc_single_image image=&#8221;11693&#8243; img_size=&#8221;full&#8221; woodmart_inline=&#8221;no&#8221; parallax_scroll=&#8221;no&#8221;][vc_single_image image=&#8221;11694&#8243; img_size=&#8221;full&#8221; woodmart_inline=&#8221;no&#8221; parallax_scroll=&#8221;no&#8221;][/vc_column][vc_column width=&#8221;1/3&#8243; mobile_bg_img_hidden=&#8221;no&#8221; tablet_bg_img_hidden=&#8221;no&#8221; woodmart_parallax=&#8221;0&#8243; woodmart_sticky_column=&#8221;true&#8221; parallax_scroll=&#8221;no&#8221; mobile_reset_margin=&#8221;no&#8221; tablet_reset_margin=&#8221;no&#8221;][vc_column_text text_larger=&#8221;yes&#8221; css=&#8221;.vc_custom_1679146762040{margin-bottom: 0px !important;}&#8221; woodmart_inline=&#8221;no&#8221;]</p>
<h2 style="font-size: 35px;">Viktor Turp &#8220;Mahtra meeste kogunemine&#8221;</h2>
<p>[/vc_column_text][vc_custom_heading text=&#8221;KEVADOKSJON 2023</p>
<p>Õli lõuendil. 1960.<br />
All vasakul: V. Turp 60&#8243; font_container=&#8221;tag:h5|text_align:left&#8221; use_theme_fonts=&#8221;yes&#8221;][vc_column_text text_larger=&#8221;no&#8221;][/vc_column_text][vc_column_text text_larger=&#8221;no&#8221; woodmart_inline=&#8221;no&#8221;]</p>
<table>
<tbody>
<tr>
<th>Mõõdud</th>
<td style="text-align: right;">89 x 132 cm</td>
</tr>
<tr>
<th>Alghind</th>
<td style="text-align: right;">  5000 EUR</td>
</tr>
</tbody>
</table>
<p>[/vc_column_text][vc_column_text text_larger=&#8221;no&#8221; woodmart_inline=&#8221;no&#8221;]</p>
<table>
<tbody>
<tr>
<th style="text-align: left;">Pakkumisi</th>
<td style="text-align: right;">2</td>
</tr>
<tr>
<th>Haamrihind</th>
<td style="text-align: right;">5200 EUR</td>
</tr>
</tbody>
</table>
<p>[/vc_column_text][vc_column_text text_larger=&#8221;no&#8221; woodmart_inline=&#8221;no&#8221;]Riigi Kunsttööstuskoolis ja Pallases õppinud Viktor Turbil (1905-1989) jagus jõudu tegeleda nii õpetajaametis kui ka ise aktiivselt näitustel osaleda. Tal oli tugevat kompositsioonimaalija annet ning viimastel aastatel on avalikkuse ette tulnud mitmeid tema isikupäraseid interjööre ja kompositsioone, millega Turp üha kindlamalt end eesti kunstiajalukku kinnitab.</p>
<p>Mahtra sõda on Jaan Tõnisson nimetanud Eesti Vabadussõja eellahinguks ning 1930-ndatel püstitati sellele mälestusmärk, mille avamisel kõneles ka Eduard Vilde. 1958 tähistati üle riigi Mahtra sõja 100. aastapäeva, mille puhul telliti ja loodi väljaspool tellimusi terve rida kunstiteoseid.</p>
<p>Viktor Turbile oli selle teema kajastamine väga meelepärane, oli ta ju juba enne sõdagi valmis teinud käesolevat teost inspireerinud eskiisi, mille eest 1939. aasta talurahvaaineliste teoste kavandite võistlusel võitis I auhinna. Tuliseid emotsioone täis teos on eestlaseks olemise tõeliseks manifestiks – elagu vabadus, elagu õigus ise otsustada ja mitte elada mõisnike ikkes![/vc_column_text][/vc_column][/vc_row]</p>
</div>
