{"id":1133,"date":"2020-10-01T15:25:48","date_gmt":"2020-10-01T12:25:48","guid":{"rendered":"https:\/\/alleegalerii.ee\/?post_type=portfolio&#038;p=1133"},"modified":"2021-12-01T16:26:22","modified_gmt":"2021-12-01T14:26:22","slug":"ann-audova-lilled-vaasis","status":"publish","type":"portfolio","link":"https:\/\/alleegalerii.ee\/en\/art-auctions\/ann-audova-lilled-vaasis\/","title":{"rendered":"Ann Audova &#8220;Lilled vaasis&#8221; 1943. 40 x 42,4"},"content":{"rendered":"<div class=\"wpb-content-wrapper\"><p>[vc_row equal_height=&#8221;yes&#8221; mobile_bg_img_hidden=&#8221;no&#8221; tablet_bg_img_hidden=&#8221;no&#8221; woodmart_parallax=&#8221;0&#8243; woodmart_gradient_switch=&#8221;no&#8221; row_reverse_mobile=&#8221;0&#8243; row_reverse_tablet=&#8221;0&#8243; woodmart_disable_overflow=&#8221;0&#8243;][vc_column width=&#8221;2\/3&#8243;][vc_single_image image=&#8221;1134&#8243; img_size=&#8221;full&#8221; parallax_scroll=&#8221;no&#8221;][vc_single_image image=&#8221;1279&#8243; img_size=&#8221;full&#8221; parallax_scroll=&#8221;no&#8221;][vc_single_image image=&#8221;1157&#8243; img_size=&#8221;full&#8221; parallax_scroll=&#8221;no&#8221;][\/vc_column][vc_column width=&#8221;1\/3&#8243; mobile_bg_img_hidden=&#8221;no&#8221; tablet_bg_img_hidden=&#8221;no&#8221; woodmart_parallax=&#8221;0&#8243; woodmart_sticky_column=&#8221;true&#8221; parallax_scroll=&#8221;no&#8221; mobile_reset_margin=&#8221;no&#8221; tablet_reset_margin=&#8221;no&#8221;][vc_column_text text_larger=&#8221;yes&#8221; css=&#8221;.vc_custom_1601747127051{margin-bottom: 0px !important;}&#8221;]<\/p>\n<h2 style=\"font-size: 35px;\">Ann Audova \u201cLilled vaasis\u201d<\/h2>\n<p>[\/vc_column_text][vc_custom_heading text=&#8221;S\u00dcGISOKSJON 2020<\/p>\n<p>\u00d5li vineeril, 1943.&#8221; font_container=&#8221;tag:h5|text_align:left&#8221; use_theme_fonts=&#8221;yes&#8221;][vc_column_text text_larger=&#8221;no&#8221;][\/vc_column_text][vc_column_text text_larger=&#8221;no&#8221;]<\/p>\n<table>\n<tbody>\n<tr>\n<th>M\u00f5\u00f5dud<\/th>\n<td style=\"text-align: right;\">40 x 42,4 cm<\/td>\n<\/tr>\n<tr>\n<th>Alghind<\/th>\n<td style=\"text-align: right;\">4900 EUR<\/td>\n<\/tr>\n<\/tbody>\n<\/table>\n<p>[\/vc_column_text][vc_column_text text_larger=&#8221;no&#8221;]<\/p>\n<table>\n<tbody>\n<tr>\n<th style=\"text-align: left;\">Pakkumisi<\/th>\n<td style=\"text-align: right;\">1<\/td>\n<\/tr>\n<tr>\n<th>Haamrihind<\/th>\n<td style=\"text-align: right;\">4900 EUR<\/td>\n<\/tr>\n<\/tbody>\n<\/table>\n<p>[\/vc_column_text][vc_column_text text_larger=&#8221;no&#8221;]<span style=\"font-weight: 400;\">Ann Audova s\u00fcndis Tartumaal ning \u00f5ppis aastail 1924-1940 K\u00f5rgemas Kunstikoolis \u201ePallas\u201c. Kuigi peale pikki \u00f5pinguid otsustas ta l\u00f5pudiplomit mitte taga ajada, nimetati Audova 1989. aastal Kunsti\u00fchingu \u201ePallas\u201c auliikmeks ja 2000. aastal anti talle Valget\u00e4he IV klassi teenetem\u00e4rk.\u00a0<\/span><\/p>\n<p><span style=\"font-weight: 400;\">Suurep\u00e4rase v\u00e4rvitajuga Audova p\u00fchendas kogu oma elu kunstile ja maalis oma teoseid \u00e4\u00e4rmise p\u00f5hjalikkusega. Tihti armastas ta bukette paigutada ooker- v\u00f5i pruunitoonilisele taustale, millel v\u00e4ikesed v\u00e4rvilised \u00f5ied h\u00f5\u00f5guma l\u00f6\u00f6vad. K\u00e4esolev teos p\u00e4rineb heast, peenekoelisemast perioodist tema loomingus, ehk k\u00fcll ka hilisemad ekspressiivsed pead ja \u00fclipastoossed lillekompositsioonid on huvitavad.<\/span>[\/vc_column_text][\/vc_column][\/vc_row]<\/p>\n<\/div>","protected":false},"excerpt":{"rendered":"<p>[vc_row equal_height=&#8221;yes&#8221; mobile_bg_img_hidden=&#8221;no&#8221; tablet_bg_img_hidden=&#8221;no&#8221; woodmart_parallax=&#8221;0&#8243; woodmart_gradient_switch=&#8221;no&#8221; row_reverse_mobile=&#8221;0&#8243; row_reverse_tablet=&#8221;0&#8243; woodmart_disable_overflow=&#8221;0&#8243;][vc_column width=&#8221;2\/3&#8243;][vc_single_image image=&#8221;1134&#8243; img_size=&#8221;full&#8221; parallax_scroll=&#8221;no&#8221;][vc_single_image image=&#8221;1279&#8243; img_size=&#8221;full&#8221; parallax_scroll=&#8221;no&#8221;][vc_single_image image=&#8221;1157&#8243; img_size=&#8221;full&#8221; parallax_scroll=&#8221;no&#8221;][\/vc_column][vc_column width=&#8221;1\/3&#8243;<\/p>\n","protected":false},"featured_media":1134,"menu_order":2134,"comment_status":"closed","ping_status":"closed","template":"","project-cat":[66],"class_list":["post-1133","portfolio","type-portfolio","status-publish","has-post-thumbnail","hentry","project-cat-sugisoksjon-2020"],"acf":[],"_links":{"self":[{"href":"https:\/\/alleegalerii.ee\/en\/wp-json\/wp\/v2\/portfolio\/1133","targetHints":{"allow":["GET"]}}],"collection":[{"href":"https:\/\/alleegalerii.ee\/en\/wp-json\/wp\/v2\/portfolio"}],"about":[{"href":"https:\/\/alleegalerii.ee\/en\/wp-json\/wp\/v2\/types\/portfolio"}],"replies":[{"embeddable":true,"href":"https:\/\/alleegalerii.ee\/en\/wp-json\/wp\/v2\/comments?post=1133"}],"wp:featuredmedia":[{"embeddable":true,"href":"https:\/\/alleegalerii.ee\/en\/wp-json\/wp\/v2\/media\/1134"}],"wp:attachment":[{"href":"https:\/\/alleegalerii.ee\/en\/wp-json\/wp\/v2\/media?parent=1133"}],"wp:term":[{"taxonomy":"project-cat","embeddable":true,"href":"https:\/\/alleegalerii.ee\/en\/wp-json\/wp\/v2\/project-cat?post=1133"}],"curies":[{"name":"wp","href":"https:\/\/api.w.org\/{rel}","templated":true}]}}

<div class="wpb-content-wrapper"><p>[vc_row equal_height=&#8221;yes&#8221; mobile_bg_img_hidden=&#8221;no&#8221; tablet_bg_img_hidden=&#8221;no&#8221; woodmart_parallax=&#8221;0&#8243; woodmart_gradient_switch=&#8221;no&#8221; row_reverse_mobile=&#8221;0&#8243; row_reverse_tablet=&#8221;0&#8243; woodmart_disable_overflow=&#8221;0&#8243;][vc_column width=&#8221;2/3&#8243;][vc_single_image image=&#8221;1134&#8243; img_size=&#8221;full&#8221; parallax_scroll=&#8221;no&#8221;][vc_single_image image=&#8221;1279&#8243; img_size=&#8221;full&#8221; parallax_scroll=&#8221;no&#8221;][vc_single_image image=&#8221;1157&#8243; img_size=&#8221;full&#8221; parallax_scroll=&#8221;no&#8221;][/vc_column][vc_column width=&#8221;1/3&#8243; mobile_bg_img_hidden=&#8221;no&#8221; tablet_bg_img_hidden=&#8221;no&#8221; woodmart_parallax=&#8221;0&#8243; woodmart_sticky_column=&#8221;true&#8221; parallax_scroll=&#8221;no&#8221; mobile_reset_margin=&#8221;no&#8221; tablet_reset_margin=&#8221;no&#8221;][vc_column_text text_larger=&#8221;yes&#8221; css=&#8221;.vc_custom_1601747127051{margin-bottom: 0px !important;}&#8221;]</p>
<h2 style="font-size: 35px;">Ann Audova “Lilled vaasis”</h2>
<p>[/vc_column_text][vc_custom_heading text=&#8221;SÜGISOKSJON 2020</p>
<p>Õli vineeril, 1943.&#8221; font_container=&#8221;tag:h5|text_align:left&#8221; use_theme_fonts=&#8221;yes&#8221;][vc_column_text text_larger=&#8221;no&#8221;][/vc_column_text][vc_column_text text_larger=&#8221;no&#8221;]</p>
<table>
<tbody>
<tr>
<th>Mõõdud</th>
<td style="text-align: right;">40 x 42,4 cm</td>
</tr>
<tr>
<th>Alghind</th>
<td style="text-align: right;">4900 EUR</td>
</tr>
</tbody>
</table>
<p>[/vc_column_text][vc_column_text text_larger=&#8221;no&#8221;]</p>
<table>
<tbody>
<tr>
<th style="text-align: left;">Pakkumisi</th>
<td style="text-align: right;">1</td>
</tr>
<tr>
<th>Haamrihind</th>
<td style="text-align: right;">4900 EUR</td>
</tr>
</tbody>
</table>
<p>[/vc_column_text][vc_column_text text_larger=&#8221;no&#8221;]<span style="font-weight: 400;">Ann Audova sündis Tartumaal ning õppis aastail 1924-1940 Kõrgemas Kunstikoolis „Pallas“. Kuigi peale pikki õpinguid otsustas ta lõpudiplomit mitte taga ajada, nimetati Audova 1989. aastal Kunstiühingu „Pallas“ auliikmeks ja 2000. aastal anti talle Valgetähe IV klassi teenetemärk. </span></p>
<p><span style="font-weight: 400;">Suurepärase värvitajuga Audova pühendas kogu oma elu kunstile ja maalis oma teoseid äärmise põhjalikkusega. Tihti armastas ta bukette paigutada ooker- või pruunitoonilisele taustale, millel väikesed värvilised õied hõõguma löövad. Käesolev teos pärineb heast, peenekoelisemast perioodist tema loomingus, ehk küll ka hilisemad ekspressiivsed pead ja ülipastoossed lillekompositsioonid on huvitavad.</span>[/vc_column_text][/vc_column][/vc_row]</p>
</div>
