{"id":11253,"date":"2023-03-15T11:24:24","date_gmt":"2023-03-15T09:24:24","guid":{"rendered":"https:\/\/alleegalerii.ee\/?post_type=portfolio&#038;p=11253"},"modified":"2023-04-08T18:41:45","modified_gmt":"2023-04-08T15:41:45","slug":"varmo-pirk-rukist-kaalumas-1962-52-x-715-cm","status":"publish","type":"portfolio","link":"https:\/\/alleegalerii.ee\/en\/art-auctions\/varmo-pirk-rukist-kaalumas-1962-52-x-715-cm\/","title":{"rendered":"Varmo Pirk &#8220;Rukist kaalumas&#8221;, 1962. 52 x 71,5 cm."},"content":{"rendered":"<div class=\"wpb-content-wrapper\"><p>[vc_row equal_height=&#8221;yes&#8221; mobile_bg_img_hidden=&#8221;no&#8221; tablet_bg_img_hidden=&#8221;no&#8221; woodmart_parallax=&#8221;0&#8243; woodmart_gradient_switch=&#8221;no&#8221; row_reverse_mobile=&#8221;0&#8243; row_reverse_tablet=&#8221;0&#8243; woodmart_disable_overflow=&#8221;0&#8243;][vc_column width=&#8221;2\/3&#8243;][vc_single_image image=&#8221;10718&#8243; img_size=&#8221;full&#8221; woodmart_inline=&#8221;no&#8221; parallax_scroll=&#8221;no&#8221;][vc_single_image image=&#8221;10719&#8243; img_size=&#8221;full&#8221; woodmart_inline=&#8221;no&#8221; parallax_scroll=&#8221;no&#8221;][vc_single_image image=&#8221;10720&#8243; img_size=&#8221;full&#8221; woodmart_inline=&#8221;no&#8221; parallax_scroll=&#8221;no&#8221;][vc_single_image image=&#8221;10721&#8243; img_size=&#8221;full&#8221; woodmart_inline=&#8221;no&#8221; parallax_scroll=&#8221;no&#8221;][vc_single_image image=&#8221;10722&#8243; img_size=&#8221;full&#8221; woodmart_inline=&#8221;no&#8221; parallax_scroll=&#8221;no&#8221;][vc_single_image image=&#8221;10723&#8243; img_size=&#8221;full&#8221; woodmart_inline=&#8221;no&#8221; parallax_scroll=&#8221;no&#8221;][\/vc_column][vc_column width=&#8221;1\/3&#8243; mobile_bg_img_hidden=&#8221;no&#8221; tablet_bg_img_hidden=&#8221;no&#8221; woodmart_parallax=&#8221;0&#8243; woodmart_sticky_column=&#8221;true&#8221; parallax_scroll=&#8221;no&#8221; mobile_reset_margin=&#8221;no&#8221; tablet_reset_margin=&#8221;no&#8221;][vc_column_text text_larger=&#8221;yes&#8221; css=&#8221;.vc_custom_1678366486474{margin-bottom: 0px !important;}&#8221; woodmart_inline=&#8221;no&#8221;]<\/p>\n<h2 style=\"font-size: 35px;\">Varmo Pirk &#8220;Rukist kaalumas&#8221;<\/h2>\n<p>[\/vc_column_text][vc_custom_heading text=&#8221;KEVADOKSJON 2023<\/p>\n<p>\u00d5li l\u00f5uendil. 1962.<br \/>\nAll vasakul: Varmo Pirk 62<br \/>\nP\u00f6\u00f6rdel: Varmo pirk 1913 &#8220;Rukist kaalumas&#8220; \u00f5li l\u00f5uend 1962&#8243; font_container=&#8221;tag:h5|text_align:left&#8221; use_theme_fonts=&#8221;yes&#8221;][vc_column_text text_larger=&#8221;no&#8221;][\/vc_column_text][vc_column_text text_larger=&#8221;no&#8221; woodmart_inline=&#8221;no&#8221;]<\/p>\n<table>\n<tbody>\n<tr>\n<th>M\u00f5\u00f5dud<\/th>\n<td style=\"text-align: right;\">52 x 71,5 cm<\/td>\n<\/tr>\n<tr>\n<th>Alghind<\/th>\n<td style=\"text-align: right;\">2000 EUR<\/td>\n<\/tr>\n<\/tbody>\n<\/table>\n<p>[\/vc_column_text][vc_column_text text_larger=&#8221;no&#8221; woodmart_inline=&#8221;no&#8221;]<\/p>\n<table>\n<tbody>\n<tr>\n<th style=\"text-align: left;\">Pakkumisi<\/th>\n<td style=\"text-align: right;\">12<\/td>\n<\/tr>\n<tr>\n<th>Haamrihind<\/th>\n<td style=\"text-align: right;\">4800 EUR<\/td>\n<\/tr>\n<\/tbody>\n<\/table>\n<p>[\/vc_column_text][vc_column_text text_larger=&#8221;no&#8221; woodmart_inline=&#8221;no&#8221;]<span style=\"font-weight: 400;\">Varmo Pirgi (1913 \u2013 1980) kunsti\u00f5petajaks olid oma aja t\u00f5elised virtuoosid, Eerik Haamer ja Juhan N\u00f5mmik ning just nende soovitusel otsustas Pirk astuda Pallasesse ja edasi Tartu Riiklikku Kunstiinstituuti. 1945. aastal, vahetult enne oma l\u00f5put\u00f6\u00f6 kaitsmist ning Viini edasi\u00f5ppimisele asumist arreteeriti kunstnik sarnaselt paljudele saatusekaaslastele ning viidi aastateks vangilaagrisse.<\/span><\/p>\n<p><span style=\"font-weight: 400;\">Naastes elas ta esialgu Tartus, maalides hilispallaslikus-j\u00e4relimpressionistlikus laadis intiimseid maastikke ja interj\u00f6\u00f6re, siis aga kolis Tallinnasse, kus tema\u00a0 looming v\u00f5ttis hoopis uue suuna.\u00a0<\/span><\/p>\n<p><span style=\"font-weight: 400;\">1960. aastate algul maalis Pirk mitmeid p\u00f5llut\u00f6\u00f6teemalisi figuraalseid kompositsioone , millega esines eesk\u00e4tt Tartu n\u00e4itustel. Need olid professionaalsel tasemel t\u00f6\u00f6d elust v\u00f5etud motiividega, mida saatis Pirgile omane kunstiline \u00fcldistatus. Teosel \u201cRukist kaalumas\u201d n\u00e4eme juba selgelt kunstnikule omaseid kubismim\u00f5jutusi &#8211; just see, mida Pirgi t\u00f6\u00f6des enim hinnatakse. <\/span>[\/vc_column_text][\/vc_column][\/vc_row]<\/p>\n<\/div>","protected":false},"excerpt":{"rendered":"<p>[vc_row equal_height=&#8221;yes&#8221; mobile_bg_img_hidden=&#8221;no&#8221; tablet_bg_img_hidden=&#8221;no&#8221; woodmart_parallax=&#8221;0&#8243; woodmart_gradient_switch=&#8221;no&#8221; row_reverse_mobile=&#8221;0&#8243; row_reverse_tablet=&#8221;0&#8243; woodmart_disable_overflow=&#8221;0&#8243;][vc_column width=&#8221;2\/3&#8243;][vc_single_image image=&#8221;10718&#8243; img_size=&#8221;full&#8221; woodmart_inline=&#8221;no&#8221; parallax_scroll=&#8221;no&#8221;][vc_single_image image=&#8221;10719&#8243; img_size=&#8221;full&#8221; woodmart_inline=&#8221;no&#8221; parallax_scroll=&#8221;no&#8221;][vc_single_image image=&#8221;10720&#8243; img_size=&#8221;full&#8221;<\/p>\n","protected":false},"featured_media":10719,"menu_order":1421,"comment_status":"closed","ping_status":"closed","template":"","project-cat":[94],"class_list":["post-11253","portfolio","type-portfolio","status-publish","has-post-thumbnail","hentry","project-cat-kevadoksjon-2023"],"acf":[],"_links":{"self":[{"href":"https:\/\/alleegalerii.ee\/en\/wp-json\/wp\/v2\/portfolio\/11253","targetHints":{"allow":["GET"]}}],"collection":[{"href":"https:\/\/alleegalerii.ee\/en\/wp-json\/wp\/v2\/portfolio"}],"about":[{"href":"https:\/\/alleegalerii.ee\/en\/wp-json\/wp\/v2\/types\/portfolio"}],"replies":[{"embeddable":true,"href":"https:\/\/alleegalerii.ee\/en\/wp-json\/wp\/v2\/comments?post=11253"}],"wp:featuredmedia":[{"embeddable":true,"href":"https:\/\/alleegalerii.ee\/en\/wp-json\/wp\/v2\/media\/10719"}],"wp:attachment":[{"href":"https:\/\/alleegalerii.ee\/en\/wp-json\/wp\/v2\/media?parent=11253"}],"wp:term":[{"taxonomy":"project-cat","embeddable":true,"href":"https:\/\/alleegalerii.ee\/en\/wp-json\/wp\/v2\/project-cat?post=11253"}],"curies":[{"name":"wp","href":"https:\/\/api.w.org\/{rel}","templated":true}]}}

<div class="wpb-content-wrapper"><p>[vc_row equal_height=&#8221;yes&#8221; mobile_bg_img_hidden=&#8221;no&#8221; tablet_bg_img_hidden=&#8221;no&#8221; woodmart_parallax=&#8221;0&#8243; woodmart_gradient_switch=&#8221;no&#8221; row_reverse_mobile=&#8221;0&#8243; row_reverse_tablet=&#8221;0&#8243; woodmart_disable_overflow=&#8221;0&#8243;][vc_column width=&#8221;2/3&#8243;][vc_single_image image=&#8221;10718&#8243; img_size=&#8221;full&#8221; woodmart_inline=&#8221;no&#8221; parallax_scroll=&#8221;no&#8221;][vc_single_image image=&#8221;10719&#8243; img_size=&#8221;full&#8221; woodmart_inline=&#8221;no&#8221; parallax_scroll=&#8221;no&#8221;][vc_single_image image=&#8221;10720&#8243; img_size=&#8221;full&#8221; woodmart_inline=&#8221;no&#8221; parallax_scroll=&#8221;no&#8221;][vc_single_image image=&#8221;10721&#8243; img_size=&#8221;full&#8221; woodmart_inline=&#8221;no&#8221; parallax_scroll=&#8221;no&#8221;][vc_single_image image=&#8221;10722&#8243; img_size=&#8221;full&#8221; woodmart_inline=&#8221;no&#8221; parallax_scroll=&#8221;no&#8221;][vc_single_image image=&#8221;10723&#8243; img_size=&#8221;full&#8221; woodmart_inline=&#8221;no&#8221; parallax_scroll=&#8221;no&#8221;][/vc_column][vc_column width=&#8221;1/3&#8243; mobile_bg_img_hidden=&#8221;no&#8221; tablet_bg_img_hidden=&#8221;no&#8221; woodmart_parallax=&#8221;0&#8243; woodmart_sticky_column=&#8221;true&#8221; parallax_scroll=&#8221;no&#8221; mobile_reset_margin=&#8221;no&#8221; tablet_reset_margin=&#8221;no&#8221;][vc_column_text text_larger=&#8221;yes&#8221; css=&#8221;.vc_custom_1678366486474{margin-bottom: 0px !important;}&#8221; woodmart_inline=&#8221;no&#8221;]</p>
<h2 style="font-size: 35px;">Varmo Pirk &#8220;Rukist kaalumas&#8221;</h2>
<p>[/vc_column_text][vc_custom_heading text=&#8221;KEVADOKSJON 2023</p>
<p>Õli lõuendil. 1962.<br />
All vasakul: Varmo Pirk 62<br />
Pöördel: Varmo pirk 1913 &#8220;Rukist kaalumas&#8220; õli lõuend 1962&#8243; font_container=&#8221;tag:h5|text_align:left&#8221; use_theme_fonts=&#8221;yes&#8221;][vc_column_text text_larger=&#8221;no&#8221;][/vc_column_text][vc_column_text text_larger=&#8221;no&#8221; woodmart_inline=&#8221;no&#8221;]</p>
<table>
<tbody>
<tr>
<th>Mõõdud</th>
<td style="text-align: right;">52 x 71,5 cm</td>
</tr>
<tr>
<th>Alghind</th>
<td style="text-align: right;">2000 EUR</td>
</tr>
</tbody>
</table>
<p>[/vc_column_text][vc_column_text text_larger=&#8221;no&#8221; woodmart_inline=&#8221;no&#8221;]</p>
<table>
<tbody>
<tr>
<th style="text-align: left;">Pakkumisi</th>
<td style="text-align: right;">12</td>
</tr>
<tr>
<th>Haamrihind</th>
<td style="text-align: right;">4800 EUR</td>
</tr>
</tbody>
</table>
<p>[/vc_column_text][vc_column_text text_larger=&#8221;no&#8221; woodmart_inline=&#8221;no&#8221;]<span style="font-weight: 400;">Varmo Pirgi (1913 – 1980) kunstiõpetajaks olid oma aja tõelised virtuoosid, Eerik Haamer ja Juhan Nõmmik ning just nende soovitusel otsustas Pirk astuda Pallasesse ja edasi Tartu Riiklikku Kunstiinstituuti. 1945. aastal, vahetult enne oma lõputöö kaitsmist ning Viini edasiõppimisele asumist arreteeriti kunstnik sarnaselt paljudele saatusekaaslastele ning viidi aastateks vangilaagrisse.</span></p>
<p><span style="font-weight: 400;">Naastes elas ta esialgu Tartus, maalides hilispallaslikus-järelimpressionistlikus laadis intiimseid maastikke ja interjööre, siis aga kolis Tallinnasse, kus tema  looming võttis hoopis uue suuna. </span></p>
<p><span style="font-weight: 400;">1960. aastate algul maalis Pirk mitmeid põllutööteemalisi figuraalseid kompositsioone , millega esines eeskätt Tartu näitustel. Need olid professionaalsel tasemel tööd elust võetud motiividega, mida saatis Pirgile omane kunstiline üldistatus. Teosel “Rukist kaalumas” näeme juba selgelt kunstnikule omaseid kubismimõjutusi &#8211; just see, mida Pirgi töödes enim hinnatakse. </span>[/vc_column_text][/vc_column][/vc_row]</p>
</div>
