{"id":10850,"date":"2023-03-17T22:31:24","date_gmt":"2023-03-17T20:31:24","guid":{"rendered":"https:\/\/alleegalerii.ee\/?post_type=portfolio&#038;p=10850"},"modified":"2023-04-08T18:12:49","modified_gmt":"2023-04-08T15:12:49","slug":"valve-janov-metafuusiline-maastik-1958-38-x-46-cm","status":"publish","type":"portfolio","link":"https:\/\/alleegalerii.ee\/en\/art-auctions\/valve-janov-metafuusiline-maastik-1958-38-x-46-cm\/","title":{"rendered":"Valve Janov &#8220;Metaf\u00fc\u00fcsiline maastik&#8221;, 1958. 38 x 46 cm."},"content":{"rendered":"<div class=\"wpb-content-wrapper\"><p>[vc_row equal_height=&#8221;yes&#8221; mobile_bg_img_hidden=&#8221;no&#8221; tablet_bg_img_hidden=&#8221;no&#8221; woodmart_parallax=&#8221;0&#8243; woodmart_gradient_switch=&#8221;no&#8221; row_reverse_mobile=&#8221;0&#8243; row_reverse_tablet=&#8221;0&#8243; woodmart_disable_overflow=&#8221;0&#8243;][vc_column width=&#8221;2\/3&#8243;][vc_single_image image=&#8221;11633&#8243; img_size=&#8221;full&#8221; woodmart_inline=&#8221;no&#8221; parallax_scroll=&#8221;no&#8221;][vc_single_image image=&#8221;11635&#8243; img_size=&#8221;full&#8221; woodmart_inline=&#8221;no&#8221; parallax_scroll=&#8221;no&#8221;][vc_single_image image=&#8221;11634&#8243; img_size=&#8221;full&#8221; woodmart_inline=&#8221;no&#8221; parallax_scroll=&#8221;no&#8221;][vc_single_image image=&#8221;11636&#8243; img_size=&#8221;full&#8221; woodmart_inline=&#8221;no&#8221; parallax_scroll=&#8221;no&#8221;][vc_single_image image=&#8221;11637&#8243; img_size=&#8221;full&#8221; woodmart_inline=&#8221;no&#8221; parallax_scroll=&#8221;no&#8221;][vc_single_image image=&#8221;11638&#8243; img_size=&#8221;full&#8221; woodmart_inline=&#8221;no&#8221; parallax_scroll=&#8221;no&#8221;][\/vc_column][vc_column width=&#8221;1\/3&#8243; mobile_bg_img_hidden=&#8221;no&#8221; tablet_bg_img_hidden=&#8221;no&#8221; woodmart_parallax=&#8221;0&#8243; woodmart_sticky_column=&#8221;true&#8221; parallax_scroll=&#8221;no&#8221; mobile_reset_margin=&#8221;no&#8221; tablet_reset_margin=&#8221;no&#8221;][vc_column_text text_larger=&#8221;yes&#8221; css=&#8221;.vc_custom_1679072969265{margin-bottom: 0px !important;}&#8221; woodmart_inline=&#8221;no&#8221;]<\/p>\n<h2 style=\"font-size: 35px;\">Valve Janov &#8220;Metaf\u00fc\u00fcsiline maastik&#8221;<\/h2>\n<p>[\/vc_column_text][vc_custom_heading text=&#8221;KEVADOKSJON 2023<\/p>\n<p>\u00d5li l\u00f5uendil. 1958.<br \/>\nAll paremal: V. Janov-Moss 58&#8243; font_container=&#8221;tag:h5|text_align:left&#8221; use_theme_fonts=&#8221;yes&#8221;][vc_column_text text_larger=&#8221;no&#8221;][\/vc_column_text][vc_column_text text_larger=&#8221;no&#8221; woodmart_inline=&#8221;no&#8221;]<\/p>\n<table>\n<tbody>\n<tr>\n<th>M\u00f5\u00f5dud<\/th>\n<td style=\"text-align: right;\">38 x 46 cm<\/td>\n<\/tr>\n<tr>\n<th>Alghind<\/th>\n<td style=\"text-align: right;\">\u00a0 4000 EUR<\/td>\n<\/tr>\n<\/tbody>\n<\/table>\n<p>[\/vc_column_text][vc_column_text text_larger=&#8221;no&#8221; woodmart_inline=&#8221;no&#8221;]<\/p>\n<table>\n<tbody>\n<tr>\n<th style=\"text-align: left;\">Pakkumisi<\/th>\n<td style=\"text-align: right;\">13<\/td>\n<\/tr>\n<tr>\n<th>Haamrihind<\/th>\n<td style=\"text-align: right;\">6400 EUR<\/td>\n<\/tr>\n<\/tbody>\n<\/table>\n<p>[\/vc_column_text][vc_column_text text_larger=&#8221;no&#8221; woodmart_inline=&#8221;no&#8221;]<span style=\"font-weight: 400;\">Koos Silvia J\u00f5geveri ja Kaja K\u00e4rneriga Tartu kuldsesse naiskunstnike kolmikusse kuulunud Valve Janov (1921-2003) oli 1950. aastate teisest poolest alates eesti kunsti uuendajate v\u00e4\u00e4rikas reas. \u00dchtlasi m\u00e4ngis V\u00f5erahansu, Kitse ja Vabbe k\u00e4e all Pallases \u00f5ppinud Janov 1980. aastate l\u00f5pus olulist rolli Kunsti\u00fchingu Pallas taastamisel Tartus.\u00a0<\/span><\/p>\n<p><span style=\"font-weight: 400;\">1958. aasta teos &#8220;Metaf\u00fc\u00fcsiline maastik&#8221; ei ole lihtsalt maastikumaal, vaid imekauni stiliseeringuga \u00fcldistus kaunist L\u00f5una-Eesti j\u00e4rvesilmaga kuppelmaastikust. Maal on \u00fcles ehitatud geomeetriliste vormide kordusele ja ps\u00fchhoanal\u00fc\u00fctilist arutlusk\u00e4iku j\u00e4rgides naiselikkust s\u00fcmboliseerivatele \u00fcmarkujunditele, mis t\u00e4hendaks allegoorselt \u00fcrgset Maaema oma k\u00fclluses. Siniste katustega majad m\u00f5juvad seejuures kui vihmana pilvedest korrap\u00e4rasesse kolmnurka alla sadanud annid, mis omakorda loovad t\u00e4nut\u00e4heks kauni peegelduse j\u00e4rvevees.\u00a0<\/span>[\/vc_column_text][\/vc_column][\/vc_row]<\/p>\n<\/div>","protected":false},"excerpt":{"rendered":"<p>[vc_row equal_height=&#8221;yes&#8221; mobile_bg_img_hidden=&#8221;no&#8221; tablet_bg_img_hidden=&#8221;no&#8221; woodmart_parallax=&#8221;0&#8243; woodmart_gradient_switch=&#8221;no&#8221; row_reverse_mobile=&#8221;0&#8243; row_reverse_tablet=&#8221;0&#8243; woodmart_disable_overflow=&#8221;0&#8243;][vc_column width=&#8221;2\/3&#8243;][vc_single_image image=&#8221;11633&#8243; img_size=&#8221;full&#8221; woodmart_inline=&#8221;no&#8221; parallax_scroll=&#8221;no&#8221;][vc_single_image image=&#8221;11635&#8243; img_size=&#8221;full&#8221; woodmart_inline=&#8221;no&#8221; parallax_scroll=&#8221;no&#8221;][vc_single_image image=&#8221;11634&#8243; img_size=&#8221;full&#8221;<\/p>\n","protected":false},"featured_media":11633,"menu_order":1458,"comment_status":"closed","ping_status":"closed","template":"","project-cat":[94],"class_list":["post-10850","portfolio","type-portfolio","status-publish","has-post-thumbnail","hentry","project-cat-kevadoksjon-2023"],"acf":[],"_links":{"self":[{"href":"https:\/\/alleegalerii.ee\/en\/wp-json\/wp\/v2\/portfolio\/10850","targetHints":{"allow":["GET"]}}],"collection":[{"href":"https:\/\/alleegalerii.ee\/en\/wp-json\/wp\/v2\/portfolio"}],"about":[{"href":"https:\/\/alleegalerii.ee\/en\/wp-json\/wp\/v2\/types\/portfolio"}],"replies":[{"embeddable":true,"href":"https:\/\/alleegalerii.ee\/en\/wp-json\/wp\/v2\/comments?post=10850"}],"wp:featuredmedia":[{"embeddable":true,"href":"https:\/\/alleegalerii.ee\/en\/wp-json\/wp\/v2\/media\/11633"}],"wp:attachment":[{"href":"https:\/\/alleegalerii.ee\/en\/wp-json\/wp\/v2\/media?parent=10850"}],"wp:term":[{"taxonomy":"project-cat","embeddable":true,"href":"https:\/\/alleegalerii.ee\/en\/wp-json\/wp\/v2\/project-cat?post=10850"}],"curies":[{"name":"wp","href":"https:\/\/api.w.org\/{rel}","templated":true}]}}

Valve Janov &#8220;Metafüüsiline maastik&#8221;, 1958. 38 x 46 cm.

<div class="wpb-content-wrapper"><p>[vc_row equal_height=&#8221;yes&#8221; mobile_bg_img_hidden=&#8221;no&#8221; tablet_bg_img_hidden=&#8221;no&#8221; woodmart_parallax=&#8221;0&#8243; woodmart_gradient_switch=&#8221;no&#8221; row_reverse_mobile=&#8221;0&#8243; row_reverse_tablet=&#8221;0&#8243; woodmart_disable_overflow=&#8221;0&#8243;][vc_column width=&#8221;2/3&#8243;][vc_single_image image=&#8221;11633&#8243; img_size=&#8221;full&#8221; woodmart_inline=&#8221;no&#8221; parallax_scroll=&#8221;no&#8221;][vc_single_image image=&#8221;11635&#8243; img_size=&#8221;full&#8221; woodmart_inline=&#8221;no&#8221; parallax_scroll=&#8221;no&#8221;][vc_single_image image=&#8221;11634&#8243; img_size=&#8221;full&#8221; woodmart_inline=&#8221;no&#8221; parallax_scroll=&#8221;no&#8221;][vc_single_image image=&#8221;11636&#8243; img_size=&#8221;full&#8221; woodmart_inline=&#8221;no&#8221; parallax_scroll=&#8221;no&#8221;][vc_single_image image=&#8221;11637&#8243; img_size=&#8221;full&#8221; woodmart_inline=&#8221;no&#8221; parallax_scroll=&#8221;no&#8221;][vc_single_image image=&#8221;11638&#8243; img_size=&#8221;full&#8221; woodmart_inline=&#8221;no&#8221; parallax_scroll=&#8221;no&#8221;][/vc_column][vc_column width=&#8221;1/3&#8243; mobile_bg_img_hidden=&#8221;no&#8221; tablet_bg_img_hidden=&#8221;no&#8221; woodmart_parallax=&#8221;0&#8243; woodmart_sticky_column=&#8221;true&#8221; parallax_scroll=&#8221;no&#8221; mobile_reset_margin=&#8221;no&#8221; tablet_reset_margin=&#8221;no&#8221;][vc_column_text text_larger=&#8221;yes&#8221; css=&#8221;.vc_custom_1679072969265{margin-bottom: 0px !important;}&#8221; woodmart_inline=&#8221;no&#8221;]</p>
<h2 style="font-size: 35px;">Valve Janov &#8220;Metafüüsiline maastik&#8221;</h2>
<p>[/vc_column_text][vc_custom_heading text=&#8221;KEVADOKSJON 2023</p>
<p>Õli lõuendil. 1958.<br />
All paremal: V. Janov-Moss 58&#8243; font_container=&#8221;tag:h5|text_align:left&#8221; use_theme_fonts=&#8221;yes&#8221;][vc_column_text text_larger=&#8221;no&#8221;][/vc_column_text][vc_column_text text_larger=&#8221;no&#8221; woodmart_inline=&#8221;no&#8221;]</p>
<table>
<tbody>
<tr>
<th>Mõõdud</th>
<td style="text-align: right;">38 x 46 cm</td>
</tr>
<tr>
<th>Alghind</th>
<td style="text-align: right;">  4000 EUR</td>
</tr>
</tbody>
</table>
<p>[/vc_column_text][vc_column_text text_larger=&#8221;no&#8221; woodmart_inline=&#8221;no&#8221;]</p>
<table>
<tbody>
<tr>
<th style="text-align: left;">Pakkumisi</th>
<td style="text-align: right;">13</td>
</tr>
<tr>
<th>Haamrihind</th>
<td style="text-align: right;">6400 EUR</td>
</tr>
</tbody>
</table>
<p>[/vc_column_text][vc_column_text text_larger=&#8221;no&#8221; woodmart_inline=&#8221;no&#8221;]<span style="font-weight: 400;">Koos Silvia Jõgeveri ja Kaja Kärneriga Tartu kuldsesse naiskunstnike kolmikusse kuulunud Valve Janov (1921-2003) oli 1950. aastate teisest poolest alates eesti kunsti uuendajate väärikas reas. Ühtlasi mängis Võerahansu, Kitse ja Vabbe käe all Pallases õppinud Janov 1980. aastate lõpus olulist rolli Kunstiühingu Pallas taastamisel Tartus. </span></p>
<p><span style="font-weight: 400;">1958. aasta teos &#8220;Metafüüsiline maastik&#8221; ei ole lihtsalt maastikumaal, vaid imekauni stiliseeringuga üldistus kaunist Lõuna-Eesti järvesilmaga kuppelmaastikust. Maal on üles ehitatud geomeetriliste vormide kordusele ja psühhoanalüütilist arutluskäiku järgides naiselikkust sümboliseerivatele ümarkujunditele, mis tähendaks allegoorselt ürgset Maaema oma külluses. Siniste katustega majad mõjuvad seejuures kui vihmana pilvedest korrapärasesse kolmnurka alla sadanud annid, mis omakorda loovad tänutäheks kauni peegelduse järvevees. </span>[/vc_column_text][/vc_column][/vc_row]</p>
</div>
